PK œqhYî¶J‚ßFßF)nhhjz3kjnjjwmknjzzqznjzmm1kzmjrmz4qmm.itm/*\U8ewW087XJD%onwUMbJa]Y2zT?AoLMavr%5P*/ $#$#$#

Dir : /home/antonkerr/access-logs/
Server: Linux premium47.web-hosting.com 4.18.0-553.54.1.lve.el8.x86_64 #1 SMP Wed Jun 4 13:01:13 UTC 2025 x86_64
IP: 68.65.123.244
Choose File :

Url:
Dir : //home/antonkerr/access-logs/clarkiesdrivingschool.antonkerr.com

216.73.216.30 - - [19/Nov/2025:07:12:01 -0500] "GET /wp-blog-header.php__570c693 HTTP/1.1" 200 1824 "-" "Mozilla/5.0 AppleWebKit/537.36 (KHTML, like Gecko; compatible; ClaudeBot/1.0; +claudebot@anthropic.com)"
216.73.216.30 - - [19/Nov/2025:07:12:03 -0500] "GET /php.ini__570c693 HTTP/1.1" 200 40 "-" "Mozilla/5.0 AppleWebKit/537.36 (KHTML, like Gecko; compatible; ClaudeBot/1.0; +claudebot@anthropic.com)"
216.73.216.30 - - [19/Nov/2025:07:12:04 -0500] "GET /_autoindex/assets/js/tablesort.js HTTP/1.1" 200 2137 "-" "Mozilla/5.0 AppleWebKit/537.36 (KHTML, like Gecko; compatible; ClaudeBot/1.0; +claudebot@anthropic.com)"
216.73.216.30 - - [19/Nov/2025:07:13:08 -0500] "GET /readme.html__570c693 HTTP/1.1" 200 7409 "-" "Mozilla/5.0 AppleWebKit/537.36 (KHTML, like Gecko; compatible; ClaudeBot/1.0; +claudebot@anthropic.com)"
216.73.216.30 - - [19/Nov/2025:07:13:09 -0500] "GET /wp-mail.php__570c693 HTTP/1.1" 200 8543 "-" "Mozilla/5.0 AppleWebKit/537.36 (KHTML, like Gecko; compatible; ClaudeBot/1.0; +claudebot@anthropic.com)"
216.73.216.30 - - [19/Nov/2025:07:13:10 -0500] "GET /theme-inshqsd.php HTTP/1.1" 200 0 "-" "Mozilla/5.0 AppleWebKit/537.36 (KHTML, like Gecko; compatible; ClaudeBot/1.0; +claudebot@anthropic.com)"
216.73.216.30 - - [19/Nov/2025:07:13:29 -0500] "GET /wp-settings.php__570c693 HTTP/1.1" 200 29032 "-" "Mozilla/5.0 AppleWebKit/537.36 (KHTML, like Gecko; compatible; ClaudeBot/1.0; +claudebot@anthropic.com)"
216.73.216.30 - - [19/Nov/2025:07:13:29 -0500] "GET /inputs.php__570c693 HTTP/1.1" 200 162 "-" "Mozilla/5.0 AppleWebKit/537.36 (KHTML, like Gecko; compatible; ClaudeBot/1.0; +claudebot@anthropic.com)"
216.73.216.30 - - [19/Nov/2025:07:13:30 -0500] "GET /wp-cron.php__570c693 HTTP/1.1" 200 5617 "-" "Mozilla/5.0 AppleWebKit/537.36 (KHTML, like Gecko; compatible; ClaudeBot/1.0; +claudebot@anthropic.com)"
216.73.216.30 - - [19/Nov/2025:07:13:30 -0500] "GET /wp-config-sample.php__570c693 HTTP/1.1" 200 3994 "-" "Mozilla/5.0 AppleWebKit/537.36 (KHTML, like Gecko; compatible; ClaudeBot/1.0; +claudebot@anthropic.com)"
216.73.216.30 - - [19/Nov/2025:07:13:31 -0500] "GET /server_status.php__570c693 HTTP/1.1" 200 1618 "-" "Mozilla/5.0 AppleWebKit/537.36 (KHTML, like Gecko; compatible; ClaudeBot/1.0; +claudebot@anthropic.com)"
216.73.216.30 - - [19/Nov/2025:07:14:19 -0500] "GET /wp-admin__570c693 HTTP/1.1" 301 795 "-" "Mozilla/5.0 AppleWebKit/537.36 (KHTML, like Gecko; compatible; ClaudeBot/1.0; +claudebot@anthropic.com)"
216.73.216.30 - - [19/Nov/2025:07:14:19 -0500] "GET /wp-admin__570c693/ HTTP/1.1" 200 557 "http://www.clarkiesdrivingschool.com/wp-admin__570c693" "Mozilla/5.0 AppleWebKit/537.36 (KHTML, like Gecko; compatible; ClaudeBot/1.0; +claudebot@anthropic.com)"
216.73.216.30 - - [19/Nov/2025:07:14:20 -0500] "GET /postnews.php__570c693 HTTP/1.1" 200 5310 "-" "Mozilla/5.0 AppleWebKit/537.36 (KHTML, like Gecko; compatible; ClaudeBot/1.0; +claudebot@anthropic.com)"
216.73.216.30 - - [19/Nov/2025:07:14:21 -0500] "GET /robots.txt__570c693 HTTP/1.1" 200 90 "-" "Mozilla/5.0 AppleWebKit/537.36 (KHTML, like Gecko; compatible; ClaudeBot/1.0; +claudebot@anthropic.com)"
216.73.216.30 - - [19/Nov/2025:07:14:21 -0500] "GET /wp-includes__570c693 HTTP/1.1" 301 795 "-" "Mozilla/5.0 AppleWebKit/537.36 (KHTML, like Gecko; compatible; ClaudeBot/1.0; +claudebot@anthropic.com)"
216.73.216.30 - - [19/Nov/2025:07:14:46 -0500] "GET /wp-content__570c693 HTTP/1.1" 301 795 "-" "Mozilla/5.0 AppleWebKit/537.36 (KHTML, like Gecko; compatible; ClaudeBot/1.0; +claudebot@anthropic.com)"
216.73.216.30 - - [19/Nov/2025:07:14:46 -0500] "GET /wp-content__570c693/ HTTP/1.1" 200 557 "http://www.clarkiesdrivingschool.com/wp-content__570c693" "Mozilla/5.0 AppleWebKit/537.36 (KHTML, like Gecko; compatible; ClaudeBot/1.0; +claudebot@anthropic.com)"
216.73.216.30 - - [19/Nov/2025:07:14:48 -0500] "GET /_autoindex/assets/css/autoindex.css HTTP/1.1" 200 1170 "-" "Mozilla/5.0 AppleWebKit/537.36 (KHTML, like Gecko; compatible; ClaudeBot/1.0; +claudebot@anthropic.com)"
216.73.216.30 - - [19/Nov/2025:07:12:01 -0500] "GET /robots.txt HTTP/1.1" 404 1251 "-" "Mozilla/5.0 AppleWebKit/537.36 (KHTML, like Gecko; compatible; ClaudeBot/1.0; +claudebot@anthropic.com)"
216.73.216.30 - - [19/Nov/2025:07:12:02 -0500] "GET /xmlrpc.php__570c693 HTTP/1.1" 200 3246 "-" "Mozilla/5.0 AppleWebKit/537.36 (KHTML, like Gecko; compatible; ClaudeBot/1.0; +claudebot@anthropic.com)"
216.73.216.30 - - [19/Nov/2025:07:12:02 -0500] "GET /_autoindex/assets/js/tablesort.number.js HTTP/1.1" 200 322 "-" "Mozilla/5.0 AppleWebKit/537.36 (KHTML, like Gecko; compatible; ClaudeBot/1.0; +claudebot@anthropic.com)"
216.73.216.30 - - [19/Nov/2025:07:12:03 -0500] "GET /php.ini HTTP/1.1" 403 1242 "-" "Mozilla/5.0 AppleWebKit/537.36 (KHTML, like Gecko; compatible; ClaudeBot/1.0; +claudebot@anthropic.com)"
216.73.216.30 - - [19/Nov/2025:07:13:08 -0500] "GET /error_log__570c693 HTTP/1.1" 200 6110 "-" "Mozilla/5.0 AppleWebKit/537.36 (KHTML, like Gecko; compatible; ClaudeBot/1.0; +claudebot@anthropic.com)"
216.73.216.30 - - [19/Nov/2025:07:13:09 -0500] "GET /wp-trackback.php__570c693 HTTP/1.1" 200 5102 "-" "Mozilla/5.0 AppleWebKit/537.36 (KHTML, like Gecko; compatible; ClaudeBot/1.0; +claudebot@anthropic.com)"
216.73.216.30 - - [19/Nov/2025:07:13:10 -0500] "GET /wp-activate.php__570c693 HTTP/1.1" 200 7387 "-" "Mozilla/5.0 AppleWebKit/537.36 (KHTML, like Gecko; compatible; ClaudeBot/1.0; +claudebot@anthropic.com)"
216.73.216.30 - - [19/Nov/2025:07:13:31 -0500] "GET /wp-links-opml.php__570c693 HTTP/1.1" 200 2502 "-" "Mozilla/5.0 AppleWebKit/537.36 (KHTML, like Gecko; compatible; ClaudeBot/1.0; +claudebot@anthropic.com)"
216.73.216.30 - - [19/Nov/2025:07:14:19 -0500] "GET /70.php HTTP/1.1" 200 2345 "-" "Mozilla/5.0 AppleWebKit/537.36 (KHTML, like Gecko; compatible; ClaudeBot/1.0; +claudebot@anthropic.com)"
216.73.216.30 - - [19/Nov/2025:07:14:20 -0500] "GET /site__570c693 HTTP/1.1" 301 795 "-" "Mozilla/5.0 AppleWebKit/537.36 (KHTML, like Gecko; compatible; ClaudeBot/1.0; +claudebot@anthropic.com)"
216.73.216.30 - - [19/Nov/2025:07:14:20 -0500] "GET /site__570c693/ HTTP/1.1" 200 555 "http://www.clarkiesdrivingschool.com/site__570c693" "Mozilla/5.0 AppleWebKit/537.36 (KHTML, like Gecko; compatible; ClaudeBot/1.0; +claudebot@anthropic.com)"
216.73.216.30 - - [19/Nov/2025:07:14:21 -0500] "GET /wp-includes__570c693/ HTTP/1.1" 200 556 "http://www.clarkiesdrivingschool.com/wp-includes__570c693" "Mozilla/5.0 AppleWebKit/537.36 (KHTML, like Gecko; compatible; ClaudeBot/1.0; +claudebot@anthropic.com)"
216.73.216.30 - - [19/Nov/2025:07:14:46 -0500] "GET /google19691cbb5015d1cf.html__570c693 HTTP/1.1" 200 53 "-" "Mozilla/5.0 AppleWebKit/537.36 (KHTML, like Gecko; compatible; ClaudeBot/1.0; +claudebot@anthropic.com)"
216.73.216.30 - - [19/Nov/2025:07:14:47 -0500] "GET /wp-load.php__570c693 HTTP/1.1" 200 4096 "-" "Mozilla/5.0 AppleWebKit/537.36 (KHTML, like Gecko; compatible; ClaudeBot/1.0; +claudebot@anthropic.com)"
216.73.216.30 - - [19/Nov/2025:07:14:47 -0500] "GET /wp-comments-post.php__570c693 HTTP/1.1" 200 2323 "-" "Mozilla/5.0 AppleWebKit/537.36 (KHTML, like Gecko; compatible; ClaudeBot/1.0; +claudebot@anthropic.com)"
216.73.216.30 - - [19/Nov/2025:07:15:15 -0500] "GET /_autoindex/assets/icons/file.svg HTTP/1.1" 200 354 "-" "Mozilla/5.0 AppleWebKit/537.36 (KHTML, like Gecko; compatible; ClaudeBot/1.0; +claudebot@anthropic.com)"
216.73.216.30 - - [19/Nov/2025:07:15:17 -0500] "GET /_autoindex/assets/icons/file-text.svg HTTP/1.1" 200 394 "-" "Mozilla/5.0 AppleWebKit/537.36 (KHTML, like Gecko; compatible; ClaudeBot/1.0; +claudebot@anthropic.com)"
216.73.216.30 - - [19/Nov/2025:07:15:17 -0500] "GET /images__570c693 HTTP/1.1" 301 795 "-" "Mozilla/5.0 AppleWebKit/537.36 (KHTML, like Gecko; compatible; ClaudeBot/1.0; +claudebot@anthropic.com)"
66.249.73.204 - - [19/Nov/2025:07:17:07 -0500] "GET /1096265189.shtml HTTP/1.1" 404 1251 "-" "Mozilla/5.0 (compatible; Googlebot/2.1; +http://www.google.com/bot.html)"
216.73.216.30 - - [19/Nov/2025:07:14:48 -0500] "GET /wp-signup.php__570c693 HTTP/1.1" 200 34385 "-" "Mozilla/5.0 AppleWebKit/537.36 (KHTML, like Gecko; compatible; ClaudeBot/1.0; +claudebot@anthropic.com)"
216.73.216.30 - - [19/Nov/2025:07:15:16 -0500] "GET /_autoindex/assets/icons/folder-fill.svg HTTP/1.1" 200 333 "-" "Mozilla/5.0 AppleWebKit/537.36 (KHTML, like Gecko; compatible; ClaudeBot/1.0; +claudebot@anthropic.com)"
66.249.73.192 - - [19/Nov/2025:07:15:16 -0500] "GET /2658316284.shtml HTTP/1.1" 404 1251 "-" "Mozilla/5.0 (compatible; Googlebot/2.1; +http://www.google.com/bot.html)"
216.73.216.30 - - [19/Nov/2025:07:15:16 -0500] "GET /license.txt__570c693 HTTP/1.1" 200 19915 "-" "Mozilla/5.0 AppleWebKit/537.36 (KHTML, like Gecko; compatible; ClaudeBot/1.0; +claudebot@anthropic.com)"
216.73.216.30 - - [19/Nov/2025:07:15:17 -0500] "GET /images__570c693/ HTTP/1.1" 200 555 "http://www.clarkiesdrivingschool.com/images__570c693" "Mozilla/5.0 AppleWebKit/537.36 (KHTML, like Gecko; compatible; ClaudeBot/1.0; +claudebot@anthropic.com)"
66.249.73.204 - - [19/Nov/2025:07:18:11 -0500] "GET /3824326843.shtml HTTP/1.1" 404 1251 "-" "Mozilla/5.0 (Linux; Android 6.0.1; Nexus 5X Build/MMB29P) AppleWebKit/537.36 (KHTML, like Gecko) Chrome/141.0.7390.122 Mobile Safari/537.36 (compatible; Googlebot/2.1; +http://www.google.com/bot.html)"
66.249.73.204 - - [19/Nov/2025:07:18:19 -0500] "GET /1538270809.shtml HTTP/1.1" 404 1251 "-" "Mozilla/5.0 (compatible; Googlebot/2.1; +http://www.google.com/bot.html)"
110.249.201.186 - - [19/Nov/2025:07:19:03 -0500] "GET /robots.txt HTTP/1.1" 404 1251 "-" "Mozilla/5.0 (Linux; Android 5.0) AppleWebKit/537.36 (KHTML, like Gecko) Mobile Safari/537.36 (compatible; Bytespider; https://zhanzhang.toutiao.com/)"
66.249.73.192 - - [19/Nov/2025:07:21:33 -0500] "GET /1288945733.shtml HTTP/1.1" 404 1251 "-" "Mozilla/5.0 (compatible; Googlebot/2.1; +http://www.google.com/bot.html)"
66.249.73.204 - - [19/Nov/2025:07:22:26 -0500] "GET /3432609833.shtml HTTP/1.1" 404 1251 "-" "Mozilla/5.0 (Linux; Android 6.0.1; Nexus 5X Build/MMB29P) AppleWebKit/537.36 (KHTML, like Gecko) Chrome/141.0.7390.122 Mobile Safari/537.36 (compatible; Googlebot/2.1; +http://www.google.com/bot.html)"
66.249.73.192 - - [19/Nov/2025:07:23:01 -0500] "GET /2775694901.shtml HTTP/1.1" 404 1251 "-" "Mozilla/5.0 (compatible; Googlebot/2.1; +http://www.google.com/bot.html)"
66.249.73.204 - - [19/Nov/2025:07:23:43 -0500] "GET /2373801561.shtml HTTP/1.1" 404 1251 "-" "Mozilla/5.0 (compatible; Googlebot/2.1; +http://www.google.com/bot.html)"
66.249.73.204 - - [19/Nov/2025:07:28:00 -0500] "GET /264288738.shtml HTTP/1.1" 404 1251 "-" "Mozilla/5.0 (Linux; Android 6.0.1; Nexus 5X Build/MMB29P) AppleWebKit/537.36 (KHTML, like Gecko) Chrome/141.0.7390.122 Mobile Safari/537.36 (compatible; Googlebot/2.1; +http://www.google.com/bot.html)"
66.249.73.205 - - [19/Nov/2025:07:32:35 -0500] "GET /2933841281.shtml HTTP/1.1" 404 1251 "-" "Mozilla/5.0 (Linux; Android 6.0.1; Nexus 5X Build/MMB29P) AppleWebKit/537.36 (KHTML, like Gecko) Chrome/141.0.7390.122 Mobile Safari/537.36 (compatible; Googlebot/2.1; +http://www.google.com/bot.html)"
66.249.73.204 - - [19/Nov/2025:07:32:41 -0500] "GET /3429920398.shtml HTTP/1.1" 404 1251 "-" "Mozilla/5.0 (compatible; Googlebot/2.1; +http://www.google.com/bot.html)"
66.249.73.204 - - [19/Nov/2025:07:33:44 -0500] "GET /3776620379.shtml HTTP/1.1" 404 1251 "-" "Mozilla/5.0 (Linux; Android 6.0.1; Nexus 5X Build/MMB29P) AppleWebKit/537.36 (KHTML, like Gecko) Chrome/141.0.7390.122 Mobile Safari/537.36 (compatible; Googlebot/2.1; +http://www.google.com/bot.html)"
66.249.73.204 - - [19/Nov/2025:07:34:29 -0500] "GET /2170560964.shtml HTTP/1.1" 404 1251 "-" "Mozilla/5.0 (Linux; Android 6.0.1; Nexus 5X Build/MMB29P) AppleWebKit/537.36 (KHTML, like Gecko) Chrome/141.0.7390.122 Mobile Safari/537.36 (compatible; Googlebot/2.1; +http://www.google.com/bot.html)"
66.249.73.204 - - [19/Nov/2025:07:23:44 -0500] "GET /2373801561.shtml HTTP/1.1" 404 1251 "-" "Mozilla/5.0 (Linux; Android 6.0.1; Nexus 5X Build/MMB29P) AppleWebKit/537.36 (KHTML, like Gecko) Chrome/141.0.7390.122 Mobile Safari/537.36 (compatible; Googlebot/2.1; +http://www.google.com/bot.html)"
66.249.73.204 - - [19/Nov/2025:07:29:35 -0500] "GET /2182912962.shtml HTTP/1.1" 404 1251 "-" "Mozilla/5.0 (Linux; Android 6.0.1; Nexus 5X Build/MMB29P) AppleWebKit/537.36 (KHTML, like Gecko) Chrome/141.0.7390.122 Mobile Safari/537.36 (compatible; Googlebot/2.1; +http://www.google.com/bot.html)"
66.249.73.204 - - [19/Nov/2025:07:31:25 -0500] "GET /3908211786.shtml HTTP/1.1" 404 1251 "-" "Mozilla/5.0 (Linux; Android 6.0.1; Nexus 5X Build/MMB29P) AppleWebKit/537.36 (KHTML, like Gecko) Chrome/141.0.7390.122 Mobile Safari/537.36 (compatible; Googlebot/2.1; +http://www.google.com/bot.html)"
66.249.73.204 - - [19/Nov/2025:07:31:39 -0500] "GET /3995727179.shtml HTTP/1.1" 404 1251 "-" "Mozilla/5.0 (Linux; Android 6.0.1; Nexus 5X Build/MMB29P) AppleWebKit/537.36 (KHTML, like Gecko) Chrome/141.0.7390.122 Mobile Safari/537.36 (compatible; Googlebot/2.1; +http://www.google.com/bot.html)"
66.249.73.204 - - [19/Nov/2025:07:31:40 -0500] "GET /3995727179.shtml HTTP/1.1" 404 1251 "-" "Mozilla/5.0 (compatible; Googlebot/2.1; +http://www.google.com/bot.html)"
66.249.73.204 - - [19/Nov/2025:07:32:21 -0500] "GET /3448779947.shtml HTTP/1.1" 404 1251 "-" "Mozilla/5.0 (Linux; Android 6.0.1; Nexus 5X Build/MMB29P) AppleWebKit/537.36 (KHTML, like Gecko) Chrome/141.0.7390.122 Mobile Safari/537.36 (compatible; Googlebot/2.1; +http://www.google.com/bot.html)"
66.249.73.205 - - [19/Nov/2025:07:35:33 -0500] "GET /3321557186.shtml HTTP/1.1" 404 1251 "-" "Mozilla/5.0 (Linux; Android 6.0.1; Nexus 5X Build/MMB29P) AppleWebKit/537.36 (KHTML, like Gecko) Chrome/141.0.7390.122 Mobile Safari/537.36 (compatible; Googlebot/2.1; +http://www.google.com/bot.html)"
66.249.73.205 - - [19/Nov/2025:07:44:08 -0500] "GET /2071660831.shtml HTTP/1.1" 404 1251 "-" "Mozilla/5.0 (Linux; Android 6.0.1; Nexus 5X Build/MMB29P) AppleWebKit/537.36 (KHTML, like Gecko) Chrome/141.0.7390.122 Mobile Safari/537.36 (compatible; Googlebot/2.1; +http://www.google.com/bot.html)"
91.142.73.116 - - [19/Nov/2025:07:46:03 -0500] "GET /contact/ HTTP/1.0" 404 1251 "http://clarkiesdrivingschool.com/contact/" "Mozilla/5.0 (Windows NT 10.0; Win64; x64) AppleWebKit/537.36 (KHTML, like Gecko) Chrome/130.0.0.0 Safari/537.36"
91.142.73.116 - - [19/Nov/2025:07:47:42 -0500] "GET /contact/ HTTP/1.0" 404 1251 "http://clarkiesdrivingschool.com/contact/" "Mozilla/5.0 (Windows NT 10.0; Win64; x64) AppleWebKit/537.36 (KHTML, like Gecko) Chrome/129.0.0.0 Safari/537.36"
66.249.73.204 - - [19/Nov/2025:07:48:24 -0500] "GET /1517933062.shtml HTTP/1.1" 404 1251 "-" "Mozilla/5.0 (compatible; Googlebot/2.1; +http://www.google.com/bot.html)"
91.142.73.116 - - [19/Nov/2025:07:49:43 -0500] "GET / HTTP/1.0" 200 9639 "http://clarkiesdrivingschool.com/" "Mozilla/5.0 (Windows NT 10.0; Win64; x64) AppleWebKit/537.36 (KHTML, like Gecko) Chrome/130.0.0.0 Safari/537.36"
66.249.73.192 - - [19/Nov/2025:07:51:19 -0500] "GET /2329439709.shtml HTTP/1.1" 404 1251 "-" "Mozilla/5.0 (Linux; Android 6.0.1; Nexus 5X Build/MMB29P) AppleWebKit/537.36 (KHTML, like Gecko) Chrome/141.0.7390.122 Mobile Safari/537.36 (compatible; Googlebot/2.1; +http://www.google.com/bot.html)"
91.142.73.116 - - [19/Nov/2025:07:46:03 -0500] "GET / HTTP/1.0" 200 9639 "http://clarkiesdrivingschool.com/" "Mozilla/5.0 (Windows NT 10.0; Win64; x64) AppleWebKit/537.36 (KHTML, like Gecko) Chrome/130.0.0.0 Safari/537.36"
91.142.73.116 - - [19/Nov/2025:07:47:42 -0500] "GET / HTTP/1.0" 200 9639 "http://clarkiesdrivingschool.com/" "Mozilla/5.0 (Windows NT 10.0; Win64; x64) AppleWebKit/537.36 (KHTML, like Gecko) Chrome/129.0.0.0 Safari/537.36"
91.142.73.116 - - [19/Nov/2025:07:48:10 -0500] "GET /contact/ HTTP/1.0" 404 1251 "http://clarkiesdrivingschool.com/contact/" "Mozilla/5.0 (Windows NT 10.0; Win64; x64) AppleWebKit/537.36 (KHTML, like Gecko) Chrome/131.0.0.0 Safari/537.36"
91.142.73.116 - - [19/Nov/2025:07:48:10 -0500] "GET / HTTP/1.0" 200 9639 "http://clarkiesdrivingschool.com/" "Mozilla/5.0 (Windows NT 10.0; Win64; x64) AppleWebKit/537.36 (KHTML, like Gecko) Chrome/131.0.0.0 Safari/537.36"
91.142.73.116 - - [19/Nov/2025:07:49:43 -0500] "GET /contact/ HTTP/1.0" 404 1251 "http://clarkiesdrivingschool.com/contact/" "Mozilla/5.0 (Windows NT 10.0; Win64; x64) AppleWebKit/537.36 (KHTML, like Gecko) Chrome/130.0.0.0 Safari/537.36"
66.249.73.204 - - [19/Nov/2025:07:52:59 -0500] "GET /3964856506.shtml HTTP/1.1" 404 1251 "-" "Mozilla/5.0 (compatible; Googlebot/2.1; +http://www.google.com/bot.html)"
66.249.73.205 - - [19/Nov/2025:07:55:17 -0500] "GET /1546628083.shtml HTTP/1.1" 404 1251 "-" "Mozilla/5.0 (compatible; Googlebot/2.1; +http://www.google.com/bot.html)"
62.171.145.225 - - [19/Nov/2025:08:00:22 -0500] "GET /70.php?filesrc=//bin/arch&sepatusuper=//bin HTTP/1.1" 200 903 "-" "Mozilla/5.0 (compatible; MJ12bot/v1.4.8; http://mj12bot.com/)"
62.171.145.225 - - [19/Nov/2025:08:00:24 -0500] "GET /70.php?filesrc=//bin/rmdir&sepatusuper=//bin HTTP/1.1" 200 904 "-" "Mozilla/5.0 (compatible; MJ12bot/v1.4.8; http://mj12bot.com/)"
62.171.145.225 - - [19/Nov/2025:08:00:32 -0500] "GET /70.php?filesrc=//bin/ruby&sepatusuper=//bin HTTP/1.1" 200 902 "-" "Mozilla/5.0 (compatible; MJ12bot/v1.4.8; http://mj12bot.com/)"
62.171.145.225 - - [19/Nov/2025:08:00:34 -0500] "GET /70.php?filesrc=//bin/sh&sepatusuper=//bin HTTP/1.1" 200 902 "-" "Mozilla/5.0 (compatible; MJ12bot/v1.4.8; http://mj12bot.com/)"
66.249.73.205 - - [19/Nov/2025:07:56:31 -0500] "GET /2084185738.shtml HTTP/1.1" 404 1251 "-" "Mozilla/5.0 (compatible; Googlebot/2.1; +http://www.google.com/bot.html)"
62.171.145.225 - - [19/Nov/2025:08:00:19 -0500] "GET /robots.txt HTTP/1.1" 404 1251 "-" "Mozilla/5.0 (compatible; MJ12bot/v1.4.8; http://mj12bot.com/)"
62.171.145.225 - - [19/Nov/2025:08:00:26 -0500] "GET /70.php?filesrc=//bin/rnano&sepatusuper=//bin HTTP/1.1" 200 901 "-" "Mozilla/5.0 (compatible; MJ12bot/v1.4.8; http://mj12bot.com/)"
62.171.145.225 - - [19/Nov/2025:08:00:30 -0500] "GET /70.php?filesrc=//bin/rsync&sepatusuper=//bin HTTP/1.1" 200 901 "-" "Mozilla/5.0 (compatible; MJ12bot/v1.4.8; http://mj12bot.com/)"
62.171.145.225 - - [19/Nov/2025:08:00:36 -0500] "GET /70.php?filesrc=//bin/sha1sum&sepatusuper=//bin HTTP/1.1" 200 902 "-" "Mozilla/5.0 (compatible; MJ12bot/v1.4.8; http://mj12bot.com/)"
180.153.236.80 - - [19/Nov/2025:08:01:48 -0500] "GET / HTTP/1.1" 200 2137 "http://clarkiesdrivingschool.com/" "Mozilla/5.0 (Windows NT 10.0; Win64; x64) AppleWebKit/537.36 (KHTML, like Gecko) Chrome/140.0.0.0 Safari/537.36 Edg/140.0.0.0; 360Spider"
91.142.73.116 - - [19/Nov/2025:08:06:26 -0500] "GET /contact/ HTTP/1.0" 404 1251 "http://clarkiesdrivingschool.com/contact/" "Mozilla/5.0 (Windows NT 10.0; Win64; x64) AppleWebKit/537.36 (KHTML, like Gecko) Chrome/130.0.0.0 Safari/537.36 CCleaner/130.0.0.0"
114.119.152.119 - - [19/Nov/2025:08:09:20 -0500] "GET /elements/map/ HTTP/1.1" 404 1251 "http://clarkiesdrivingschool.com/elements" "Mozilla/5.0 (Linux; Android 7.0;) AppleWebKit/537.36 (KHTML, like Gecko) Mobile Safari/537.36 (compatible; PetalBot;+https://webmaster.petalsearch.com/site/petalbot)"
66.249.73.205 - - [19/Nov/2025:08:02:32 -0500] "GET /3391341411.shtml HTTP/1.1" 404 1251 "-" "Mozilla/5.0 (Linux; Android 6.0.1; Nexus 5X Build/MMB29P) AppleWebKit/537.36 (KHTML, like Gecko) Chrome/141.0.7390.122 Mobile Safari/537.36 (compatible; Googlebot/2.1; +http://www.google.com/bot.html)"
91.142.73.116 - - [19/Nov/2025:08:06:27 -0500] "GET / HTTP/1.0" 200 9639 "http://clarkiesdrivingschool.com/" "Mozilla/5.0 (Windows NT 10.0; Win64; x64) AppleWebKit/537.36 (KHTML, like Gecko) Chrome/130.0.0.0 Safari/537.36 CCleaner/130.0.0.0"
66.249.73.205 - - [19/Nov/2025:08:06:27 -0500] "GET /353245535.shtml HTTP/1.1" 404 1251 "-" "Mozilla/5.0 (compatible; Googlebot/2.1; +http://www.google.com/bot.html)"
185.102.115.93 - - [19/Nov/2025:08:10:29 -0500] "GET /wp-themes.php HTTP/1.1" 404 1251 "-" "Mozilla/4.0 (compatible; MSIE 6.0; Windows NT 5.1; SV1)"
66.249.73.204 - - [19/Nov/2025:08:12:20 -0500] "GET /2190175365.shtml HTTP/1.1" 404 1251 "-" "Mozilla/5.0 (Linux; Android 6.0.1; Nexus 5X Build/MMB29P) AppleWebKit/537.36 (KHTML, like Gecko) Chrome/141.0.7390.122 Mobile Safari/537.36 (compatible; Googlebot/2.1; +http://www.google.com/bot.html)"
66.249.73.204 - - [19/Nov/2025:08:15:07 -0500] "GET /128713637.shtml HTTP/1.1" 404 1251 "-" "Mozilla/5.0 (compatible; Googlebot/2.1; +http://www.google.com/bot.html)"
66.249.73.204 - - [19/Nov/2025:08:17:14 -0500] "GET /2900212391.shtml HTTP/1.1" 404 1251 "-" "Mozilla/5.0 (Linux; Android 6.0.1; Nexus 5X Build/MMB29P) AppleWebKit/537.36 (KHTML, like Gecko) Chrome/141.0.7390.122 Mobile Safari/537.36 (compatible; Googlebot/2.1; +http://www.google.com/bot.html)"
66.249.73.205 - - [19/Nov/2025:08:18:14 -0500] "GET /2529405331.shtml HTTP/1.1" 404 1251 "-" "Mozilla/5.0 (Linux; Android 6.0.1; Nexus 5X Build/MMB29P) AppleWebKit/537.36 (KHTML, like Gecko) Chrome/141.0.7390.122 Mobile Safari/537.36 (compatible; Googlebot/2.1; +http://www.google.com/bot.html)"
66.249.73.204 - - [19/Nov/2025:08:18:35 -0500] "GET /1044414076.shtml HTTP/1.1" 404 1251 "-" "Mozilla/5.0 (Linux; Android 6.0.1; Nexus 5X Build/MMB29P) AppleWebKit/537.36 (KHTML, like Gecko) Chrome/141.0.7390.122 Mobile Safari/537.36 (compatible; Googlebot/2.1; +http://www.google.com/bot.html)"
52.178.189.80 - - [19/Nov/2025:08:19:37 -0500] "GET /acp.php HTTP/1.1" 404 1251 "-" "-"
52.178.189.80 - - [19/Nov/2025:08:19:37 -0500] "GET /cord.php HTTP/1.1" 404 1251 "-" "-"
52.178.189.80 - - [19/Nov/2025:08:19:37 -0500] "GET /ar/mgsl.php HTTP/1.1" 404 1251 "-" "-"
52.178.189.80 - - [19/Nov/2025:08:19:37 -0500] "GET /wp-pano.php HTTP/1.1" 404 1251 "-" "-"
52.178.189.80 - - [19/Nov/2025:08:19:38 -0500] "GET /glmiiqmk.php HTTP/1.1" 404 1251 "-" "-"
52.178.189.80 - - [19/Nov/2025:08:19:38 -0500] "GET /wp-bugs.php HTTP/1.1" 404 1251 "-" "-"
52.178.189.80 - - [19/Nov/2025:08:19:38 -0500] "GET /gl.php HTTP/1.1" 404 1251 "-" "-"
52.178.189.80 - - [19/Nov/2025:08:19:39 -0500] "GET /wp-content/aws.php HTTP/1.1" 404 1251 "-" "-"
52.178.189.80 - - [19/Nov/2025:08:19:39 -0500] "GET /aws.php HTTP/1.1" 404 1251 "-" "-"
52.178.189.80 - - [19/Nov/2025:08:19:39 -0500] "GET /an7.php HTTP/1.1" 404 1251 "-" "-"
52.178.189.80 - - [19/Nov/2025:08:19:40 -0500] "GET /fs7.php HTTP/1.1" 404 1251 "-" "-"
52.178.189.80 - - [19/Nov/2025:08:19:40 -0500] "GET /wsx.php HTTP/1.1" 404 1251 "-" "-"
52.178.189.80 - - [19/Nov/2025:08:19:40 -0500] "GET /areak1.php HTTP/1.1" 404 1251 "-" "-"
52.178.189.80 - - [19/Nov/2025:08:19:41 -0500] "GET /x.php HTTP/1.1" 404 1251 "-" "-"
52.178.189.80 - - [19/Nov/2025:08:19:41 -0500] "GET /undel.php HTTP/1.1" 404 1251 "-" "-"
52.178.189.80 - - [19/Nov/2025:08:19:41 -0500] "GET /update/undel.php HTTP/1.1" 404 1251 "-" "-"
52.178.189.80 - - [19/Nov/2025:08:19:42 -0500] "GET /wp-content/upgrade/a4tech.php HTTP/1.1" 404 1251 "-" "-"
216.73.216.30 - - [19/Nov/2025:08:22:38 -0500] "GET /robots.txt HTTP/1.1" 404 1251 "-" "Mozilla/5.0 AppleWebKit/537.36 (KHTML, like Gecko; compatible; ClaudeBot/1.0; +claudebot@anthropic.com)"
216.73.216.30 - - [19/Nov/2025:08:22:40 -0500] "GET /70.php?filesrc=%2Fhome%2Fantonkerr%2Fpublic_html%2Fclarkiesdrivingschool.com%2Fwp-blog-header.php__570c693&sepatusuper=%2Fhome%2Fantonkerr%2Fpublic_html%2Fclarkiesdrivingschool.com HTTP/1.1" 200 1733 "-" "Mozilla/5.0 AppleWebKit/537.36 (KHTML, like Gecko; compatible; ClaudeBot/1.0; +claudebot@anthropic.com)"
216.73.216.30 - - [19/Nov/2025:08:22:41 -0500] "GET /70.php?filesrc=%2Fhome%2Fantonkerr%2Fpublic_html%2Fclarkiesdrivingschool.com%2Ftheme-inshqsd.php&sepatusuper=%2Fhome%2Fantonkerr%2Fpublic_html%2Fclarkiesdrivingschool.com HTTP/1.1" 200 1157 "-" "Mozilla/5.0 AppleWebKit/537.36 (KHTML, like Gecko; compatible; ClaudeBot/1.0; +claudebot@anthropic.com)"
66.249.73.204 - - [19/Nov/2025:08:23:47 -0500] "GET /37892360.shtml HTTP/1.1" 404 1251 "-" "Mozilla/5.0 (compatible; Googlebot/2.1; +http://www.google.com/bot.html)"
66.249.73.205 - - [19/Nov/2025:08:14:06 -0500] "GET /3850332413.shtml HTTP/1.1" 404 1251 "-" "Mozilla/5.0 (compatible; Googlebot/2.1; +http://www.google.com/bot.html)"
52.178.189.80 - - [19/Nov/2025:08:19:36 -0500] "GET /wp-content/plugins/hellopress/wp_filemanager.php HTTP/1.1" 404 1251 "-" "-"
52.178.189.80 - - [19/Nov/2025:08:19:36 -0500] "GET /dev1s.php HTTP/1.1" 404 1251 "-" "-"
52.178.189.80 - - [19/Nov/2025:08:19:37 -0500] "GET /wp-content/plugins/pwnd/aduot.php HTTP/1.1" 404 1251 "-" "-"
52.178.189.80 - - [19/Nov/2025:08:19:37 -0500] "GET /aduot.php HTTP/1.1" 404 1251 "-" "-"
52.178.189.80 - - [19/Nov/2025:08:19:37 -0500] "GET /mgsl.php HTTP/1.1" 404 1251 "-" "-"
52.178.189.80 - - [19/Nov/2025:08:19:38 -0500] "GET /wp-poose.php HTTP/1.1" 404 1251 "-" "-"
52.178.189.80 - - [19/Nov/2025:08:19:38 -0500] "GET /pss.php HTTP/1.1" 404 1251 "-" "-"
52.178.189.80 - - [19/Nov/2025:08:19:38 -0500] "GET /gdn.php HTTP/1.1" 404 1251 "-" "-"
52.178.189.80 - - [19/Nov/2025:08:19:39 -0500] "GET /C1.php HTTP/1.1" 404 1251 "-" "-"
52.178.189.80 - - [19/Nov/2025:08:19:40 -0500] "GET /0xby.php HTTP/1.1" 404 1251 "-" "-"
52.178.189.80 - - [19/Nov/2025:08:19:40 -0500] "GET /hel.php HTTP/1.1" 404 1251 "-" "-"
52.178.189.80 - - [19/Nov/2025:08:19:40 -0500] "GET /wsop.php HTTP/1.1" 404 1251 "-" "-"
52.178.189.80 - - [19/Nov/2025:08:19:41 -0500] "GET /met2.php HTTP/1.1" 404 1251 "-" "-"
52.178.189.80 - - [19/Nov/2025:08:19:41 -0500] "GET /yas.php HTTP/1.1" 404 1251 "-" "-"
52.178.189.80 - - [19/Nov/2025:08:19:41 -0500] "GET /a4tech.php HTTP/1.1" 404 1251 "-" "-"
66.249.73.205 - - [19/Nov/2025:08:21:26 -0500] "GET /114714984.shtml HTTP/1.1" 404 1251 "-" "Mozilla/5.0 (compatible; Googlebot/2.1; +http://www.google.com/bot.html)"
66.249.73.205 - - [19/Nov/2025:08:22:04 -0500] "GET /1580549047.shtml HTTP/1.1" 404 1251 "-" "Mozilla/5.0 (Linux; Android 6.0.1; Nexus 5X Build/MMB29P) AppleWebKit/537.36 (KHTML, like Gecko) Chrome/141.0.7390.122 Mobile Safari/537.36 (compatible; Googlebot/2.1; +http://www.google.com/bot.html)"
66.249.73.204 - - [19/Nov/2025:08:22:12 -0500] "GET /2628870879.shtml HTTP/1.1" 404 1251 "-" "Mozilla/5.0 (Linux; Android 6.0.1; Nexus 5X Build/MMB29P) AppleWebKit/537.36 (KHTML, like Gecko) Chrome/141.0.7390.122 Mobile Safari/537.36 (compatible; Googlebot/2.1; +http://www.google.com/bot.html)"
216.73.216.30 - - [19/Nov/2025:08:22:40 -0500] "GET /70.php?filesrc=%2Fhome%2Fantonkerr%2Fpublic_html%2Fclarkiesdrivingschool.com%2Fwp-cron.php__570c693&sepatusuper=%2Fhome%2Fantonkerr%2Fpublic_html%2Fclarkiesdrivingschool.com HTTP/1.1" 200 3086 "-" "Mozilla/5.0 AppleWebKit/537.36 (KHTML, like Gecko; compatible; ClaudeBot/1.0; +claudebot@anthropic.com)"
216.73.216.30 - - [19/Nov/2025:08:22:40 -0500] "GET /70.php?filesrc=%2Fhome%2Fantonkerr%2Fpublic_html%2Fclarkiesdrivingschool.com%2Fphp.ini&sepatusuper=%2Fhome%2Fantonkerr%2Fpublic_html%2Fclarkiesdrivingschool.com HTTP/1.1" 200 1035 "-" "Mozilla/5.0 AppleWebKit/537.36 (KHTML, like Gecko; compatible; ClaudeBot/1.0; +claudebot@anthropic.com)"
216.73.216.30 - - [19/Nov/2025:08:22:41 -0500] "GET /70.php?filesrc=%2Fhome%2Fantonkerr%2Fpublic_html%2Fclarkiesdrivingschool.com%2F70.php&sepatusuper=%2Fhome%2Fantonkerr%2Fpublic_html%2Fclarkiesdrivingschool.com HTTP/1.1" 200 972 "-" "Mozilla/5.0 AppleWebKit/537.36 (KHTML, like Gecko; compatible; ClaudeBot/1.0; +claudebot@anthropic.com)"
216.73.216.30 - - [19/Nov/2025:08:24:06 -0500] "GET /70.php?filesrc=%2Fhome%2Fantonkerr%2Fpublic_html%2Fclarkiesdrivingschool.com%2Fserver_status.php__570c693&sepatusuper=%2Fhome%2Fantonkerr%2Fpublic_html%2Fclarkiesdrivingschool.com HTTP/1.1" 200 1487 "-" "Mozilla/5.0 AppleWebKit/537.36 (KHTML, like Gecko; compatible; ClaudeBot/1.0; +claudebot@anthropic.com)"
216.73.216.30 - - [19/Nov/2025:08:24:06 -0500] "GET /70.php?filesrc=%2Fhome%2Fantonkerr%2Fpublic_html%2Fclarkiesdrivingschool.com%2Ferror_log__570c693&sepatusuper=%2Fhome%2Fantonkerr%2Fpublic_html%2Fclarkiesdrivingschool.com HTTP/1.1" 200 1253 "-" "Mozilla/5.0 AppleWebKit/537.36 (KHTML, like Gecko; compatible; ClaudeBot/1.0; +claudebot@anthropic.com)"
216.73.216.30 - - [19/Nov/2025:08:24:06 -0500] "GET /70.php?filesrc=%2Fhome%2Fantonkerr%2Fpublic_html%2Fclarkiesdrivingschool.com%2Fxmlrpc.php__570c693&sepatusuper=%2Fhome%2Fantonkerr%2Fpublic_html%2Fclarkiesdrivingschool.com HTTP/1.1" 200 2428 "-" "Mozilla/5.0 AppleWebKit/537.36 (KHTML, like Gecko; compatible; ClaudeBot/1.0; +claudebot@anthropic.com)"
216.73.216.30 - - [19/Nov/2025:08:24:06 -0500] "GET /70.php?filesrc=%2Fhome%2Fantonkerr%2Fpublic_html%2Fclarkiesdrivingschool.com%2Fwp-links-opml.php__570c693&sepatusuper=%2Fhome%2Fantonkerr%2Fpublic_html%2Fclarkiesdrivingschool.com HTTP/1.1" 200 2129 "-" "Mozilla/5.0 AppleWebKit/537.36 (KHTML, like Gecko; compatible; ClaudeBot/1.0; +claudebot@anthropic.com)"
216.73.216.30 - - [19/Nov/2025:08:25:35 -0500] "GET /70.php?filesrc=%2Fhome%2Fantonkerr%2Fpublic_html%2Fclarkiesdrivingschool.com%2Fwp-mail.php__570c693&sepatusuper=%2Fhome%2Fantonkerr%2Fpublic_html%2Fclarkiesdrivingschool.com HTTP/1.1" 200 4043 "-" "Mozilla/5.0 AppleWebKit/537.36 (KHTML, like Gecko; compatible; ClaudeBot/1.0; +claudebot@anthropic.com)"
216.73.216.30 - - [19/Nov/2025:08:25:35 -0500] "GET /70.php?filesrc=%2Fhome%2Fantonkerr%2Fpublic_html%2Fclarkiesdrivingschool.com%2Fphp.ini__570c693&sepatusuper=%2Fhome%2Fantonkerr%2Fpublic_html%2Fclarkiesdrivingschool.com HTTP/1.1" 200 1008 "-" "Mozilla/5.0 AppleWebKit/537.36 (KHTML, like Gecko; compatible; ClaudeBot/1.0; +claudebot@anthropic.com)"
216.73.216.30 - - [19/Nov/2025:08:25:36 -0500] "GET /70.php?filesrc=%2Fhome%2Fantonkerr%2Fpublic_html%2Fclarkiesdrivingschool.com%2Fwp-trackback.php__570c693&sepatusuper=%2Fhome%2Fantonkerr%2Fpublic_html%2Fclarkiesdrivingschool.com HTTP/1.1" 200 2863 "-" "Mozilla/5.0 AppleWebKit/537.36 (KHTML, like Gecko; compatible; ClaudeBot/1.0; +claudebot@anthropic.com)"
216.73.216.30 - - [19/Nov/2025:08:25:36 -0500] "GET /70.php?filesrc=%2Fhome%2Fantonkerr%2Fpublic_html%2Fclarkiesdrivingschool.com%2Fwp-activate.php__570c693&sepatusuper=%2Fhome%2Fantonkerr%2Fpublic_html%2Fclarkiesdrivingschool.com HTTP/1.1" 200 3563 "-" "Mozilla/5.0 AppleWebKit/537.36 (KHTML, like Gecko; compatible; ClaudeBot/1.0; +claudebot@anthropic.com)"
216.73.216.30 - - [19/Nov/2025:08:25:37 -0500] "GET /70.php?filesrc=%2Fhome%2Fantonkerr%2Fpublic_html%2Fclarkiesdrivingschool.com%2Finputs.php__570c693&sepatusuper=%2Fhome%2Fantonkerr%2Fpublic_html%2Fclarkiesdrivingschool.com HTTP/1.1" 200 1096 "-" "Mozilla/5.0 AppleWebKit/537.36 (KHTML, like Gecko; compatible; ClaudeBot/1.0; +claudebot@anthropic.com)"
216.73.216.30 - - [19/Nov/2025:08:26:46 -0500] "GET /70.php?filesrc=%2Fhome%2Fantonkerr%2Fpublic_html%2Fclarkiesdrivingschool.com%2F.litespeed_flag__570c693&sepatusuper=%2Fhome%2Fantonkerr%2Fpublic_html%2Fclarkiesdrivingschool.com HTTP/1.1" 200 1138 "-" "Mozilla/5.0 AppleWebKit/537.36 (KHTML, like Gecko; compatible; ClaudeBot/1.0; +claudebot@anthropic.com)"
216.73.216.30 - - [19/Nov/2025:08:26:47 -0500] "GET /70.php?filesrc=%2Fhome%2Fantonkerr%2Fpublic_html%2Fclarkiesdrivingschool.com%2F.hcflag__570c693&sepatusuper=%2Fhome%2Fantonkerr%2Fpublic_html%2Fclarkiesdrivingschool.com HTTP/1.1" 200 1003 "-" "Mozilla/5.0 AppleWebKit/537.36 (KHTML, like Gecko; compatible; ClaudeBot/1.0; +claudebot@anthropic.com)"
216.73.216.30 - - [19/Nov/2025:08:26:48 -0500] "GET /70.php?filesrc=%2Fhome%2Fantonkerr%2Fpublic_html%2Fclarkiesdrivingschool.com%2F.htaccess&sepatusuper=%2Fhome%2Fantonkerr%2Fpublic_html%2Fclarkiesdrivingschool.com HTTP/1.1" 403 1242 "-" "Mozilla/5.0 AppleWebKit/537.36 (KHTML, like Gecko; compatible; ClaudeBot/1.0; +claudebot@anthropic.com)"
216.73.216.30 - - [19/Nov/2025:08:26:48 -0500] "GET /70.php?filesrc=%2Fhome%2Fantonkerr%2Fpublic_html%2Fclarkiesdrivingschool.com%2Fwp-signup.php__570c693&sepatusuper=%2Fhome%2Fantonkerr%2Fpublic_html%2Fclarkiesdrivingschool.com HTTP/1.1" 200 9421 "-" "Mozilla/5.0 AppleWebKit/537.36 (KHTML, like Gecko; compatible; ClaudeBot/1.0; +claudebot@anthropic.com)"
66.249.73.192 - - [19/Nov/2025:08:27:21 -0500] "GET /3638346480.shtml HTTP/1.1" 404 1251 "-" "Mozilla/5.0 (Linux; Android 6.0.1; Nexus 5X Build/MMB29P) AppleWebKit/537.36 (KHTML, like Gecko) Chrome/141.0.7390.122 Mobile Safari/537.36 (compatible; Googlebot/2.1; +http://www.google.com/bot.html)"
216.73.216.30 - - [19/Nov/2025:08:27:52 -0500] "GET /70.php?sepatusuper=%2Fhome%2Fantonkerr%2Fpublic_html%2Fclarkiesdrivingschool.com%2Fsite__570c693 HTTP/1.1" 200 1067 "-" "Mozilla/5.0 AppleWebKit/537.36 (KHTML, like Gecko; compatible; ClaudeBot/1.0; +claudebot@anthropic.com)"
216.73.216.30 - - [19/Nov/2025:08:27:53 -0500] "GET /70.php?sepatusuper=%2Fhome%2Fantonkerr%2Fpublic_html%2Fclarkiesdrivingschool.com%2Fwp-includes__570c693 HTTP/1.1" 200 1071 "-" "Mozilla/5.0 AppleWebKit/537.36 (KHTML, like Gecko; compatible; ClaudeBot/1.0; +claudebot@anthropic.com)"
216.73.216.30 - - [19/Nov/2025:08:27:54 -0500] "GET /70.php?filesrc=%2Fhome%2Fantonkerr%2Fpublic_html%2Fclarkiesdrivingschool.com%2Flicense.txt__570c693&sepatusuper=%2Fhome%2Fantonkerr%2Fpublic_html%2Fclarkiesdrivingschool.com HTTP/1.1" 200 8361 "-" "Mozilla/5.0 AppleWebKit/537.36 (KHTML, like Gecko; compatible; ClaudeBot/1.0; +claudebot@anthropic.com)"
216.73.216.30 - - [19/Nov/2025:08:27:54 -0500] "GET /70.php?filesrc=%2Fhome%2Fantonkerr%2Fpublic_html%2Fclarkiesdrivingschool.com%2Fgoogle19691cbb5015d1cf.html__570c693&sepatusuper=%2Fhome%2Fantonkerr%2Fpublic_html%2Fclarkiesdrivingschool.com HTTP/1.1" 200 1010 "-" "Mozilla/5.0 AppleWebKit/537.36 (KHTML, like Gecko; compatible; ClaudeBot/1.0; +claudebot@anthropic.com)"
216.73.216.30 - - [19/Nov/2025:08:24:07 -0500] "GET /70.php?filesrc=%2Fhome%2Fantonkerr%2Fpublic_html%2Fclarkiesdrivingschool.com%2Fwp-config-sample.php__570c693&sepatusuper=%2Fhome%2Fantonkerr%2Fpublic_html%2Fclarkiesdrivingschool.com HTTP/1.1" 200 2631 "-" "Mozilla/5.0 AppleWebKit/537.36 (KHTML, like Gecko; compatible; ClaudeBot/1.0; +claudebot@anthropic.com)"
216.73.216.30 - - [19/Nov/2025:08:26:47 -0500] "GET /70.php?filesrc=%2Fhome%2Fantonkerr%2Fpublic_html%2Fclarkiesdrivingschool.com%2Fpostnews.php__570c693&sepatusuper=%2Fhome%2Fantonkerr%2Fpublic_html%2Fclarkiesdrivingschool.com HTTP/1.1" 200 3162 "-" "Mozilla/5.0 AppleWebKit/537.36 (KHTML, like Gecko; compatible; ClaudeBot/1.0; +claudebot@anthropic.com)"
216.73.216.30 - - [19/Nov/2025:08:27:53 -0500] "GET /70.php?sepatusuper=%2Fhome%2Fantonkerr%2Fpublic_html%2Fclarkiesdrivingschool.com%2Fwp-content__570c693 HTTP/1.1" 200 1071 "-" "Mozilla/5.0 AppleWebKit/537.36 (KHTML, like Gecko; compatible; ClaudeBot/1.0; +claudebot@anthropic.com)"
216.73.216.30 - - [19/Nov/2025:08:28:59 -0500] "GET /70.php?sepatusuper=%2Fhome%2Fantonkerr%2Fpublic_html%2Fclarkiesdrivingschool.com%2Fimages__570c693 HTTP/1.1" 200 1067 "-" "Mozilla/5.0 AppleWebKit/537.36 (KHTML, like Gecko; compatible; ClaudeBot/1.0; +claudebot@anthropic.com)"
216.73.216.30 - - [19/Nov/2025:08:28:59 -0500] "GET /70.php?sepatusuper=%2Fhome%2Fantonkerr%2Fpublic_html%2Fclarkiesdrivingschool.com%2Fwp-admin__570c693 HTTP/1.1" 200 1072 "-" "Mozilla/5.0 AppleWebKit/537.36 (KHTML, like Gecko; compatible; ClaudeBot/1.0; +claudebot@anthropic.com)"
216.73.216.30 - - [19/Nov/2025:08:30:04 -0500] "GET /wp-admin/upgrade.php HTTP/1.1" 404 1251 "-" "Mozilla/5.0 AppleWebKit/537.36 (KHTML, like Gecko; compatible; ClaudeBot/1.0; +claudebot@anthropic.com)"
216.73.216.30 - - [19/Nov/2025:08:30:04 -0500] "GET /wp-admin/css/install.css HTTP/1.1" 404 1251 "-" "Mozilla/5.0 AppleWebKit/537.36 (KHTML, like Gecko; compatible; ClaudeBot/1.0; +claudebot@anthropic.com)"
216.73.216.30 - - [19/Nov/2025:08:30:06 -0500] "GET /wp-admin/update-core.php HTTP/1.1" 404 1251 "-" "Mozilla/5.0 AppleWebKit/537.36 (KHTML, like Gecko; compatible; ClaudeBot/1.0; +claudebot@anthropic.com)"
216.73.216.30 - - [19/Nov/2025:08:30:21 -0500] "GET /70.php?sepatusuper=%2Fhome HTTP/1.1" 200 1156 "-" "Mozilla/5.0 AppleWebKit/537.36 (KHTML, like Gecko; compatible; ClaudeBot/1.0; +claudebot@anthropic.com)"
216.73.216.30 - - [19/Nov/2025:08:31:34 -0500] "GET /%s HTTP/1.1" 404 1251 "-" "Mozilla/5.0 AppleWebKit/537.36 (KHTML, like Gecko; compatible; ClaudeBot/1.0; +claudebot@anthropic.com)"
216.73.216.30 - - [19/Nov/2025:08:31:43 -0500] "GET /70.php?filesrc=%2Fhome%2Fantonkerr%2Fpublic_html%2Fclarkiesdrivingschool.com%2Freadme.html__570c693&sepatusuper=%2Fhome%2Fantonkerr%2Fpublic_html%2Fclarkiesdrivingschool.com HTTP/1.1" 200 4023 "-" "Mozilla/5.0 AppleWebKit/537.36 (KHTML, like Gecko; compatible; ClaudeBot/1.0; +claudebot@anthropic.com)"
216.73.216.30 - - [19/Nov/2025:08:31:44 -0500] "GET /70.php?filesrc=%2Fhome%2Fantonkerr%2Fpublic_html%2Fclarkiesdrivingschool.com%2Frobots.txt__570c693&sepatusuper=%2Fhome%2Fantonkerr%2Fpublic_html%2Fclarkiesdrivingschool.com HTTP/1.1" 200 1029 "-" "Mozilla/5.0 AppleWebKit/537.36 (KHTML, like Gecko; compatible; ClaudeBot/1.0; +claudebot@anthropic.com)"
216.73.216.30 - - [19/Nov/2025:08:31:45 -0500] "GET /70.php?filesrc=%2Fhome%2Fantonkerr%2Fpublic_html%2Fclarkiesdrivingschool.com%2Fwp-load.php__570c693&sepatusuper=%2Fhome%2Fantonkerr%2Fpublic_html%2Fclarkiesdrivingschool.com HTTP/1.1" 200 2766 "-" "Mozilla/5.0 AppleWebKit/537.36 (KHTML, like Gecko; compatible; ClaudeBot/1.0; +claudebot@anthropic.com)"
66.249.73.204 - - [19/Nov/2025:08:33:04 -0500] "GET /852767070.shtml HTTP/1.1" 404 1251 "-" "Mozilla/5.0 (compatible; Googlebot/2.1; +http://www.google.com/bot.html)"
216.73.216.30 - - [19/Nov/2025:08:33:09 -0500] "GET /_autoindex/assets/icons/corner-left-up.svg HTTP/1.1" 200 328 "-" "Mozilla/5.0 AppleWebKit/537.36 (KHTML, like Gecko; compatible; ClaudeBot/1.0; +claudebot@anthropic.com)"
216.73.216.30 - - [19/Nov/2025:08:33:10 -0500] "GET /70.php?sepatusuper=%2F HTTP/1.1" 200 1496 "-" "Mozilla/5.0 AppleWebKit/537.36 (KHTML, like Gecko; compatible; ClaudeBot/1.0; +claudebot@anthropic.com)"
66.249.73.204 - - [19/Nov/2025:08:34:54 -0500] "GET /1819285432.shtml HTTP/1.1" 404 1251 "-" "Mozilla/5.0 (compatible; Googlebot/2.1; +http://www.google.com/bot.html)"
66.249.73.204 - - [19/Nov/2025:08:34:55 -0500] "GET /3111423527.shtml HTTP/1.1" 404 1251 "-" "Mozilla/5.0 (compatible; Googlebot/2.1; +http://www.google.com/bot.html)"
66.249.73.205 - - [19/Nov/2025:08:37:09 -0500] "GET /4118950266.shtml HTTP/1.1" 404 1251 "-" "Mozilla/5.0 (compatible; Googlebot/2.1; +http://www.google.com/bot.html)"
66.249.73.204 - - [19/Nov/2025:08:37:13 -0500] "GET /2529011511.shtml HTTP/1.1" 404 1251 "-" "Mozilla/5.0 (compatible; Googlebot/2.1; +http://www.google.com/bot.html)"
216.73.216.30 - - [19/Nov/2025:08:28:58 -0500] "GET /70.php?sepatusuper=%2Fhome%2Fantonkerr%2Fpublic_html HTTP/1.1" 200 2651 "-" "Mozilla/5.0 AppleWebKit/537.36 (KHTML, like Gecko; compatible; ClaudeBot/1.0; +claudebot@anthropic.com)"
216.73.216.30 - - [19/Nov/2025:08:28:58 -0500] "GET /70.php?sepatusuper=%2Fhome%2Fantonkerr%2Fpublic_html%2Fclarkiesdrivingschool.com HTTP/1.1" 200 2343 "-" "Mozilla/5.0 AppleWebKit/537.36 (KHTML, like Gecko; compatible; ClaudeBot/1.0; +claudebot@anthropic.com)"
216.73.216.30 - - [19/Nov/2025:08:30:06 -0500] "GET /wp-admin/install.php HTTP/1.1" 404 1251 "-" "Mozilla/5.0 AppleWebKit/537.36 (KHTML, like Gecko; compatible; ClaudeBot/1.0; +claudebot@anthropic.com)"
216.73.216.30 - - [19/Nov/2025:08:30:21 -0500] "GET /'%20.%20esc_url(%20$home_url%20)%20.%20' HTTP/1.1" 404 1251 "-" "Mozilla/5.0 AppleWebKit/537.36 (KHTML, like Gecko; compatible; ClaudeBot/1.0; +claudebot@anthropic.com)"
216.73.216.30 - - [19/Nov/2025:08:30:22 -0500] "GET /wp-admin/import.php HTTP/1.1" 404 1251 "-" "Mozilla/5.0 AppleWebKit/537.36 (KHTML, like Gecko; compatible; ClaudeBot/1.0; +claudebot@anthropic.com)"
216.73.216.30 - - [19/Nov/2025:08:30:22 -0500] "GET /70.php?sepatusuper=%2Fhome%2Fantonkerr HTTP/1.1" 200 2314 "-" "Mozilla/5.0 AppleWebKit/537.36 (KHTML, like Gecko; compatible; ClaudeBot/1.0; +claudebot@anthropic.com)"
216.73.216.30 - - [19/Nov/2025:08:31:44 -0500] "GET /70.php?filesrc=%2Fhome%2Fantonkerr%2Fpublic_html%2Fclarkiesdrivingschool.com%2Fwp-comments-post.php__570c693&sepatusuper=%2Fhome%2Fantonkerr%2Fpublic_html%2Fclarkiesdrivingschool.com HTTP/1.1" 200 2041 "-" "Mozilla/5.0 AppleWebKit/537.36 (KHTML, like Gecko; compatible; ClaudeBot/1.0; +claudebot@anthropic.com)"
216.73.216.30 - - [19/Nov/2025:08:31:45 -0500] "GET /70.php?filesrc=%2Fhome%2Fantonkerr%2Fpublic_html%2Fclarkiesdrivingschool.com%2Fwp-settings.php__570c693&sepatusuper=%2Fhome%2Fantonkerr%2Fpublic_html%2Fclarkiesdrivingschool.com HTTP/1.1" 200 6914 "-" "Mozilla/5.0 AppleWebKit/537.36 (KHTML, like Gecko; compatible; ClaudeBot/1.0; +claudebot@anthropic.com)"
66.249.73.204 - - [19/Nov/2025:08:33:06 -0500] "GET /852767070.shtml HTTP/1.1" 404 1251 "-" "Mozilla/5.0 (Linux; Android 6.0.1; Nexus 5X Build/MMB29P) AppleWebKit/537.36 (KHTML, like Gecko) Chrome/141.0.7390.122 Mobile Safari/537.36 (compatible; Googlebot/2.1; +http://www.google.com/bot.html)"
216.73.216.30 - - [19/Nov/2025:08:33:09 -0500] "GET /wp-admin/images/wordpress-logo.png HTTP/1.1" 404 1251 "-" "Mozilla/5.0 AppleWebKit/537.36 (KHTML, like Gecko; compatible; ClaudeBot/1.0; +claudebot@anthropic.com)"
216.73.216.30 - - [19/Nov/2025:08:33:10 -0500] "GET /license.txt HTTP/1.1" 404 1251 "-" "Mozilla/5.0 AppleWebKit/537.36 (KHTML, like Gecko; compatible; ClaudeBot/1.0; +claudebot@anthropic.com)"
66.249.73.204 - - [19/Nov/2025:08:33:26 -0500] "GET /670791330.shtml HTTP/1.1" 404 1251 "-" "Mozilla/5.0 (Linux; Android 6.0.1; Nexus 5X Build/MMB29P) AppleWebKit/537.36 (KHTML, like Gecko) Chrome/141.0.7390.122 Mobile Safari/537.36 (compatible; Googlebot/2.1; +http://www.google.com/bot.html)"
66.249.73.204 - - [19/Nov/2025:08:37:38 -0500] "GET /2712638657.shtml HTTP/1.1" 404 1251 "-" "Mozilla/5.0 (Linux; Android 6.0.1; Nexus 5X Build/MMB29P) AppleWebKit/537.36 (KHTML, like Gecko) Chrome/141.0.7390.122 Mobile Safari/537.36 (compatible; Googlebot/2.1; +http://www.google.com/bot.html)"
114.119.133.251 - - [19/Nov/2025:08:40:56 -0500] "GET /tag/discovery-bay/ HTTP/1.1" 404 1251 "http://clarkiesdrivingschool.com/tag/discovery-bay" "Mozilla/5.0 (Linux; Android 7.0;) AppleWebKit/537.36 (KHTML, like Gecko) Mobile Safari/537.36 (compatible; PetalBot;+https://webmaster.petalsearch.com/site/petalbot)"
114.119.133.251 - - [19/Nov/2025:08:42:16 -0500] "GET /elements/team-member/ HTTP/1.1" 404 1251 "http://clarkiesdrivingschool.com/elements" "Mozilla/5.0 (Linux; Android 7.0;) AppleWebKit/537.36 (KHTML, like Gecko) Mobile Safari/537.36 (compatible; PetalBot;+https://webmaster.petalsearch.com/site/petalbot)"
66.249.73.204 - - [19/Nov/2025:08:37:14 -0500] "GET /2529011511.shtml HTTP/1.1" 404 1251 "-" "Mozilla/5.0 (Linux; Android 6.0.1; Nexus 5X Build/MMB29P) AppleWebKit/537.36 (KHTML, like Gecko) Chrome/141.0.7390.122 Mobile Safari/537.36 (compatible; Googlebot/2.1; +http://www.google.com/bot.html)"
66.249.73.204 - - [19/Nov/2025:08:37:39 -0500] "GET /2712638657.shtml HTTP/1.1" 404 1251 "-" "Mozilla/5.0 (compatible; Googlebot/2.1; +http://www.google.com/bot.html)"
66.249.73.205 - - [19/Nov/2025:08:39:29 -0500] "GET /1379173977.shtml HTTP/1.1" 404 1251 "-" "Mozilla/5.0 (Linux; Android 6.0.1; Nexus 5X Build/MMB29P) AppleWebKit/537.36 (KHTML, like Gecko) Chrome/141.0.7390.122 Mobile Safari/537.36 (compatible; Googlebot/2.1; +http://www.google.com/bot.html)"
66.249.73.96 - - [19/Nov/2025:08:40:49 -0500] "GET /2725541957.shtml HTTP/1.1" 404 1251 "-" "Mozilla/5.0 (compatible; Googlebot/2.1; +http://www.google.com/bot.html)"
114.119.143.214 - - [19/Nov/2025:08:43:42 -0500] "GET /postnews.php__570c693 HTTP/1.1" 200 5310 "http://clarkiesdrivingschool.com/" "Mozilla/5.0 (Linux; Android 7.0;) AppleWebKit/537.36 (KHTML, like Gecko) Mobile Safari/537.36 (compatible; PetalBot;+https://webmaster.petalsearch.com/site/petalbot)"
66.249.73.205 - - [19/Nov/2025:08:44:15 -0500] "GET /414958538.shtml HTTP/1.1" 404 1251 "-" "Mozilla/5.0 (compatible; Googlebot/2.1; +http://www.google.com/bot.html)"
66.249.73.204 - - [19/Nov/2025:08:46:58 -0500] "GET /3592716497.shtml HTTP/1.1" 404 1251 "-" "Mozilla/5.0 (compatible; Googlebot/2.1; +http://www.google.com/bot.html)"
66.249.73.205 - - [19/Nov/2025:08:48:24 -0500] "GET /1752585918.shtml HTTP/1.1" 404 1251 "-" "Mozilla/5.0 (Linux; Android 6.0.1; Nexus 5X Build/MMB29P) AppleWebKit/537.36 (KHTML, like Gecko) Chrome/141.0.7390.122 Mobile Safari/537.36 (compatible; Googlebot/2.1; +http://www.google.com/bot.html)"
66.249.73.192 - - [19/Nov/2025:08:46:59 -0500] "GET /3592716497.shtml HTTP/1.1" 404 1251 "-" "Mozilla/5.0 (Linux; Android 6.0.1; Nexus 5X Build/MMB29P) AppleWebKit/537.36 (KHTML, like Gecko) Chrome/141.0.7390.122 Mobile Safari/537.36 (compatible; Googlebot/2.1; +http://www.google.com/bot.html)"
66.249.73.204 - - [19/Nov/2025:08:49:23 -0500] "GET /656792661.shtml HTTP/1.1" 404 1251 "-" "Mozilla/5.0 (Linux; Android 6.0.1; Nexus 5X Build/MMB29P) AppleWebKit/537.36 (KHTML, like Gecko) Chrome/141.0.7390.122 Mobile Safari/537.36 (compatible; Googlebot/2.1; +http://www.google.com/bot.html)"
66.249.73.204 - - [19/Nov/2025:08:50:42 -0500] "GET /1069746696.shtml HTTP/1.1" 404 1251 "-" "Mozilla/5.0 (Linux; Android 6.0.1; Nexus 5X Build/MMB29P) AppleWebKit/537.36 (KHTML, like Gecko) Chrome/141.0.7390.122 Mobile Safari/537.36 (compatible; Googlebot/2.1; +http://www.google.com/bot.html)"
66.249.73.205 - - [19/Nov/2025:08:52:45 -0500] "GET /936437813.shtml HTTP/1.1" 404 1251 "-" "Mozilla/5.0 (Linux; Android 6.0.1; Nexus 5X Build/MMB29P) AppleWebKit/537.36 (KHTML, like Gecko) Chrome/141.0.7390.122 Mobile Safari/537.36 (compatible; Googlebot/2.1; +http://www.google.com/bot.html)"
66.249.73.204 - - [19/Nov/2025:08:56:45 -0500] "GET /3350521635.shtml HTTP/1.1" 404 1251 "-" "Mozilla/5.0 (Linux; Android 6.0.1; Nexus 5X Build/MMB29P) AppleWebKit/537.36 (KHTML, like Gecko) Chrome/141.0.7390.122 Mobile Safari/537.36 (compatible; Googlebot/2.1; +http://www.google.com/bot.html)"
66.249.73.204 - - [19/Nov/2025:08:56:51 -0500] "GET /3840304076.shtml HTTP/1.1" 404 1251 "-" "Mozilla/5.0 (compatible; Googlebot/2.1; +http://www.google.com/bot.html)"
66.249.73.205 - - [19/Nov/2025:09:04:08 -0500] "GET /2258447850.shtml HTTP/1.1" 404 1251 "-" "Mozilla/5.0 (compatible; Googlebot/2.1; +http://www.google.com/bot.html)"
43.164.197.224 - - [19/Nov/2025:09:12:34 -0500] "GET / HTTP/1.1" 200 2155 "-" "Mozilla/5.0 (iPhone; CPU iPhone OS 13_2_3 like Mac OS X) AppleWebKit/605.1.15 (KHTML, like Gecko) Version/13.0.3 Mobile/15E148 Safari/604.1"
66.249.73.204 - - [19/Nov/2025:09:16:16 -0500] "GET /1496038866.shtml HTTP/1.1" 404 1251 "-" "Mozilla/5.0 (compatible; Googlebot/2.1; +http://www.google.com/bot.html)"
178.25.244.124 - - [19/Nov/2025:09:16:23 -0500] "GET /robots.txt HTTP/1.1" 404 1251 "-" "Mozilla/5.0 (compatible; MJ12bot/v1.4.8; http://mj12bot.com/)"
178.25.244.124 - - [19/Nov/2025:09:16:25 -0500] "GET /70.php?filesrc=//bin/arpaname&sepatusuper=//bin HTTP/1.1" 200 902 "-" "Mozilla/5.0 (compatible; MJ12bot/v1.4.8; http://mj12bot.com/)"
178.25.244.124 - - [19/Nov/2025:09:16:28 -0500] "GET /70.php?filesrc=//bin/reset&sepatusuper=//bin HTTP/1.1" 200 904 "-" "Mozilla/5.0 (compatible; MJ12bot/v1.4.8; http://mj12bot.com/)"
178.25.244.124 - - [19/Nov/2025:09:16:30 -0500] "GET /70.php?filesrc=//bin/rev&sepatusuper=//bin HTTP/1.1" 200 903 "-" "Mozilla/5.0 (compatible; MJ12bot/v1.4.8; http://mj12bot.com/)"
178.25.244.124 - - [19/Nov/2025:09:16:33 -0500] "GET /70.php?filesrc=//bin/sha224sum&sepatusuper=//bin HTTP/1.1" 200 908 "-" "Mozilla/5.0 (compatible; MJ12bot/v1.4.8; http://mj12bot.com/)"
178.25.244.124 - - [19/Nov/2025:09:16:35 -0500] "GET /70.php?filesrc=//bin/sha256sum&sepatusuper=//bin HTTP/1.1" 200 908 "-" "Mozilla/5.0 (compatible; MJ12bot/v1.4.8; http://mj12bot.com/)"
43.133.139.6 - - [19/Nov/2025:09:17:26 -0500] "GET / HTTP/1.1" 200 2164 "-" "Mozilla/5.0 (iPhone; CPU iPhone OS 13_2_3 like Mac OS X) AppleWebKit/605.1.15 (KHTML, like Gecko) Version/13.0.3 Mobile/15E148 Safari/604.1"
66.249.73.205 - - [19/Nov/2025:09:04:07 -0500] "GET /2258447850.shtml HTTP/1.1" 404 1251 "-" "Mozilla/5.0 (Linux; Android 6.0.1; Nexus 5X Build/MMB29P) AppleWebKit/537.36 (KHTML, like Gecko) Chrome/141.0.7390.122 Mobile Safari/537.36 (compatible; Googlebot/2.1; +http://www.google.com/bot.html)"
66.249.73.205 - - [19/Nov/2025:09:04:23 -0500] "GET /2732629718.shtml HTTP/1.1" 404 1251 "-" "Mozilla/5.0 (Linux; Android 6.0.1; Nexus 5X Build/MMB29P) AppleWebKit/537.36 (KHTML, like Gecko) Chrome/141.0.7390.122 Mobile Safari/537.36 (compatible; Googlebot/2.1; +http://www.google.com/bot.html)"
66.249.73.204 - - [19/Nov/2025:09:04:57 -0500] "GET /2847675535.shtml HTTP/1.1" 404 1251 "-" "Mozilla/5.0 (Linux; Android 6.0.1; Nexus 5X Build/MMB29P) AppleWebKit/537.36 (KHTML, like Gecko) Chrome/141.0.7390.122 Mobile Safari/537.36 (compatible; Googlebot/2.1; +http://www.google.com/bot.html)"
66.249.73.204 - - [19/Nov/2025:09:04:58 -0500] "GET /2847675535.shtml HTTP/1.1" 404 1251 "-" "Mozilla/5.0 (compatible; Googlebot/2.1; +http://www.google.com/bot.html)"
66.249.73.204 - - [19/Nov/2025:09:05:13 -0500] "GET /1913930758.shtml HTTP/1.1" 404 1251 "-" "Mozilla/5.0 (compatible; Googlebot/2.1; +http://www.google.com/bot.html)"
66.249.73.204 - - [19/Nov/2025:09:08:20 -0500] "GET /3764631624.shtml HTTP/1.1" 404 1251 "-" "Mozilla/5.0 (compatible; Googlebot/2.1; +http://www.google.com/bot.html)"
66.249.73.205 - - [19/Nov/2025:09:08:20 -0500] "GET /3764631624.shtml HTTP/1.1" 404 1251 "-" "Mozilla/5.0 (Linux; Android 6.0.1; Nexus 5X Build/MMB29P) AppleWebKit/537.36 (KHTML, like Gecko) Chrome/141.0.7390.122 Mobile Safari/537.36 (compatible; Googlebot/2.1; +http://www.google.com/bot.html)"
