66.249.73.205 - - [19/Nov/2025:09:10:04 -0500] "GET /1661961409.shtml HTTP/1.1" 404 1251 "-" "Mozilla/5.0 (Linux; Android 6.0.1; Nexus 5X Build/MMB29P) AppleWebKit/537.36 (KHTML, like Gecko) Chrome/141.0.7390.122 Mobile Safari/537.36 (compatible; Googlebot/2.1; +http://www.google.com/bot.html)"
66.249.73.204 - - [19/Nov/2025:09:12:45 -0500] "GET /2157843176.shtml HTTP/1.1" 404 1251 "-" "Mozilla/5.0 (Linux; Android 6.0.1; Nexus 5X Build/MMB29P) AppleWebKit/537.36 (KHTML, like Gecko) Chrome/141.0.7390.122 Mobile Safari/537.36 (compatible; Googlebot/2.1; +http://www.google.com/bot.html)"
178.25.244.124 - - [19/Nov/2025:09:16:27 -0500] "GET /70.php?filesrc=//bin/replace&sepatusuper=//bin HTTP/1.1" 200 903 "-" "Mozilla/5.0 (compatible; MJ12bot/v1.4.8; http://mj12bot.com/)"
178.25.244.124 - - [19/Nov/2025:09:16:32 -0500] "GET /70.php?filesrc=//bin/rm&sepatusuper=//bin HTTP/1.1" 200 901 "-" "Mozilla/5.0 (compatible; MJ12bot/v1.4.8; http://mj12bot.com/)"
66.249.73.205 - - [19/Nov/2025:09:22:25 -0500] "GET /867771508.shtml HTTP/1.1" 404 1251 "-" "Mozilla/5.0 (compatible; Googlebot/2.1; +http://www.google.com/bot.html)"
66.249.73.204 - - [19/Nov/2025:09:23:07 -0500] "GET /4283915615.shtml HTTP/1.1" 404 1251 "-" "Mozilla/5.0 (compatible; Googlebot/2.1; +http://www.google.com/bot.html)"
66.249.73.204 - - [19/Nov/2025:09:24:53 -0500] "GET /1687788782.shtml HTTP/1.1" 404 1251 "-" "Mozilla/5.0 (Linux; Android 6.0.1; Nexus 5X Build/MMB29P) AppleWebKit/537.36 (KHTML, like Gecko) Chrome/141.0.7390.122 Mobile Safari/537.36 (compatible; Googlebot/2.1; +http://www.google.com/bot.html)"
103.163.161.30 - - [19/Nov/2025:09:25:30 -0500] "GET /style.php HTTP/1.1" 404 1251 "-" "Go-http-client/1.1"
103.163.161.30 - - [19/Nov/2025:09:25:34 -0500] "GET /wp-admin/style.php HTTP/1.1" 404 1251 "-" "Go-http-client/1.1"
103.163.161.30 - - [19/Nov/2025:09:25:34 -0500] "GET /wp-includes/style.php HTTP/1.1" 404 1251 "-" "Go-http-client/1.1"
103.163.161.30 - - [19/Nov/2025:09:25:37 -0500] "GET /file.php HTTP/1.1" 404 1251 "-" "Go-http-client/1.1"
103.163.161.30 - - [19/Nov/2025:09:25:38 -0500] "GET /gifclass.php HTTP/1.1" 404 1251 "-" "Go-http-client/1.1"
103.163.161.30 - - [19/Nov/2025:09:25:40 -0500] "GET /bless.php HTTP/1.1" 404 1251 "-" "Go-http-client/1.1"
103.163.161.30 - - [19/Nov/2025:09:25:40 -0500] "GET /blurbs.php HTTP/1.1" 404 1251 "-" "Go-http-client/1.1"
103.163.161.30 - - [19/Nov/2025:09:25:44 -0500] "GET /abcd.php HTTP/1.1" 404 1251 "-" "Go-http-client/1.1"
103.163.161.30 - - [19/Nov/2025:09:25:47 -0500] "GET /cord.php HTTP/1.1" 404 1251 "-" "Go-http-client/1.1"
103.163.161.30 - - [19/Nov/2025:09:25:52 -0500] "GET /wp-content/plugins/hellopress/wp_mna.php HTTP/1.1" 404 1251 "-" "Go-http-client/1.1"
103.163.161.30 - - [19/Nov/2025:09:25:56 -0500] "GET /133.php HTTP/1.1" 404 1251 "-" "Go-http-client/1.1"
103.163.161.30 - - [19/Nov/2025:09:25:57 -0500] "GET /ahax.php HTTP/1.1" 404 1251 "-" "Go-http-client/1.1"
103.163.161.30 - - [19/Nov/2025:09:25:57 -0500] "GET /php8.php HTTP/1.1" 404 1251 "-" "Go-http-client/1.1"
103.163.161.30 - - [19/Nov/2025:09:25:58 -0500] "GET /lufix1.php HTTP/1.1" 404 1251 "-" "Go-http-client/1.1"
103.163.161.30 - - [19/Nov/2025:09:25:59 -0500] "GET /witmm.php HTTP/1.1" 404 1251 "-" "Go-http-client/1.1"
103.163.161.30 - - [19/Nov/2025:09:26:08 -0500] "GET /wp-editor.php HTTP/1.1" 404 1251 "-" "Go-http-client/1.1"
170.106.35.187 - - [19/Nov/2025:09:28:07 -0500] "GET /wp-admin__570c693/ HTTP/1.1" 200 698 "-" "Mozilla/5.0 (iPhone; CPU iPhone OS 13_2_3 like Mac OS X) AppleWebKit/605.1.15 (KHTML, like Gecko) Version/13.0.3 Mobile/15E148 Safari/604.1"
66.249.73.205 - - [19/Nov/2025:09:28:26 -0500] "GET /3843190860.shtml HTTP/1.1" 404 1251 "-" "Mozilla/5.0 (compatible; Googlebot/2.1; +http://www.google.com/bot.html)"
66.249.73.204 - - [19/Nov/2025:09:28:52 -0500] "GET /1038557856.shtml HTTP/1.1" 404 1251 "-" "Mozilla/5.0 (compatible; Googlebot/2.1; +http://www.google.com/bot.html)"
66.249.73.204 - - [19/Nov/2025:09:29:44 -0500] "GET /3152321691.shtml HTTP/1.1" 404 1251 "-" "Mozilla/5.0 (Linux; Android 6.0.1; Nexus 5X Build/MMB29P) AppleWebKit/537.36 (KHTML, like Gecko) Chrome/141.0.7390.122 Mobile Safari/537.36 (compatible; Googlebot/2.1; +http://www.google.com/bot.html)"
66.249.73.205 - - [19/Nov/2025:09:30:40 -0500] "GET /433518660.shtml HTTP/1.1" 404 1251 "-" "Mozilla/5.0 (compatible; Googlebot/2.1; +http://www.google.com/bot.html)"
142.54.235.9 - - [19/Nov/2025:09:32:57 -0500] "GET / HTTP/1.0" 200 9639 "http://clarkiesdrivingschool.com/" "Mozilla/5.0 (Windows NT 10.0; Win64; x64) AppleWebKit/537.36 (KHTML, like Gecko) Chrome/131.0.0.0 Safari/537.36"
103.163.161.30 - - [19/Nov/2025:09:25:31 -0500] "GET /wp-content/style.php HTTP/1.1" 404 1251 "-" "Go-http-client/1.1"
103.163.161.30 - - [19/Nov/2025:09:25:33 -0500] "GET /wp-content/themes/style.php HTTP/1.1" 404 1251 "-" "Go-http-client/1.1"
103.163.161.30 - - [19/Nov/2025:09:25:35 -0500] "GET /chosen.php?p= HTTP/1.1" 404 1251 "-" "Go-http-client/1.1"
103.163.161.30 - - [19/Nov/2025:09:25:37 -0500] "GET /flower.php HTTP/1.1" 404 1251 "-" "Go-http-client/1.1"
103.163.161.30 - - [19/Nov/2025:09:25:40 -0500] "GET /class-t.api.php HTTP/1.1" 404 1251 "-" "Go-http-client/1.1"
103.163.161.30 - - [19/Nov/2025:09:25:42 -0500] "GET /akcc.php HTTP/1.1" 404 1251 "-" "Go-http-client/1.1"
103.163.161.30 - - [19/Nov/2025:09:25:46 -0500] "GET /shelp.php HTTP/1.1" 404 1251 "-" "Go-http-client/1.1"
103.163.161.30 - - [19/Nov/2025:09:25:48 -0500] "GET /dex.php HTTP/1.1" 404 1251 "-" "Go-http-client/1.1"
103.163.161.30 - - [19/Nov/2025:09:25:49 -0500] "GET /wp-admin/admin-ajax.php HTTP/1.1" 404 1251 "-" "Go-http-client/1.1"
103.163.161.30 - - [19/Nov/2025:09:25:50 -0500] "GET /file2.php HTTP/1.1" 404 1251 "-" "Go-http-client/1.1"
103.163.161.30 - - [19/Nov/2025:09:25:51 -0500] "GET //zwso.php HTTP/1.1" 404 1251 "-" "Go-http-client/1.1"
103.163.161.30 - - [19/Nov/2025:09:25:52 -0500] "GET /wp-admin/zwso.php HTTP/1.1" 404 1251 "-" "Go-http-client/1.1"
103.163.161.30 - - [19/Nov/2025:09:25:54 -0500] "GET /bolt.php HTTP/1.1" 404 1251 "-" "Go-http-client/1.1"
103.163.161.30 - - [19/Nov/2025:09:25:55 -0500] "GET /shlo.php HTTP/1.1" 404 1251 "-" "Go-http-client/1.1"
103.163.161.30 - - [19/Nov/2025:09:26:01 -0500] "GET /wp-admin/css/index.php HTTP/1.1" 404 1251 "-" "Go-http-client/1.1"
103.163.161.30 - - [19/Nov/2025:09:26:03 -0500] "GET /wp-content/plugins/index.php HTTP/1.1" 404 1251 "-" "Go-http-client/1.1"
103.163.161.30 - - [19/Nov/2025:09:26:03 -0500] "GET /wp-content/index.php HTTP/1.1" 404 1251 "-" "Go-http-client/1.1"
103.163.161.30 - - [19/Nov/2025:09:26:05 -0500] "GET /ioxi-o.php HTTP/1.1" 404 1251 "-" "Go-http-client/1.1"
103.163.161.30 - - [19/Nov/2025:09:26:06 -0500] "GET /222.php HTTP/1.1" 404 1251 "-" "Go-http-client/1.1"
103.163.161.30 - - [19/Nov/2025:09:26:07 -0500] "GET /files.php HTTP/1.1" 404 1251 "-" "Go-http-client/1.1"
66.249.73.205 - - [19/Nov/2025:09:26:43 -0500] "GET /698047025.shtml HTTP/1.1" 404 1251 "-" "Mozilla/5.0 (compatible; Googlebot/2.1; +http://www.google.com/bot.html)"
66.249.73.205 - - [19/Nov/2025:09:29:06 -0500] "GET /39104475.shtml HTTP/1.1" 404 1251 "-" "Mozilla/5.0 (Linux; Android 6.0.1; Nexus 5X Build/MMB29P) AppleWebKit/537.36 (KHTML, like Gecko) Chrome/141.0.7390.122 Mobile Safari/537.36 (compatible; Googlebot/2.1; +http://www.google.com/bot.html)"
66.249.73.204 - - [19/Nov/2025:09:29:40 -0500] "GET /3596507470.shtml HTTP/1.1" 404 1251 "-" "Mozilla/5.0 (compatible; Googlebot/2.1; +http://www.google.com/bot.html)"
142.54.235.9 - - [19/Nov/2025:09:32:56 -0500] "GET /contact/ HTTP/1.0" 404 1251 "http://clarkiesdrivingschool.com/contact/" "Mozilla/5.0 (Windows NT 10.0; Win64; x64) AppleWebKit/537.36 (KHTML, like Gecko) Chrome/131.0.0.0 Safari/537.36"
66.249.73.192 - - [19/Nov/2025:09:34:56 -0500] "GET /118882633.shtml HTTP/1.1" 404 1251 "-" "Mozilla/5.0 (compatible; Googlebot/2.1; +http://www.google.com/bot.html)"
66.249.73.192 - - [19/Nov/2025:09:37:34 -0500] "GET /2907490630.shtml HTTP/1.1" 404 1251 "-" "Mozilla/5.0 (compatible; Googlebot/2.1; +http://www.google.com/bot.html)"
66.249.73.205 - - [19/Nov/2025:09:38:11 -0500] "GET /2356426235.shtml HTTP/1.1" 404 1251 "-" "Mozilla/5.0 (Linux; Android 6.0.1; Nexus 5X Build/MMB29P) AppleWebKit/537.36 (KHTML, like Gecko) Chrome/141.0.7390.122 Mobile Safari/537.36 (compatible; Googlebot/2.1; +http://www.google.com/bot.html)"
66.249.73.204 - - [19/Nov/2025:09:38:21 -0500] "GET /2953690154.shtml HTTP/1.1" 404 1251 "-" "Mozilla/5.0 (compatible; Googlebot/2.1; +http://www.google.com/bot.html)"
94.103.90.150 - - [19/Nov/2025:09:40:33 -0500] "GET / HTTP/1.0" 200 9639 "http://clarkiesdrivingschool.com/" "Mozilla/5.0 (Windows NT 10.0; Win64; x64) AppleWebKit/537.36 (KHTML, like Gecko) Chrome/131.0.0.0 Safari/537.36 Avast/131.0.0.0"
216.73.216.30 - - [19/Nov/2025:09:43:19 -0500] "GET /robots.txt HTTP/1.1" 404 1251 "-" "Mozilla/5.0 AppleWebKit/537.36 (KHTML, like Gecko; compatible; ClaudeBot/1.0; +claudebot@anthropic.com)"
216.73.216.30 - - [19/Nov/2025:09:43:20 -0500] "GET /70.php?filesrc=%2Fhome%2Fantonkerr%2Fpublic_html%2Ferror_log&sepatusuper=%2Fhome%2Fantonkerr%2Fpublic_html HTTP/1.1" 200 9438 "-" "Mozilla/5.0 AppleWebKit/537.36 (KHTML, like Gecko; compatible; ClaudeBot/1.0; +claudebot@anthropic.com)"
216.73.216.30 - - [19/Nov/2025:09:43:20 -0500] "GET /70.php?filesrc=%2Fhome%2Fantonkerr%2Fpublic_html%2Fwp-comments-post.php&sepatusuper=%2Fhome%2Fantonkerr%2Fpublic_html HTTP/1.1" 200 2007 "-" "Mozilla/5.0 AppleWebKit/537.36 (KHTML, like Gecko; compatible; ClaudeBot/1.0; +claudebot@anthropic.com)"
216.73.216.30 - - [19/Nov/2025:09:43:21 -0500] "GET /70.php?filesrc=%2Fhome%2Fantonkerr%2Fpublic_html%2Fwp-signup.php&sepatusuper=%2Fhome%2Fantonkerr%2Fpublic_html HTTP/1.1" 200 9402 "-" "Mozilla/5.0 AppleWebKit/537.36 (KHTML, like Gecko; compatible; ClaudeBot/1.0; +claudebot@anthropic.com)"
216.73.216.30 - - [19/Nov/2025:09:43:21 -0500] "GET /70.php?filesrc=%2Fhome%2Fantonkerr%2Fpublic_html%2Findex.php&sepatusuper=%2Fhome%2Fantonkerr%2Fpublic_html HTTP/1.1" 200 1146 "-" "Mozilla/5.0 AppleWebKit/537.36 (KHTML, like Gecko; compatible; ClaudeBot/1.0; +claudebot@anthropic.com)"
216.73.216.30 - - [19/Nov/2025:09:43:22 -0500] "GET /70.php?filesrc=%2Fhome%2Fantonkerr%2Fpublic_html%2Fwp-trackback.php&sepatusuper=%2Fhome%2Fantonkerr%2Fpublic_html HTTP/1.1" 200 2747 "-" "Mozilla/5.0 AppleWebKit/537.36 (KHTML, like Gecko; compatible; ClaudeBot/1.0; +claudebot@anthropic.com)"
216.73.216.30 - - [19/Nov/2025:09:44:30 -0500] "GET /70.php?sepatusuper=%2Fhome%2Fantonkerr%2Fpublic_html%2Fjs HTTP/1.1" 200 1228 "-" "Mozilla/5.0 AppleWebKit/537.36 (KHTML, like Gecko; compatible; ClaudeBot/1.0; +claudebot@anthropic.com)"
216.73.216.30 - - [19/Nov/2025:09:44:31 -0500] "GET /70.php?filesrc=%2Fhome%2Fantonkerr%2Fpublic_html%2Flicense.txt&sepatusuper=%2Fhome%2Fantonkerr%2Fpublic_html HTTP/1.1" 200 8325 "-" "Mozilla/5.0 AppleWebKit/537.36 (KHTML, like Gecko; compatible; ClaudeBot/1.0; +claudebot@anthropic.com)"
216.73.216.30 - - [19/Nov/2025:09:44:31 -0500] "GET /70.php?filesrc=%2Fhome%2Fantonkerr%2Fpublic_html%2F.litespeed_flag&sepatusuper=%2Fhome%2Fantonkerr%2Fpublic_html HTTP/1.1" 200 1109 "-" "Mozilla/5.0 AppleWebKit/537.36 (KHTML, like Gecko; compatible; ClaudeBot/1.0; +claudebot@anthropic.com)"
216.73.216.30 - - [19/Nov/2025:09:44:32 -0500] "GET /70.php?filesrc=%2Fhome%2Fantonkerr%2Fpublic_html%2F.hcflag&sepatusuper=%2Fhome%2Fantonkerr%2Fpublic_html HTTP/1.1" 200 974 "-" "Mozilla/5.0 AppleWebKit/537.36 (KHTML, like Gecko; compatible; ClaudeBot/1.0; +claudebot@anthropic.com)"
216.73.216.30 - - [19/Nov/2025:09:45:31 -0500] "GET /70.php?sepatusuper=%2Fhome%2Fantonkerr%2Fpublic_html%2Fwp-admin HTTP/1.1" 200 4002 "-" "Mozilla/5.0 AppleWebKit/537.36 (KHTML, like Gecko; compatible; ClaudeBot/1.0; +claudebot@anthropic.com)"
66.249.73.205 - - [19/Nov/2025:09:38:12 -0500] "GET /2356426235.shtml HTTP/1.1" 404 1251 "-" "Mozilla/5.0 (compatible; Googlebot/2.1; +http://www.google.com/bot.html)"
94.103.90.150 - - [19/Nov/2025:09:40:32 -0500] "GET /contact/ HTTP/1.0" 404 1251 "http://clarkiesdrivingschool.com/contact/" "Mozilla/5.0 (Windows NT 10.0; Win64; x64) AppleWebKit/537.36 (KHTML, like Gecko) Chrome/131.0.0.0 Safari/537.36 Avast/131.0.0.0"
66.249.73.204 - - [19/Nov/2025:09:41:48 -0500] "GET /76562772.shtml HTTP/1.1" 404 1251 "-" "Mozilla/5.0 (compatible; Googlebot/2.1; +http://www.google.com/bot.html)"
101.32.52.164 - - [19/Nov/2025:09:41:59 -0500] "GET /wp-blog-header.php__570c693 HTTP/1.1" 200 1824 "-" "Mozilla/5.0 (iPhone; CPU iPhone OS 13_2_3 like Mac OS X) AppleWebKit/605.1.15 (KHTML, like Gecko) Version/13.0.3 Mobile/15E148 Safari/604.1"
216.73.216.30 - - [19/Nov/2025:09:43:20 -0500] "GET /70.php?filesrc=%2Fhome%2Fantonkerr%2Fpublic_html%2Freadme.html&sepatusuper=%2Fhome%2Fantonkerr%2Fpublic_html HTTP/1.1" 200 3964 "-" "Mozilla/5.0 AppleWebKit/537.36 (KHTML, like Gecko; compatible; ClaudeBot/1.0; +claudebot@anthropic.com)"
216.73.216.30 - - [19/Nov/2025:09:43:22 -0500] "GET /70.php?filesrc=%2Fhome%2Fantonkerr%2Fpublic_html%2Fwp-load.php&sepatusuper=%2Fhome%2Fantonkerr%2Fpublic_html HTTP/1.1" 200 2572 "-" "Mozilla/5.0 AppleWebKit/537.36 (KHTML, like Gecko; compatible; ClaudeBot/1.0; +claudebot@anthropic.com)"
216.73.216.30 - - [19/Nov/2025:09:43:23 -0500] "GET /70.php?filesrc=%2Fhome%2Fantonkerr%2Fpublic_html%2Fwp-mail.php&sepatusuper=%2Fhome%2Fantonkerr%2Fpublic_html HTTP/1.1" 200 3998 "-" "Mozilla/5.0 AppleWebKit/537.36 (KHTML, like Gecko; compatible; ClaudeBot/1.0; +claudebot@anthropic.com)"
216.73.216.30 - - [19/Nov/2025:09:44:32 -0500] "GET /70.php?filesrc=%2Fhome%2Fantonkerr%2Fpublic_html%2Fparking-page.html&sepatusuper=%2Fhome%2Fantonkerr%2Fpublic_html HTTP/1.1" 200 2155 "-" "Mozilla/5.0 AppleWebKit/537.36 (KHTML, like Gecko; compatible; ClaudeBot/1.0; +claudebot@anthropic.com)"
216.73.216.30 - - [19/Nov/2025:09:44:33 -0500] "GET /70.php?filesrc=%2Fhome%2Fantonkerr%2Fpublic_html%2F.htaccess.bk&sepatusuper=%2Fhome%2Fantonkerr%2Fpublic_html HTTP/1.1" 403 1242 "-" "Mozilla/5.0 AppleWebKit/537.36 (KHTML, like Gecko; compatible; ClaudeBot/1.0; +claudebot@anthropic.com)"
216.73.216.30 - - [19/Nov/2025:09:44:33 -0500] "GET /70.php?filesrc=%2Fhome%2Fantonkerr%2Fpublic_html%2F.htaccess&sepatusuper=%2Fhome%2Fantonkerr%2Fpublic_html HTTP/1.1" 403 1242 "-" "Mozilla/5.0 AppleWebKit/537.36 (KHTML, like Gecko; compatible; ClaudeBot/1.0; +claudebot@anthropic.com)"
216.73.216.30 - - [19/Nov/2025:09:44:34 -0500] "GET /70.php?filesrc=%2Fhome%2Fantonkerr%2Fpublic_html%2Fparking-page.shtml&sepatusuper=%2Fhome%2Fantonkerr%2Fpublic_html HTTP/1.1" 200 2309 "-" "Mozilla/5.0 AppleWebKit/537.36 (KHTML, like Gecko; compatible; ClaudeBot/1.0; +claudebot@anthropic.com)"
69.171.234.31 - - [19/Nov/2025:09:44:43 -0500] "GET /wp-content/uploads/2022/02/cropped-Untitled-design-4-192x192.png HTTP/1.1" 404 1251 "-" "facebookexternalhit/1.1 (+http://www.facebook.com/externalhit_uatext.php)"
216.73.216.30 - - [19/Nov/2025:09:45:31 -0500] "GET /70.php?sepatusuper=%2Fhome%2Fantonkerr%2Fpublic_html%2Fcgi-bin HTTP/1.1" 200 1034 "-" "Mozilla/5.0 AppleWebKit/537.36 (KHTML, like Gecko; compatible; ClaudeBot/1.0; +claudebot@anthropic.com)"
216.73.216.30 - - [19/Nov/2025:09:45:31 -0500] "GET /70.php?filesrc=%2Fhome%2Fantonkerr%2Fkur.php&sepatusuper=%2Fhome%2Fantonkerr HTTP/1.1" 200 23905 "-" "Mozilla/5.0 AppleWebKit/537.36 (KHTML, like Gecko; compatible; ClaudeBot/1.0; +claudebot@anthropic.com)"
216.73.216.30 - - [19/Nov/2025:09:47:16 -0500] "GET /70.php?filesrc=%2Fhome%2Fantonkerr%2Fcpbackup-exclude.conf&sepatusuper=%2Fhome%2Fantonkerr HTTP/1.1" 200 942 "-" "Mozilla/5.0 AppleWebKit/537.36 (KHTML, like Gecko; compatible; ClaudeBot/1.0; +claudebot@anthropic.com)"
216.73.216.30 - - [19/Nov/2025:09:45:32 -0500] "GET /70.php?sepatusuper=%2Fhome%2Fantonkerr%2Fpublic_html%2Fssl HTTP/1.1" 200 1240 "-" "Mozilla/5.0 AppleWebKit/537.36 (KHTML, like Gecko; compatible; ClaudeBot/1.0; +claudebot@anthropic.com)"
216.73.216.30 - - [19/Nov/2025:09:45:32 -0500] "GET /70.php?sepatusuper=%2Fhome%2Fantonkerr%2Fpublic_html%2Fcss HTTP/1.1" 200 1253 "-" "Mozilla/5.0 AppleWebKit/537.36 (KHTML, like Gecko; compatible; ClaudeBot/1.0; +claudebot@anthropic.com)"
216.73.216.30 - - [19/Nov/2025:09:45:33 -0500] "GET /70.php?sepatusuper=%2Fhome%2Fantonkerr%2Fpublic_html%2Fwp-includes HTTP/1.1" 200 8619 "-" "Mozilla/5.0 AppleWebKit/537.36 (KHTML, like Gecko; compatible; ClaudeBot/1.0; +claudebot@anthropic.com)"
216.73.216.30 - - [19/Nov/2025:09:45:33 -0500] "GET /70.php?filesrc=%2Fhome%2Fantonkerr%2Fpublic_html%2Ffalmouthtravelguide.com-20180206-191838-247.wpress&sepatusuper=%2Fhome%2Fantonkerr%2Fpublic_html HTTP/1.1" 200 976 "-" "Mozilla/5.0 AppleWebKit/537.36 (KHTML, like Gecko; compatible; ClaudeBot/1.0; +claudebot@anthropic.com)"
216.73.216.30 - - [19/Nov/2025:09:45:34 -0500] "GET /70.php?sepatusuper=%2Fhome%2Fantonkerr%2Fpublic_html%2Fwp-content HTTP/1.1" 200 1494 "-" "Mozilla/5.0 AppleWebKit/537.36 (KHTML, like Gecko; compatible; ClaudeBot/1.0; +claudebot@anthropic.com)"
216.73.216.30 - - [19/Nov/2025:09:47:17 -0500] "GET /70.php?sepatusuper=%2Fhome%2Fantonkerr%2Fpublic_html%2Fantsmantours.com HTTP/1.1" 200 1328 "-" "Mozilla/5.0 AppleWebKit/537.36 (KHTML, like Gecko; compatible; ClaudeBot/1.0; +claudebot@anthropic.com)"
216.73.216.30 - - [19/Nov/2025:09:47:18 -0500] "GET /70.php?sepatusuper=%2Fhome%2Fantonkerr%2Fpublic_html%2Fchristopheviptours.com HTTP/1.1" 200 2123 "-" "Mozilla/5.0 AppleWebKit/537.36 (KHTML, like Gecko; compatible; ClaudeBot/1.0; +claudebot@anthropic.com)"
216.73.216.30 - - [19/Nov/2025:09:47:18 -0500] "GET /70.php?sepatusuper=%2Fhome%2Fantonkerr%2Fpublic_html%2Fimages HTTP/1.1" 200 1227 "-" "Mozilla/5.0 AppleWebKit/537.36 (KHTML, like Gecko; compatible; ClaudeBot/1.0; +claudebot@anthropic.com)"
216.73.216.30 - - [19/Nov/2025:09:47:19 -0500] "GET /70.php?sepatusuper=%2Fhome%2Fantonkerr%2Fpublic_html%2Fassets HTTP/1.1" 200 1238 "-" "Mozilla/5.0 AppleWebKit/537.36 (KHTML, like Gecko; compatible; ClaudeBot/1.0; +claudebot@anthropic.com)"
216.73.216.30 - - [19/Nov/2025:09:47:19 -0500] "GET /70.php?sepatusuper=%2Fhome%2Fantonkerr%2Fpublic_html%2Fnc_assets HTTP/1.1" 200 1266 "-" "Mozilla/5.0 AppleWebKit/537.36 (KHTML, like Gecko; compatible; ClaudeBot/1.0; +claudebot@anthropic.com)"
216.73.216.30 - - [19/Nov/2025:09:48:15 -0500] "GET /70.php?filesrc=%2Fhome%2Fantonkerr%2F.bashrc&sepatusuper=%2Fhome%2Fantonkerr HTTP/1.1" 200 997 "-" "Mozilla/5.0 AppleWebKit/537.36 (KHTML, like Gecko; compatible; ClaudeBot/1.0; +claudebot@anthropic.com)"
216.73.216.30 - - [19/Nov/2025:09:48:15 -0500] "GET /70.php?sepatusuper=%2Fhome%2Fantonkerr%2Fpublic_html%2Frocklandsbirdsanctuary.info HTTP/1.1" 200 1614 "-" "Mozilla/5.0 AppleWebKit/537.36 (KHTML, like Gecko; compatible; ClaudeBot/1.0; +claudebot@anthropic.com)"
216.73.216.30 - - [19/Nov/2025:09:48:16 -0500] "GET /70.php?sepatusuper=%2Fhome%2Fantonkerr%2Fpublic_html%2Fmodernoptionsjamaica.com HTTP/1.1" 200 2108 "-" "Mozilla/5.0 AppleWebKit/537.36 (KHTML, like Gecko; compatible; ClaudeBot/1.0; +claudebot@anthropic.com)"
216.73.216.30 - - [19/Nov/2025:09:49:05 -0500] "GET /70.php?sepatusuper=%2Fhome%2Fantonkerr%2Fpublic_ftp HTTP/1.1" 200 1199 "-" "Mozilla/5.0 AppleWebKit/537.36 (KHTML, like Gecko; compatible; ClaudeBot/1.0; +claudebot@anthropic.com)"
216.73.216.30 - - [19/Nov/2025:09:49:06 -0500] "GET /70.php?filesrc=%2Fhome%2Fantonkerr%2F.zshrc&sepatusuper=%2Fhome%2Fantonkerr HTTP/1.1" 200 1296 "-" "Mozilla/5.0 AppleWebKit/537.36 (KHTML, like Gecko; compatible; ClaudeBot/1.0; +claudebot@anthropic.com)"
216.73.216.30 - - [19/Nov/2025:09:47:17 -0500] "GET /70.php?sepatusuper=%2Fhome%2Fantonkerr%2Fpublic_html%2Fdaltonstours.com HTTP/1.1" 200 2349 "-" "Mozilla/5.0 AppleWebKit/537.36 (KHTML, like Gecko; compatible; ClaudeBot/1.0; +claudebot@anthropic.com)"
216.73.216.30 - - [19/Nov/2025:09:47:20 -0500] "GET /70.php?sepatusuper=%2Fhome%2Fantonkerr%2Fpublic_html%2Fcar HTTP/1.1" 200 1996 "-" "Mozilla/5.0 AppleWebKit/537.36 (KHTML, like Gecko; compatible; ClaudeBot/1.0; +claudebot@anthropic.com)"
216.73.216.30 - - [19/Nov/2025:09:48:15 -0500] "GET /70.php?sepatusuper=%2Fhome%2Fantonkerr%2Fpublic_html%2F.well-known HTTP/1.1" 200 1222 "-" "Mozilla/5.0 AppleWebKit/537.36 (KHTML, like Gecko; compatible; ClaudeBot/1.0; +claudebot@anthropic.com)"
216.73.216.30 - - [19/Nov/2025:09:48:16 -0500] "GET /70.php?filesrc=%2Fhome%2Fantonkerr%2F.bash_profile&sepatusuper=%2Fhome%2Fantonkerr HTTP/1.1" 200 1041 "-" "Mozilla/5.0 AppleWebKit/537.36 (KHTML, like Gecko; compatible; ClaudeBot/1.0; +claudebot@anthropic.com)"
216.73.216.30 - - [19/Nov/2025:09:48:17 -0500] "GET /70.php?sepatusuper=%2Fhome%2Fantonkerr%2Fpublic_html%2Fjutatourslucea.com HTTP/1.1" 200 2128 "-" "Mozilla/5.0 AppleWebKit/537.36 (KHTML, like Gecko; compatible; ClaudeBot/1.0; +claudebot@anthropic.com)"
216.73.216.30 - - [19/Nov/2025:09:48:17 -0500] "GET /70.php?sepatusuper=%2Fhome%2Fantonkerr%2Fpublic_html%2Fpioneeringcc.com HTTP/1.1" 200 2159 "-" "Mozilla/5.0 AppleWebKit/537.36 (KHTML, like Gecko; compatible; ClaudeBot/1.0; +claudebot@anthropic.com)"
216.73.216.30 - - [19/Nov/2025:09:49:05 -0500] "GET /70.php?filesrc=%2Fhome%2Fantonkerr%2F.last.inodes&sepatusuper=%2Fhome%2Fantonkerr HTTP/1.1" 200 2183 "-" "Mozilla/5.0 AppleWebKit/537.36 (KHTML, like Gecko; compatible; ClaudeBot/1.0; +claudebot@anthropic.com)"
216.73.216.30 - - [19/Nov/2025:09:49:06 -0500] "GET /70.php?filesrc=%2Fhome%2Fantonkerr%2F.gemrc&sepatusuper=%2Fhome%2Fantonkerr HTTP/1.1" 200 1022 "-" "Mozilla/5.0 AppleWebKit/537.36 (KHTML, like Gecko; compatible; ClaudeBot/1.0; +claudebot@anthropic.com)"
216.73.216.30 - - [19/Nov/2025:09:49:08 -0500] "GET /70.php?filesrc=%2Fhome%2Fantonkerr%2F.bash_logout&sepatusuper=%2Fhome%2Fantonkerr HTTP/1.1" 200 940 "-" "Mozilla/5.0 AppleWebKit/537.36 (KHTML, like Gecko; compatible; ClaudeBot/1.0; +claudebot@anthropic.com)"
121.229.156.53 - - [19/Nov/2025:09:49:53 -0500] "GET / HTTP/1.1" 200 2164 "-" "Sogou web spider/4.0(+http://www.sogou.com/docs/help/webmasters.htm#07)"
216.73.216.30 - - [19/Nov/2025:09:50:07 -0500] "GET /70.php?sepatusuper=%2Fhome%2Fantonkerr%2F.sqmailattach HTTP/1.1" 200 1028 "-" "Mozilla/5.0 AppleWebKit/537.36 (KHTML, like Gecko; compatible; ClaudeBot/1.0; +claudebot@anthropic.com)"
216.73.216.30 - - [19/Nov/2025:09:50:08 -0500] "GET /70.php?sepatusuper=%2Fhome%2Fantonkerr%2Ftmp HTTP/1.1" 200 1970 "-" "Mozilla/5.0 AppleWebKit/537.36 (KHTML, like Gecko; compatible; ClaudeBot/1.0; +claudebot@anthropic.com)"
216.73.216.30 - - [19/Nov/2025:09:50:09 -0500] "GET /70.php?filesrc=%2Fhome%2Fantonkerr%2F.contactemail&sepatusuper=%2Fhome%2Fantonkerr HTTP/1.1" 200 953 "-" "Mozilla/5.0 AppleWebKit/537.36 (KHTML, like Gecko; compatible; ClaudeBot/1.0; +claudebot@anthropic.com)"
216.73.216.30 - - [19/Nov/2025:09:50:38 -0500] "GET /70.php?sepatusuper=%2Fhome%2Fantonkerr%2F.nc_plugin HTTP/1.1" 200 1021 "-" "Mozilla/5.0 AppleWebKit/537.36 (KHTML, like Gecko; compatible; ClaudeBot/1.0; +claudebot@anthropic.com)"
216.73.216.30 - - [19/Nov/2025:09:50:39 -0500] "GET /70.php?sepatusuper=%2Fhome%2Fantonkerr%2Faccess-logs HTTP/1.1" 200 1729 "-" "Mozilla/5.0 AppleWebKit/537.36 (KHTML, like Gecko; compatible; ClaudeBot/1.0; +claudebot@anthropic.com)"
216.73.216.30 - - [19/Nov/2025:09:50:40 -0500] "GET /70.php?sepatusuper=%2Fhome%2Fantonkerr%2F.cpanel HTTP/1.1" 200 1616 "-" "Mozilla/5.0 AppleWebKit/537.36 (KHTML, like Gecko; compatible; ClaudeBot/1.0; +claudebot@anthropic.com)"
216.73.216.30 - - [19/Nov/2025:09:50:41 -0500] "GET /70.php?sepatusuper=%2Fhome%2Fantonkerr%2F.cl.selector HTTP/1.1" 200 1373 "-" "Mozilla/5.0 AppleWebKit/537.36 (KHTML, like Gecko; compatible; ClaudeBot/1.0; +claudebot@anthropic.com)"
66.249.73.204 - - [19/Nov/2025:09:50:45 -0500] "GET /3037869970.shtml HTTP/1.1" 404 1251 "-" "Mozilla/5.0 (Linux; Android 6.0.1; Nexus 5X Build/MMB29P) AppleWebKit/537.36 (KHTML, like Gecko) Chrome/141.0.7390.122 Mobile Safari/537.36 (compatible; Googlebot/2.1; +http://www.google.com/bot.html)"
216.73.216.30 - - [19/Nov/2025:09:49:07 -0500] "GET /70.php?filesrc=%2Fhome%2Fantonkerr%2F.imunify_patch_id&sepatusuper=%2Fhome%2Fantonkerr HTTP/1.1" 200 1018 "-" "Mozilla/5.0 AppleWebKit/537.36 (KHTML, like Gecko; compatible; ClaudeBot/1.0; +claudebot@anthropic.com)"
216.73.216.30 - - [19/Nov/2025:09:49:07 -0500] "GET /70.php?sepatusuper=%2Fhome%2Fantonkerr%2Fperl5 HTTP/1.1" 200 1223 "-" "Mozilla/5.0 AppleWebKit/537.36 (KHTML, like Gecko; compatible; ClaudeBot/1.0; +claudebot@anthropic.com)"
216.73.216.30 - - [19/Nov/2025:09:50:07 -0500] "GET /70.php?sepatusuper=%2Fhome%2Fantonkerr%2Flscache HTTP/1.1" 200 1509 "-" "Mozilla/5.0 AppleWebKit/537.36 (KHTML, like Gecko; compatible; ClaudeBot/1.0; +claudebot@anthropic.com)"
216.73.216.30 - - [19/Nov/2025:09:50:08 -0500] "GET /70.php?sepatusuper=%2Fhome%2Fantonkerr%2Fssl HTTP/1.1" 200 1396 "-" "Mozilla/5.0 AppleWebKit/537.36 (KHTML, like Gecko; compatible; ClaudeBot/1.0; +claudebot@anthropic.com)"
216.73.216.30 - - [19/Nov/2025:09:50:09 -0500] "GET /70.php?sepatusuper=%2Fhome%2Fantonkerr%2Fpublic_html%2Fgiftbasketjamaica.com HTTP/1.1" 200 2146 "-" "Mozilla/5.0 AppleWebKit/537.36 (KHTML, like Gecko; compatible; ClaudeBot/1.0; +claudebot@anthropic.com)"
216.73.216.30 - - [19/Nov/2025:09:50:10 -0500] "GET /70.php?filesrc=%2Fhome%2Fantonkerr%2F.myimunify_id&sepatusuper=%2Fhome%2Fantonkerr HTTP/1.1" 200 1007 "-" "Mozilla/5.0 AppleWebKit/537.36 (KHTML, like Gecko; compatible; ClaudeBot/1.0; +claudebot@anthropic.com)"
66.249.73.204 - - [19/Nov/2025:09:50:37 -0500] "GET /324550514.shtml HTTP/1.1" 404 1251 "-" "Mozilla/5.0 (compatible; Googlebot/2.1; +http://www.google.com/bot.html)"
216.73.216.30 - - [19/Nov/2025:09:50:38 -0500] "GET /70.php?sepatusuper=%2Fhome%2Fantonkerr%2Fwww HTTP/1.1" 200 2621 "-" "Mozilla/5.0 AppleWebKit/537.36 (KHTML, like Gecko; compatible; ClaudeBot/1.0; +claudebot@anthropic.com)"
216.73.216.30 - - [19/Nov/2025:09:50:39 -0500] "GET /70.php?sepatusuper=%2Fhome%2Fantonkerr%2F.ftp-scan HTTP/1.1" 200 1373 "-" "Mozilla/5.0 AppleWebKit/537.36 (KHTML, like Gecko; compatible; ClaudeBot/1.0; +claudebot@anthropic.com)"
216.73.216.30 - - [19/Nov/2025:09:50:40 -0500] "GET /70.php?sepatusuper=%2Fhome%2Fantonkerr%2Fpublic_html%2Fairporttaxijamaica.com HTTP/1.1" 200 2035 "-" "Mozilla/5.0 AppleWebKit/537.36 (KHTML, like Gecko; compatible; ClaudeBot/1.0; +claudebot@anthropic.com)"
170.106.161.78 - - [19/Nov/2025:09:51:13 -0500] "GET /wp-comments-post.php__570c693 HTTP/1.1" 200 2323 "-" "Mozilla/5.0 (iPhone; CPU iPhone OS 13_2_3 like Mac OS X) AppleWebKit/605.1.15 (KHTML, like Gecko) Version/13.0.3 Mobile/15E148 Safari/604.1"
216.73.216.30 - - [19/Nov/2025:09:51:40 -0500] "GET /70.php?sepatusuper=%2Fhome%2Fantonkerr%2Fetc HTTP/1.1" 200 1930 "-" "Mozilla/5.0 AppleWebKit/537.36 (KHTML, like Gecko; compatible; ClaudeBot/1.0; +claudebot@anthropic.com)"
216.73.216.30 - - [19/Nov/2025:09:51:40 -0500] "GET /70.php?sepatusuper=%2Fhome%2Fantonkerr%2F.subaccounts HTTP/1.1" 200 1215 "-" "Mozilla/5.0 AppleWebKit/537.36 (KHTML, like Gecko; compatible; ClaudeBot/1.0; +claudebot@anthropic.com)"
216.73.216.30 - - [19/Nov/2025:09:51:41 -0500] "GET /70.php?sepatusuper=%2Fhome%2Fantonkerr%2F.trash HTTP/1.1" 200 1209 "-" "Mozilla/5.0 AppleWebKit/537.36 (KHTML, like Gecko; compatible; ClaudeBot/1.0; +claudebot@anthropic.com)"
216.73.216.30 - - [19/Nov/2025:09:51:42 -0500] "GET /70.php?sepatusuper=%2Fhome%2Fantonkerr%2Fsoftaculous_backups HTTP/1.1" 200 1796 "-" "Mozilla/5.0 AppleWebKit/537.36 (KHTML, like Gecko; compatible; ClaudeBot/1.0; +claudebot@anthropic.com)"
216.73.216.30 - - [19/Nov/2025:09:51:42 -0500] "GET /70.php?sepatusuper=%2Fhome%2Fantonkerr%2F.sqmaildata HTTP/1.1" 200 1305 "-" "Mozilla/5.0 AppleWebKit/537.36 (KHTML, like Gecko; compatible; ClaudeBot/1.0; +claudebot@anthropic.com)"
216.73.216.30 - - [19/Nov/2025:09:52:20 -0500] "GET /70.php?sepatusuper=%2Fhome%2Fantonkerr%2F.cagefs HTTP/1.1" 200 1233 "-" "Mozilla/5.0 AppleWebKit/537.36 (KHTML, like Gecko; compatible; ClaudeBot/1.0; +claudebot@anthropic.com)"
216.73.216.30 - - [19/Nov/2025:09:52:21 -0500] "GET /70.php?sepatusuper=%2Fhome%2Fantonkerr%2F.htpasswds HTTP/1.1" 403 1242 "-" "Mozilla/5.0 AppleWebKit/537.36 (KHTML, like Gecko; compatible; ClaudeBot/1.0; +claudebot@anthropic.com)"
216.73.216.30 - - [19/Nov/2025:09:52:21 -0500] "GET /70.php?sepatusuper=%2Fhome%2Fantonkerr%2F.clwpos HTTP/1.1" 200 1209 "-" "Mozilla/5.0 AppleWebKit/537.36 (KHTML, like Gecko; compatible; ClaudeBot/1.0; +claudebot@anthropic.com)"
216.73.216.30 - - [19/Nov/2025:09:52:23 -0500] "GET /70.php?sepatusuper=%2Fhome%2Fantonkerr%2F.pki HTTP/1.1" 200 1198 "-" "Mozilla/5.0 AppleWebKit/537.36 (KHTML, like Gecko; compatible; ClaudeBot/1.0; +claudebot@anthropic.com)"
216.73.216.30 - - [19/Nov/2025:09:53:10 -0500] "GET /70.php?filesrc=%2Fhome%2Fantonkerr%2Fpublic_html%2Fwp-settings.php&sepatusuper=%2Fhome%2Fantonkerr%2Fpublic_html HTTP/1.1" 200 6852 "-" "Mozilla/5.0 AppleWebKit/537.36 (KHTML, like Gecko; compatible; ClaudeBot/1.0; +claudebot@anthropic.com)"
216.73.216.30 - - [19/Nov/2025:09:53:12 -0500] "GET /70.php?filesrc=%2Fhome%2Fantonkerr%2Fpublic_html%2Fwp-config.php&sepatusuper=%2Fhome%2Fantonkerr%2Fpublic_html HTTP/1.1" 403 1242 "-" "Mozilla/5.0 AppleWebKit/537.36 (KHTML, like Gecko; compatible; ClaudeBot/1.0; +claudebot@anthropic.com)"
216.73.216.30 - - [19/Nov/2025:09:53:14 -0500] "GET /70.php?filesrc=%2Fhome%2Fantonkerr%2Fpublic_html%2Fwp-cron.php&sepatusuper=%2Fhome%2Fantonkerr%2Fpublic_html HTTP/1.1" 200 3070 "-" "Mozilla/5.0 AppleWebKit/537.36 (KHTML, like Gecko; compatible; ClaudeBot/1.0; +claudebot@anthropic.com)"
66.249.73.204 - - [19/Nov/2025:09:53:38 -0500] "GET /3100019584.shtml HTTP/1.1" 404 1251 "-" "Mozilla/5.0 (compatible; Googlebot/2.1; +http://www.google.com/bot.html)"
66.249.73.204 - - [19/Nov/2025:09:54:53 -0500] "GET /106096095.shtml HTTP/1.1" 404 1251 "-" "Mozilla/5.0 (Linux; Android 6.0.1; Nexus 5X Build/MMB29P) AppleWebKit/537.36 (KHTML, like Gecko) Chrome/141.0.7390.122 Mobile Safari/537.36 (compatible; Googlebot/2.1; +http://www.google.com/bot.html)"
112.86.225.204 - - [19/Nov/2025:09:56:41 -0500] "GET / HTTP/1.1" 200 2155 "-" "Sogou web spider/4.0(+http://www.sogou.com/docs/help/webmasters.htm#07)"
216.73.216.30 - - [19/Nov/2025:09:58:41 -0500] "GET /70.php?sepatusuper=%2F%2Fhome3 HTTP/1.1" 200 980 "-" "Mozilla/5.0 AppleWebKit/537.36 (KHTML, like Gecko; compatible; ClaudeBot/1.0; +claudebot@anthropic.com)"
216.73.216.30 - - [19/Nov/2025:09:58:41 -0500] "GET /70.php?sepatusuper=%2F%2Fhome HTTP/1.1" 200 1157 "-" "Mozilla/5.0 AppleWebKit/537.36 (KHTML, like Gecko; compatible; ClaudeBot/1.0; +claudebot@anthropic.com)"
216.73.216.30 - - [19/Nov/2025:09:51:39 -0500] "GET /70.php?sepatusuper=%2Fhome%2Fantonkerr%2F.caldav HTTP/1.1" 200 1687 "-" "Mozilla/5.0 AppleWebKit/537.36 (KHTML, like Gecko; compatible; ClaudeBot/1.0; +claudebot@anthropic.com)"
216.73.216.30 - - [19/Nov/2025:09:51:41 -0500] "GET /70.php?sepatusuper=%2Fhome%2Fantonkerr%2Fmail HTTP/1.1" 200 2702 "-" "Mozilla/5.0 AppleWebKit/537.36 (KHTML, like Gecko; compatible; ClaudeBot/1.0; +claudebot@anthropic.com)"
216.73.216.30 - - [19/Nov/2025:09:52:20 -0500] "GET /70.php?sepatusuper=%2Fhome%2Fantonkerr%2F.softaculous HTTP/1.1" 200 1660 "-" "Mozilla/5.0 AppleWebKit/537.36 (KHTML, like Gecko; compatible; ClaudeBot/1.0; +claudebot@anthropic.com)"
216.73.216.30 - - [19/Nov/2025:09:52:22 -0500] "GET /70.php?sepatusuper=%2Fhome%2Fantonkerr%2F.cphorde HTTP/1.1" 200 1365 "-" "Mozilla/5.0 AppleWebKit/537.36 (KHTML, like Gecko; compatible; ClaudeBot/1.0; +claudebot@anthropic.com)"
216.73.216.30 - - [19/Nov/2025:09:52:22 -0500] "GET /70.php?sepatusuper=%2Fhome%2Fantonkerr%2Flogs HTTP/1.1" 200 3537 "-" "Mozilla/5.0 AppleWebKit/537.36 (KHTML, like Gecko; compatible; ClaudeBot/1.0; +claudebot@anthropic.com)"
216.73.216.30 - - [19/Nov/2025:09:53:11 -0500] "GET /70.php?filesrc=%2Fhome%2Fantonkerr%2Fpublic_html%2Fwp-activate.php&sepatusuper=%2Fhome%2Fantonkerr%2Fpublic_html HTTP/1.1" 200 3532 "-" "Mozilla/5.0 AppleWebKit/537.36 (KHTML, like Gecko; compatible; ClaudeBot/1.0; +claudebot@anthropic.com)"
216.73.216.30 - - [19/Nov/2025:09:53:11 -0500] "GET /70.php?filesrc=%2Fhome%2Fantonkerr%2Fpublic_html%2Fxmlrpc.php&sepatusuper=%2Fhome%2Fantonkerr%2Fpublic_html HTTP/1.1" 200 2398 "-" "Mozilla/5.0 AppleWebKit/537.36 (KHTML, like Gecko; compatible; ClaudeBot/1.0; +claudebot@anthropic.com)"
216.73.216.30 - - [19/Nov/2025:09:53:12 -0500] "GET /70.php?filesrc=%2Fhome%2Fantonkerr%2Fpublic_html%2Fwp-links-opml.php&sepatusuper=%2Fhome%2Fantonkerr%2Fpublic_html HTTP/1.1" 200 2102 "-" "Mozilla/5.0 AppleWebKit/537.36 (KHTML, like Gecko; compatible; ClaudeBot/1.0; +claudebot@anthropic.com)"
216.73.216.30 - - [19/Nov/2025:09:53:13 -0500] "GET /70.php?filesrc=%2Fhome%2Fantonkerr%2Fpublic_html%2Fwp-config-sample.php&sepatusuper=%2Fhome%2Fantonkerr%2Fpublic_html HTTP/1.1" 200 2139 "-" "Mozilla/5.0 AppleWebKit/537.36 (KHTML, like Gecko; compatible; ClaudeBot/1.0; +claudebot@anthropic.com)"
216.73.216.30 - - [19/Nov/2025:09:53:14 -0500] "GET /70.php?filesrc=%2Fhome%2Fantonkerr%2Fpublic_html%2Fwp-blog-header.php&sepatusuper=%2Fhome%2Fantonkerr%2Fpublic_html HTTP/1.1" 200 1134 "-" "Mozilla/5.0 AppleWebKit/537.36 (KHTML, like Gecko; compatible; ClaudeBot/1.0; +claudebot@anthropic.com)"
216.73.216.30 - - [19/Nov/2025:10:00:09 -0500] "GET /70.php?sepatusuper=%2F%2Flib64 HTTP/1.1" 200 38182 "-" "Mozilla/5.0 AppleWebKit/537.36 (KHTML, like Gecko; compatible; ClaudeBot/1.0; +claudebot@anthropic.com)"
216.73.216.30 - - [19/Nov/2025:10:01:19 -0500] "GET /70.php?sepatusuper=%2F%2Fopt HTTP/1.1" 200 1551 "-" "Mozilla/5.0 AppleWebKit/537.36 (KHTML, like Gecko; compatible; ClaudeBot/1.0; +claudebot@anthropic.com)"
216.73.216.30 - - [19/Nov/2025:10:01:19 -0500] "GET /70.php?sepatusuper=%2F%2Fsbin HTTP/1.1" 200 2470 "-" "Mozilla/5.0 AppleWebKit/537.36 (KHTML, like Gecko; compatible; ClaudeBot/1.0; +claudebot@anthropic.com)"
216.73.216.30 - - [19/Nov/2025:10:01:34 -0500] "GET /70.php?sepatusuper=%2F%2Fdev HTTP/1.1" 200 1358 "-" "Mozilla/5.0 AppleWebKit/537.36 (KHTML, like Gecko; compatible; ClaudeBot/1.0; +claudebot@anthropic.com)"
216.73.216.30 - - [19/Nov/2025:10:01:34 -0500] "GET /70.php?sepatusuper=%2F%2Fvar HTTP/1.1" 200 1440 "-" "Mozilla/5.0 AppleWebKit/537.36 (KHTML, like Gecko; compatible; ClaudeBot/1.0; +claudebot@anthropic.com)"
216.73.216.30 - - [19/Nov/2025:10:02:40 -0500] "GET /70.php?sepatusuper=%2F%2Frun HTTP/1.1" 200 1579 "-" "Mozilla/5.0 AppleWebKit/537.36 (KHTML, like Gecko; compatible; ClaudeBot/1.0; +claudebot@anthropic.com)"
216.73.216.30 - - [19/Nov/2025:10:02:40 -0500] "GET /70.php?sepatusuper=%2F%2Fproc HTTP/1.1" 200 2809 "-" "Mozilla/5.0 AppleWebKit/537.36 (KHTML, like Gecko; compatible; ClaudeBot/1.0; +claudebot@anthropic.com)"
216.73.216.30 - - [19/Nov/2025:10:04:15 -0500] "GET /70.php?sepatusuper=%2F%2Fbin HTTP/1.1" 200 13395 "-" "Mozilla/5.0 AppleWebKit/537.36 (KHTML, like Gecko; compatible; ClaudeBot/1.0; +claudebot@anthropic.com)"
216.73.216.30 - - [19/Nov/2025:10:04:15 -0500] "GET /70.php?sepatusuper=%2F%2Ftmp HTTP/1.1" 200 3941 "-" "Mozilla/5.0 AppleWebKit/537.36 (KHTML, like Gecko; compatible; ClaudeBot/1.0; +claudebot@anthropic.com)"
216.73.216.30 - - [19/Nov/2025:09:58:42 -0500] "GET /70.php?sepatusuper=%2F%2Fhome2 HTTP/1.1" 200 980 "-" "Mozilla/5.0 AppleWebKit/537.36 (KHTML, like Gecko; compatible; ClaudeBot/1.0; +claudebot@anthropic.com)"
216.73.216.30 - - [19/Nov/2025:09:59:58 -0500] "GET /70.php?sepatusuper=%2F%2Fusr HTTP/1.1" 200 1371 "-" "Mozilla/5.0 AppleWebKit/537.36 (KHTML, like Gecko; compatible; ClaudeBot/1.0; +claudebot@anthropic.com)"
216.73.216.30 - - [19/Nov/2025:09:59:58 -0500] "GET /70.php?sepatusuper=%2F%2Fhome1 HTTP/1.1" 200 980 "-" "Mozilla/5.0 AppleWebKit/537.36 (KHTML, like Gecko; compatible; ClaudeBot/1.0; +claudebot@anthropic.com)"
43.157.53.115 - - [19/Nov/2025:10:00:03 -0500] "GET /wp-settings.php__570c693 HTTP/1.1" 200 29032 "-" "Mozilla/5.0 (iPhone; CPU iPhone OS 13_2_3 like Mac OS X) AppleWebKit/605.1.15 (KHTML, like Gecko) Version/13.0.3 Mobile/15E148 Safari/604.1"
216.73.216.30 - - [19/Nov/2025:10:00:09 -0500] "GET /70.php?sepatusuper=%2F%2Flib HTTP/1.1" 200 2144 "-" "Mozilla/5.0 AppleWebKit/537.36 (KHTML, like Gecko; compatible; ClaudeBot/1.0; +claudebot@anthropic.com)"
66.249.73.205 - - [19/Nov/2025:10:01:28 -0500] "GET /492578613.shtml HTTP/1.1" 404 1251 "-" "Mozilla/5.0 (compatible; Googlebot/2.1; +http://www.google.com/bot.html)"
216.73.216.30 - - [19/Nov/2025:10:03:05 -0500] "GET /70.php?sepatusuper=%2F%2Fetc HTTP/1.1" 200 3195 "-" "Mozilla/5.0 AppleWebKit/537.36 (KHTML, like Gecko; compatible; ClaudeBot/1.0; +claudebot@anthropic.com)"
216.73.216.30 - - [19/Nov/2025:10:03:05 -0500] "GET /70.php?sepatusuper=%2F%2Froot HTTP/1.1" 200 979 "-" "Mozilla/5.0 AppleWebKit/537.36 (KHTML, like Gecko; compatible; ClaudeBot/1.0; +claudebot@anthropic.com)"
66.249.73.204 - - [19/Nov/2025:10:04:52 -0500] "GET /1549643434.shtml HTTP/1.1" 404 1251 "-" "Mozilla/5.0 (compatible; Googlebot/2.1; +http://www.google.com/bot.html)"
66.249.73.205 - - [19/Nov/2025:10:10:21 -0500] "GET /639322578.shtml HTTP/1.1" 404 1251 "-" "Mozilla/5.0 (compatible; Googlebot/2.1; +http://www.google.com/bot.html)"
49.51.183.75 - - [19/Nov/2025:10:10:22 -0500] "GET /70.php HTTP/1.1" 200 2780 "-" "Mozilla/5.0 (iPhone; CPU iPhone OS 13_2_3 like Mac OS X) AppleWebKit/605.1.15 (KHTML, like Gecko) Version/13.0.3 Mobile/15E148 Safari/604.1"
122.225.32.37 - - [19/Nov/2025:10:16:30 -0500] "GET /wp-load.php__570c693 HTTP/1.1" 200 4096 "-" "Mozilla/5.0 (Windows NT 10.0; Win64; x64) AppleWebKit/537.36 (KHTML, like Gecko) Chrome/139.0.0.0 Safari/537.36"
66.249.73.204 - - [19/Nov/2025:10:20:49 -0500] "GET /918967730.shtml HTTP/1.1" 404 1251 "-" "Mozilla/5.0 (Linux; Android 6.0.1; Nexus 5X Build/MMB29P) AppleWebKit/537.36 (KHTML, like Gecko) Chrome/141.0.7390.122 Mobile Safari/537.36 (compatible; Googlebot/2.1; +http://www.google.com/bot.html)"
43.164.197.224 - - [19/Nov/2025:10:21:17 -0500] "GET /site__570c693/ HTTP/1.1" 200 694 "-" "Mozilla/5.0 (iPhone; CPU iPhone OS 13_2_3 like Mac OS X) AppleWebKit/605.1.15 (KHTML, like Gecko) Version/13.0.3 Mobile/15E148 Safari/604.1"
66.249.73.204 - - [19/Nov/2025:10:22:34 -0500] "GET /33351195.shtml HTTP/1.1" 404 1251 "-" "Mozilla/5.0 (Linux; Android 6.0.1; Nexus 5X Build/MMB29P) AppleWebKit/537.36 (KHTML, like Gecko) Chrome/141.0.7390.122 Mobile Safari/537.36 (compatible; Googlebot/2.1; +http://www.google.com/bot.html)"
13.127.235.39 - - [19/Nov/2025:10:24:58 -0500] "GET /wp-login.php HTTP/1.1" 404 1251 "-" "GRequests/0.10"
66.249.73.204 - - [19/Nov/2025:10:25:43 -0500] "GET /1070958811.shtml HTTP/1.1" 404 1251 "-" "Mozilla/5.0 (compatible; Googlebot/2.1; +http://www.google.com/bot.html)"
66.249.73.205 - - [19/Nov/2025:10:28:47 -0500] "GET /3995573811.shtml HTTP/1.1" 404 1251 "-" "Mozilla/5.0 (Linux; Android 6.0.1; Nexus 5X Build/MMB29P) AppleWebKit/537.36 (KHTML, like Gecko) Chrome/141.0.7390.122 Mobile Safari/537.36 (compatible; Googlebot/2.1; +http://www.google.com/bot.html)"
66.249.73.192 - - [19/Nov/2025:10:29:25 -0500] "GET /1317179055.shtml HTTP/1.1" 404 1251 "-" "Mozilla/5.0 (compatible; Googlebot/2.1; +http://www.google.com/bot.html)"
43.166.128.187 - - [19/Nov/2025:10:31:27 -0500] "GET /wp-admin__570c693/?MA HTTP/1.1" 200 700 "-" "Mozilla/5.0 (iPhone; CPU iPhone OS 13_2_3 like Mac OS X) AppleWebKit/605.1.15 (KHTML, like Gecko) Version/13.0.3 Mobile/15E148 Safari/604.1"
66.249.73.204 - - [19/Nov/2025:10:32:12 -0500] "GET /3747570059.shtml HTTP/1.1" 404 1251 "-" "Mozilla/5.0 (compatible; Googlebot/2.1; +http://www.google.com/bot.html)"
114.119.133.251 - - [19/Nov/2025:10:34:10 -0500] "GET /elements/accordion HTTP/1.1" 404 1251 "http://clarkiesdrivingschool.com/elements" "Mozilla/5.0 (Linux; Android 7.0;) AppleWebKit/537.36 (KHTML, like Gecko) Mobile Safari/537.36 (compatible; PetalBot;+https://webmaster.petalsearch.com/site/petalbot)"
15.181.1.51 - - [19/Nov/2025:10:34:22 -0500] "GET / HTTP/1.1" 200 2155 "-" "Mozilla/5.0 (Windows NT 10.0; Win64; x64) AppleWebKit/537.36 (KHTML, like Gecko) Chrome/58.0.3029.110 Safari/537.36"
15.181.1.51 - - [19/Nov/2025:10:34:23 -0500] "GET /_autoindex/assets/js/tablesort.number.js HTTP/1.1" 200 374 "-" "Mozilla/5.0 (Windows NT 10.0; Win64; x64) AppleWebKit/537.36 (KHTML, like Gecko) Chrome/58.0.3029.110 Safari/537.36"
66.249.73.204 - - [19/Nov/2025:10:39:33 -0500] "GET /727869106.shtml HTTP/1.1" 404 1251 "-" "Mozilla/5.0 (Linux; Android 6.0.1; Nexus 5X Build/MMB29P) AppleWebKit/537.36 (KHTML, like Gecko) Chrome/141.0.7390.122 Mobile Safari/537.36 (compatible; Googlebot/2.1; +http://www.google.com/bot.html)"
66.249.73.103 - - [19/Nov/2025:10:40:04 -0500] "GET /robots.txt HTTP/1.1" 404 1251 "-" "Mozilla/5.0 (compatible; Googlebot/2.1; +http://www.google.com/bot.html)"
43.130.26.3 - - [19/Nov/2025:10:42:43 -0500] "GET /70.php?sepatusuper=/home/antonkerr/public_html/clarkiesdrivingschool.com/wp-content__570c693 HTTP/1.1" 200 1207 "-" "Mozilla/5.0 (iPhone; CPU iPhone OS 13_2_3 like Mac OS X) AppleWebKit/605.1.15 (KHTML, like Gecko) Version/13.0.3 Mobile/15E148 Safari/604.1"
66.249.73.204 - - [19/Nov/2025:10:32:04 -0500] "GET /2206433365.shtml HTTP/1.1" 404 1251 "-" "Mozilla/5.0 (Linux; Android 6.0.1; Nexus 5X Build/MMB29P) AppleWebKit/537.36 (KHTML, like Gecko) Chrome/141.0.7390.122 Mobile Safari/537.36 (compatible; Googlebot/2.1; +http://www.google.com/bot.html)"
66.249.73.205 - - [19/Nov/2025:10:34:35 -0500] "GET /3937210077.shtml HTTP/1.1" 404 1251 "-" "Mozilla/5.0 (compatible; Googlebot/2.1; +http://www.google.com/bot.html)"
107.189.12.15 - - [19/Nov/2025:10:37:35 -0500] "GET /wp-login.php HTTP/1.1" 404 1251 "https://www.bing.com/" "Mozilla/5.0 (Macintosh; Intel Mac OS X 10_15_7) AppleWebKit/605.1.15 (KHTML, like Gecko) Version/16.6 Safari/605.1.15"
66.249.73.102 - - [19/Nov/2025:10:40:04 -0500] "GET /2802062680.shtml HTTP/1.1" 404 1251 "-" "Mozilla/5.0 (Linux; Android 6.0.1; Nexus 5X Build/MMB29P) AppleWebKit/537.36 (KHTML, like Gecko) Chrome/141.0.7390.122 Mobile Safari/537.36 (compatible; Googlebot/2.1; +http://www.google.com/bot.html)"
66.249.73.204 - - [19/Nov/2025:10:44:15 -0500] "GET /866628191.shtml HTTP/1.1" 404 1251 "-" "Mozilla/5.0 (compatible; Googlebot/2.1; +http://www.google.com/bot.html)"
66.249.73.204 - - [19/Nov/2025:10:47:56 -0500] "GET /2839201001.shtml HTTP/1.1" 404 1251 "-" "Mozilla/5.0 (Linux; Android 6.0.1; Nexus 5X Build/MMB29P) AppleWebKit/537.36 (KHTML, like Gecko) Chrome/141.0.7390.122 Mobile Safari/537.36 (compatible; Googlebot/2.1; +http://www.google.com/bot.html)"
66.249.73.192 - - [19/Nov/2025:10:50:11 -0500] "GET /3185762152.shtml HTTP/1.1" 404 1251 "-" "Mozilla/5.0 (compatible; Googlebot/2.1; +http://www.google.com/bot.html)"
66.249.73.205 - - [19/Nov/2025:10:52:32 -0500] "GET /3095499546.shtml HTTP/1.1" 404 1251 "-" "Mozilla/5.0 (compatible; Googlebot/2.1; +http://www.google.com/bot.html)"
216.73.216.30 - - [19/Nov/2025:10:53:47 -0500] "GET /70.php?filesrc=%2Fhome%2Fantonkerr%2Fpublic_html%2Fjs%2Fpie.htc&sepatusuper=%2Fhome%2Fantonkerr%2Fpublic_html%2Fjs HTTP/1.1" 200 12452 "-" "Mozilla/5.0 AppleWebKit/537.36 (KHTML, like Gecko; compatible; ClaudeBot/1.0; +claudebot@anthropic.com)"
66.249.73.204 - - [19/Nov/2025:10:55:19 -0500] "GET /666623681.shtml HTTP/1.1" 404 1251 "-" "Mozilla/5.0 (Linux; Android 6.0.1; Nexus 5X Build/MMB29P) AppleWebKit/537.36 (KHTML, like Gecko) Chrome/141.0.7390.122 Mobile Safari/537.36 (compatible; Googlebot/2.1; +http://www.google.com/bot.html)"
66.249.73.204 - - [19/Nov/2025:10:55:20 -0500] "GET /666623681.shtml HTTP/1.1" 404 1251 "-" "Mozilla/5.0 (compatible; Googlebot/2.1; +http://www.google.com/bot.html)"
40.77.167.108 - - [19/Nov/2025:10:56:07 -0500] "GET /robots.txt HTTP/1.1" 404 1251 "-" "Mozilla/5.0 AppleWebKit/537.36 (KHTML, like Gecko; compatible; bingbot/2.0; +http://www.bing.com/bingbot.htm) Chrome/116.0.1938.76 Safari/537.36"
52.167.144.146 - - [19/Nov/2025:10:56:12 -0500] "GET /?s= HTTP/1.1" 200 1849 "-" "Mozilla/5.0 AppleWebKit/537.36 (KHTML, like Gecko; compatible; bingbot/2.0; +http://www.bing.com/bingbot.htm) Chrome/116.0.1938.76 Safari/537.36"
216.73.216.30 - - [19/Nov/2025:10:56:35 -0500] "GET /70.php?filesrc=%2Fhome%2Fantonkerr%2Fpublic_html%2Fwp-includes%2Fmedia.php&sepatusuper=%2Fhome%2Fantonkerr%2Fpublic_html%2Fwp-includes HTTP/1.1" 200 51370 "-" "Mozilla/5.0 AppleWebKit/537.36 (KHTML, like Gecko; compatible; ClaudeBot/1.0; +claudebot@anthropic.com)"
216.73.216.30 - - [19/Nov/2025:10:56:36 -0500] "GET /70.php?filesrc=%2Fhome%2Fantonkerr%2Fpublic_html%2Fwp-includes%2Fclass-wp-duotone.php&sepatusuper=%2Fhome%2Fantonkerr%2Fpublic_html%2Fwp-includes HTTP/1.1" 200 10686 "-" "Mozilla/5.0 AppleWebKit/537.36 (KHTML, like Gecko; compatible; ClaudeBot/1.0; +claudebot@anthropic.com)"
216.73.216.30 - - [19/Nov/2025:10:56:38 -0500] "GET /70.php?filesrc=%2Fhome%2Fantonkerr%2Fpublic_html%2Fwp-admin%2Fplugin-install.php&sepatusuper=%2Fhome%2Fantonkerr%2Fpublic_html%2Fwp-admin HTTP/1.1" 200 3574 "-" "Mozilla/5.0 AppleWebKit/537.36 (KHTML, like Gecko; compatible; ClaudeBot/1.0; +claudebot@anthropic.com)"
216.73.216.30 - - [19/Nov/2025:10:56:38 -0500] "GET /70.php?filesrc=%2Fhome%2Fantonkerr%2Fpublic_html%2Fwp-admin%2Fupload.php&sepatusuper=%2Fhome%2Fantonkerr%2Fpublic_html%2Fwp-admin HTTP/1.1" 200 5184 "-" "Mozilla/5.0 AppleWebKit/537.36 (KHTML, like Gecko; compatible; ClaudeBot/1.0; +claudebot@anthropic.com)"
216.73.216.30 - - [19/Nov/2025:10:56:38 -0500] "GET /70.php?filesrc=%2Fhome%2Fantonkerr%2Fpublic_html%2Fwp-includes%2Fclass-wp-recovery-mode-link-service.php&sepatusuper=%2Fhome%2Fantonkerr%2Fpublic_html%2Fwp-includes HTTP/1.1" 200 2095 "-" "Mozilla/5.0 AppleWebKit/537.36 (KHTML, like Gecko; compatible; ClaudeBot/1.0; +claudebot@anthropic.com)"
216.73.216.30 - - [19/Nov/2025:10:56:39 -0500] "GET /70.php?filesrc=%2Fhome%2Fantonkerr%2Fpublic_html%2Fwp-includes%2Fclass-wp-recovery-mode-cookie-service.php&sepatusuper=%2Fhome%2Fantonkerr%2Fpublic_html%2Fwp-includes HTTP/1.1" 200 3080 "-" "Mozilla/5.0 AppleWebKit/537.36 (KHTML, like Gecko; compatible; ClaudeBot/1.0; +claudebot@anthropic.com)"
66.249.73.205 - - [19/Nov/2025:10:49:53 -0500] "GET /elements/maintenance/ HTTP/1.1" 404 1251 "-" "Mozilla/5.0 (Linux; Android 6.0.1; Nexus 5X Build/MMB29P) AppleWebKit/537.36 (KHTML, like Gecko) Chrome/141.0.7390.122 Mobile Safari/537.36 (compatible; Googlebot/2.1; +http://www.google.com/bot.html)"
43.166.136.202 - - [19/Nov/2025:10:50:19 -0500] "GET /70.php?filesrc=/home/antonkerr/public_html/clarkiesdrivingschool.com/.hcflag__570c693&sepatusuper=/home/antonkerr/public_html/clarkiesdrivingschool.com HTTP/1.1" 200 1127 "-" "Mozilla/5.0 (iPhone; CPU iPhone OS 13_2_3 like Mac OS X) AppleWebKit/605.1.15 (KHTML, like Gecko) Version/13.0.3 Mobile/15E148 Safari/604.1"
66.249.73.205 - - [19/Nov/2025:10:51:07 -0500] "GET /1009889962.shtml HTTP/1.1" 404 1251 "-" "Mozilla/5.0 (compatible; Googlebot/2.1; +http://www.google.com/bot.html)"
216.73.216.30 - - [19/Nov/2025:10:53:47 -0500] "GET /robots.txt HTTP/1.1" 404 1251 "-" "Mozilla/5.0 AppleWebKit/537.36 (KHTML, like Gecko; compatible; ClaudeBot/1.0; +claudebot@anthropic.com)"
66.249.73.205 - - [19/Nov/2025:10:54:37 -0500] "GET /148562542.shtml HTTP/1.1" 404 1251 "-" "Mozilla/5.0 (Linux; Android 6.0.1; Nexus 5X Build/MMB29P) AppleWebKit/537.36 (KHTML, like Gecko) Chrome/141.0.7390.122 Mobile Safari/537.36 (compatible; Googlebot/2.1; +http://www.google.com/bot.html)"
66.249.73.205 - - [19/Nov/2025:10:54:40 -0500] "GET /2940252441.shtml HTTP/1.1" 404 1251 "-" "Mozilla/5.0 (Linux; Android 6.0.1; Nexus 5X Build/MMB29P) AppleWebKit/537.36 (KHTML, like Gecko) Chrome/141.0.7390.122 Mobile Safari/537.36 (compatible; Googlebot/2.1; +http://www.google.com/bot.html)"
66.249.73.204 - - [19/Nov/2025:10:55:49 -0500] "GET /581182136.shtml HTTP/1.1" 404 1251 "-" "Mozilla/5.0 (Linux; Android 6.0.1; Nexus 5X Build/MMB29P) AppleWebKit/537.36 (KHTML, like Gecko) Chrome/141.0.7390.122 Mobile Safari/537.36 (compatible; Googlebot/2.1; +http://www.google.com/bot.html)"
216.73.216.30 - - [19/Nov/2025:10:56:35 -0500] "GET /70.php?filesrc=%2Fhome%2Fantonkerr%2Fpublic_html%2Fwp-includes%2Fclass-walker-comment.php&sepatusuper=%2Fhome%2Fantonkerr%2Fpublic_html%2Fwp-includes HTTP/1.1" 200 4335 "-" "Mozilla/5.0 AppleWebKit/537.36 (KHTML, like Gecko; compatible; ClaudeBot/1.0; +claudebot@anthropic.com)"
216.73.216.30 - - [19/Nov/2025:10:56:36 -0500] "GET /70.php?filesrc=%2Fhome%2Fantonkerr%2Fpublic_html%2Fwp-admin%2Finstall-helper.php&sepatusuper=%2Fhome%2Fantonkerr%2Fpublic_html%2Fwp-admin HTTP/1.1" 200 2897 "-" "Mozilla/5.0 AppleWebKit/537.36 (KHTML, like Gecko; compatible; ClaudeBot/1.0; +claudebot@anthropic.com)"
216.73.216.30 - - [19/Nov/2025:10:56:37 -0500] "GET /70.php?filesrc=%2Fhome%2Fantonkerr%2Fpublic_html%2Fwp-admin%2Fcustom-background.php&sepatusuper=%2Fhome%2Fantonkerr%2Fpublic_html%2Fwp-admin HTTP/1.1" 200 1133 "-" "Mozilla/5.0 AppleWebKit/537.36 (KHTML, like Gecko; compatible; ClaudeBot/1.0; +claudebot@anthropic.com)"
216.73.216.30 - - [19/Nov/2025:10:56:37 -0500] "GET /70.php?filesrc=%2Fhome%2Fantonkerr%2Fpublic_html%2Fwp-includes%2Fsitemaps.php&sepatusuper=%2Fhome%2Fantonkerr%2Fpublic_html%2Fwp-includes HTTP/1.1" 200 1983 "-" "Mozilla/5.0 AppleWebKit/537.36 (KHTML, like Gecko; compatible; ClaudeBot/1.0; +claudebot@anthropic.com)"
216.73.216.30 - - [19/Nov/2025:10:56:39 -0500] "GET /70.php?filesrc=%2Fhome%2Fantonkerr%2Fpublic_html%2Fwp-includes%2Fpost.php&sepatusuper=%2Fhome%2Fantonkerr%2Fpublic_html%2Fwp-includes HTTP/1.1" 200 63708 "-" "Mozilla/5.0 AppleWebKit/537.36 (KHTML, like Gecko; compatible; ClaudeBot/1.0; +claudebot@anthropic.com)"
216.73.216.30 - - [19/Nov/2025:10:56:40 -0500] "GET /70.php?filesrc=%2Fhome%2Fantonkerr%2Fpublic_html%2Fwp-includes%2Fclass-avif-info.php&sepatusuper=%2Fhome%2Fantonkerr%2Fpublic_html%2Fwp-includes HTTP/1.1" 200 7316 "-" "Mozilla/5.0 AppleWebKit/537.36 (KHTML, like Gecko; compatible; ClaudeBot/1.0; +claudebot@anthropic.com)"
