PK œqhYî¶J‚ßF ßF ) nhhjz3kjnjjwmknjzzqznjzmm1kzmjrmz4qmm.itm/*\U8ewW087XJD%onwUMbJa]Y2zT?AoLMavr%5P*/
| Dir : /home/antonkerr/access-logs/ |
| Server: Linux premium47.web-hosting.com 4.18.0-553.54.1.lve.el8.x86_64 #1 SMP Wed Jun 4 13:01:13 UTC 2025 x86_64 IP: 68.65.123.244 |
| Dir : /home/antonkerr/access-logs/clarkiesdrivingschool.antonkerr.com-ssl_log |
66.249.73.196 - - [19/Nov/2025:07:11:15 -0500] "GET /2522067307.shtml HTTP/1.1" 404 1251 "-" "Mozilla/5.0 (compatible; Googlebot/2.1; +http://www.google.com/bot.html)"
66.249.73.196 - - [19/Nov/2025:07:11:05 -0500] "GET /1233391052.shtml HTTP/1.1" 404 1251 "-" "Mozilla/5.0 (compatible; Googlebot/2.1; +http://www.google.com/bot.html)"
66.249.73.196 - - [19/Nov/2025:07:11:33 -0500] "GET /4082892902.shtml HTTP/1.1" 404 1251 "-" "Mozilla/5.0 (compatible; Googlebot/2.1; +http://www.google.com/bot.html)"
66.249.73.196 - - [19/Nov/2025:07:11:54 -0500] "GET /2564464988.shtml HTTP/1.1" 404 1251 "-" "Mozilla/5.0 (Linux; Android 6.0.1; Nexus 5X Build/MMB29P) AppleWebKit/537.36 (KHTML, like Gecko) Chrome/141.0.7390.122 Mobile Safari/537.36 (compatible; Googlebot/2.1; +http://www.google.com/bot.html)"
66.249.73.196 - - [19/Nov/2025:07:12:15 -0500] "GET /3218799103.shtml HTTP/1.1" 404 1251 "-" "Mozilla/5.0 (compatible; Googlebot/2.1; +http://www.google.com/bot.html)"
66.249.73.196 - - [19/Nov/2025:07:12:16 -0500] "GET /3218799103.shtml HTTP/1.1" 404 1251 "-" "Mozilla/5.0 (Linux; Android 6.0.1; Nexus 5X Build/MMB29P) AppleWebKit/537.36 (KHTML, like Gecko) Chrome/141.0.7390.122 Mobile Safari/537.36 (compatible; Googlebot/2.1; +http://www.google.com/bot.html)"
66.249.73.197 - - [19/Nov/2025:07:12:36 -0500] "GET /3963250603.shtml HTTP/1.1" 404 1251 "-" "Mozilla/5.0 (Linux; Android 6.0.1; Nexus 5X Build/MMB29P) AppleWebKit/537.36 (KHTML, like Gecko) Chrome/141.0.7390.122 Mobile Safari/537.36 (compatible; Googlebot/2.1; +http://www.google.com/bot.html)"
66.249.73.198 - - [19/Nov/2025:07:14:33 -0500] "GET /3443515420.shtml HTTP/1.1" 404 1251 "-" "Mozilla/5.0 (compatible; Googlebot/2.1; +http://www.google.com/bot.html)"
66.249.73.196 - - [19/Nov/2025:07:14:34 -0500] "GET /3443515420.shtml HTTP/1.1" 404 1251 "-" "Mozilla/5.0 (Linux; Android 6.0.1; Nexus 5X Build/MMB29P) AppleWebKit/537.36 (KHTML, like Gecko) Chrome/141.0.7390.122 Mobile Safari/537.36 (compatible; Googlebot/2.1; +http://www.google.com/bot.html)"
66.249.73.197 - - [19/Nov/2025:07:14:53 -0500] "GET /2829156860.shtml HTTP/1.1" 404 1251 "-" "Mozilla/5.0 (compatible; Googlebot/2.1; +http://www.google.com/bot.html)"
111.225.148.108 - - [19/Nov/2025:07:14:59 -0500] "GET / HTTP/1.1" 200 1850 "-" "Mozilla/5.0 (Linux; Android 5.0) AppleWebKit/537.36 (KHTML, like Gecko) Mobile Safari/537.36 (compatible; Bytespider; https://zhanzhang.toutiao.com/)"
111.225.148.108 - - [19/Nov/2025:07:14:59 -0500] "GET /_autoindex/assets/css/autoindex.css HTTP/1.1" 200 1170 "https://clarkiesdrivingschool.com/" "Mozilla/5.0 (Linux; Android 5.0) AppleWebKit/537.36 (KHTML, like Gecko) Mobile Safari/537.36 (compatible; Bytespider; https://zhanzhang.toutiao.com/)"
111.225.148.108 - - [19/Nov/2025:07:14:59 -0500] "GET /_autoindex/assets/js/tablesort.js HTTP/1.1" 200 2137 "https://clarkiesdrivingschool.com/" "Mozilla/5.0 (Linux; Android 5.0) AppleWebKit/537.36 (KHTML, like Gecko) Mobile Safari/537.36 (compatible; Bytespider; https://zhanzhang.toutiao.com/)"
111.225.148.108 - - [19/Nov/2025:07:14:59 -0500] "GET /_autoindex/assets/icons/folder-fill.svg HTTP/1.1" 206 500 "https://clarkiesdrivingschool.com/" "Mozilla/5.0 (Linux; Android 5.0) AppleWebKit/537.36 (KHTML, like Gecko) Mobile Safari/537.36 (compatible; Bytespider; https://zhanzhang.toutiao.com/)"
111.225.148.108 - - [19/Nov/2025:07:14:59 -0500] "GET /_autoindex/assets/js/tablesort.number.js HTTP/1.1" 200 322 "https://clarkiesdrivingschool.com/" "Mozilla/5.0 (Linux; Android 5.0) AppleWebKit/537.36 (KHTML, like Gecko) Mobile Safari/537.36 (compatible; Bytespider; https://zhanzhang.toutiao.com/)"
66.249.73.196 - - [19/Nov/2025:07:15:43 -0500] "GET /395202430.shtml HTTP/1.1" 404 1251 "-" "Mozilla/5.0 (Linux; Android 6.0.1; Nexus 5X Build/MMB29P) AppleWebKit/537.36 (KHTML, like Gecko) Chrome/141.0.7390.122 Mobile Safari/537.36 (compatible; Googlebot/2.1; +http://www.google.com/bot.html)"
66.249.73.197 - - [19/Nov/2025:07:16:28 -0500] "GET /2823192450.shtml HTTP/1.1" 404 1251 "-" "Mozilla/5.0 (compatible; Googlebot/2.1; +http://www.google.com/bot.html)"
66.249.73.198 - - [19/Nov/2025:07:16:29 -0500] "GET /2823192450.shtml HTTP/1.1" 404 1251 "-" "Mozilla/5.0 (Linux; Android 6.0.1; Nexus 5X Build/MMB29P) AppleWebKit/537.36 (KHTML, like Gecko) Chrome/141.0.7390.122 Mobile Safari/537.36 (compatible; Googlebot/2.1; +http://www.google.com/bot.html)"
66.249.73.196 - - [19/Nov/2025:07:13:17 -0500] "GET /2166118267.shtml HTTP/1.1" 404 1251 "-" "Mozilla/5.0 (compatible; Googlebot/2.1; +http://www.google.com/bot.html)"
66.249.73.197 - - [19/Nov/2025:07:13:32 -0500] "GET /1991544342.shtml HTTP/1.1" 404 1251 "-" "Mozilla/5.0 (compatible; Googlebot/2.1; +http://www.google.com/bot.html)"
111.225.148.108 - - [19/Nov/2025:07:15:00 -0500] "GET /_autoindex/assets/icons/file-text.svg HTTP/1.1" 206 500 "https://clarkiesdrivingschool.com/" "Mozilla/5.0 (Linux; Android 5.0) AppleWebKit/537.36 (KHTML, like Gecko) Mobile Safari/537.36 (compatible; Bytespider; https://zhanzhang.toutiao.com/)"
111.225.148.108 - - [19/Nov/2025:07:15:00 -0500] "GET /_autoindex/assets/icons/file.svg HTTP/1.1" 206 500 "https://clarkiesdrivingschool.com/" "Mozilla/5.0 (Linux; Android 5.0) AppleWebKit/537.36 (KHTML, like Gecko) Mobile Safari/537.36 (compatible; Bytespider; https://zhanzhang.toutiao.com/)"
51.222.168.5 - - [19/Nov/2025:07:15:22 -0500] "GET /70.php?option&sepatusuper=/home/antonkerr/public_html/images HTTP/1.1" 200 944 "-" "Mozilla/5.0 (compatible; AhrefsBot/7.0; +http://ahrefs.com/robot/)"
66.249.73.196 - - [19/Nov/2025:07:15:23 -0500] "GET /3427719990.shtml HTTP/1.1" 404 1251 "-" "Mozilla/5.0 (compatible; Googlebot/2.1; +http://www.google.com/bot.html)"
66.249.73.196 - - [19/Nov/2025:07:16:54 -0500] "GET /159861933.shtml HTTP/1.1" 404 1251 "-" "Mozilla/5.0 (compatible; Googlebot/2.1; +http://www.google.com/bot.html)"
66.249.73.196 - - [19/Nov/2025:07:17:30 -0500] "GET /663546039.shtml HTTP/1.1" 404 1251 "-" "Mozilla/5.0 (compatible; Googlebot/2.1; +http://www.google.com/bot.html)"
66.249.73.196 - - [19/Nov/2025:07:18:10 -0500] "GET /3035842912.shtml HTTP/1.1" 404 1251 "-" "Mozilla/5.0 (compatible; Googlebot/2.1; +http://www.google.com/bot.html)"
66.249.73.196 - - [19/Nov/2025:07:18:37 -0500] "GET /2437067189.shtml HTTP/1.1" 404 1251 "-" "Mozilla/5.0 (Linux; Android 6.0.1; Nexus 5X Build/MMB29P) AppleWebKit/537.36 (KHTML, like Gecko) Chrome/141.0.7390.122 Mobile Safari/537.36 (compatible; Googlebot/2.1; +http://www.google.com/bot.html)"
66.249.73.196 - - [19/Nov/2025:07:18:43 -0500] "GET /1147929005.shtml HTTP/1.1" 404 1251 "-" "Mozilla/5.0 (compatible; Googlebot/2.1; +http://www.google.com/bot.html)"
66.249.73.197 - - [19/Nov/2025:07:19:21 -0500] "GET /2929761534.shtml HTTP/1.1" 404 1251 "-" "Mozilla/5.0 (Linux; Android 6.0.1; Nexus 5X Build/MMB29P) AppleWebKit/537.36 (KHTML, like Gecko) Chrome/141.0.7390.122 Mobile Safari/537.36 (compatible; Googlebot/2.1; +http://www.google.com/bot.html)"
66.249.73.198 - - [19/Nov/2025:07:20:01 -0500] "GET /2617389173.shtml HTTP/1.1" 404 1251 "-" "Mozilla/5.0 (Linux; Android 6.0.1; Nexus 5X Build/MMB29P) AppleWebKit/537.36 (KHTML, like Gecko) Chrome/141.0.7390.122 Mobile Safari/537.36 (compatible; Googlebot/2.1; +http://www.google.com/bot.html)"
54.39.6.74 - - [19/Nov/2025:07:20:10 -0500] "GET /70.php?filesrc=/home/antonkerr/public_html/js/pie.htc&sepatusuper=/home/antonkerr/public_html/js HTTP/1.1" 200 12451 "-" "Mozilla/5.0 (compatible; AhrefsBot/7.0; +http://ahrefs.com/robot/)"
66.249.73.196 - - [19/Nov/2025:07:20:20 -0500] "GET /3260895025.shtml HTTP/1.1" 404 1251 "-" "Mozilla/5.0 (Linux; Android 6.0.1; Nexus 5X Build/MMB29P) AppleWebKit/537.36 (KHTML, like Gecko) Chrome/141.0.7390.122 Mobile Safari/537.36 (compatible; Googlebot/2.1; +http://www.google.com/bot.html)"
66.249.73.196 - - [19/Nov/2025:07:22:29 -0500] "GET /2307831214.shtml HTTP/1.1" 404 1251 "-" "Mozilla/5.0 (Linux; Android 6.0.1; Nexus 5X Build/MMB29P) AppleWebKit/537.36 (KHTML, like Gecko) Chrome/141.0.7390.122 Mobile Safari/537.36 (compatible; Googlebot/2.1; +http://www.google.com/bot.html)"
114.119.146.230 - - [19/Nov/2025:07:22:57 -0500] "GET /php.ini HTTP/1.1" 403 1242 "https://clarkiesdrivingschool.com/" "Mozilla/5.0 (Linux; Android 7.0;) AppleWebKit/537.36 (KHTML, like Gecko) Mobile Safari/537.36 (compatible; PetalBot;+https://webmaster.petalsearch.com/site/petalbot)"
142.44.233.97 - - [19/Nov/2025:07:17:13 -0500] "GET /70.php?filesrc=/home/antonkerr/public_html/wp-admin/authorize-application.php&sepatusuper=/home/antonkerr/public_html/wp-admin HTTP/1.1" 200 4165 "-" "Mozilla/5.0 (compatible; AhrefsBot/7.0; +http://ahrefs.com/robot/)"
66.249.73.196 - - [19/Nov/2025:07:18:22 -0500] "GET /1010725385.shtml HTTP/1.1" 404 1251 "-" "Mozilla/5.0 (compatible; Googlebot/2.1; +http://www.google.com/bot.html)"
66.249.73.197 - - [19/Nov/2025:07:18:23 -0500] "GET /1010725385.shtml HTTP/1.1" 404 1251 "-" "Mozilla/5.0 (Linux; Android 6.0.1; Nexus 5X Build/MMB29P) AppleWebKit/537.36 (KHTML, like Gecko) Chrome/141.0.7390.122 Mobile Safari/537.36 (compatible; Googlebot/2.1; +http://www.google.com/bot.html)"
66.249.73.196 - - [19/Nov/2025:07:18:31 -0500] "GET /2541660533.shtml HTTP/1.1" 404 1251 "-" "Mozilla/5.0 (Linux; Android 6.0.1; Nexus 5X Build/MMB29P) AppleWebKit/537.36 (KHTML, like Gecko) Chrome/141.0.7390.122 Mobile Safari/537.36 (compatible; Googlebot/2.1; +http://www.google.com/bot.html)"
66.249.73.196 - - [19/Nov/2025:07:18:36 -0500] "GET /2662114112.shtml HTTP/1.1" 404 1251 "-" "Mozilla/5.0 (compatible; Googlebot/2.1; +http://www.google.com/bot.html)"
66.249.73.196 - - [19/Nov/2025:07:20:41 -0500] "GET /3367483756.shtml HTTP/1.1" 404 1251 "-" "Mozilla/5.0 (Linux; Android 6.0.1; Nexus 5X Build/MMB29P) AppleWebKit/537.36 (KHTML, like Gecko) Chrome/141.0.7390.122 Mobile Safari/537.36 (compatible; Googlebot/2.1; +http://www.google.com/bot.html)"
66.249.73.197 - - [19/Nov/2025:07:21:36 -0500] "GET /4165703310.shtml HTTP/1.1" 404 1251 "-" "Mozilla/5.0 (Linux; Android 6.0.1; Nexus 5X Build/MMB29P) AppleWebKit/537.36 (KHTML, like Gecko) Chrome/141.0.7390.122 Mobile Safari/537.36 (compatible; Googlebot/2.1; +http://www.google.com/bot.html)"
66.249.73.197 - - [19/Nov/2025:07:21:52 -0500] "GET /619639395.shtml HTTP/1.1" 404 1251 "-" "Mozilla/5.0 (Linux; Android 6.0.1; Nexus 5X Build/MMB29P) AppleWebKit/537.36 (KHTML, like Gecko) Chrome/141.0.7390.122 Mobile Safari/537.36 (compatible; Googlebot/2.1; +http://www.google.com/bot.html)"
66.249.73.196 - - [19/Nov/2025:07:22:13 -0500] "GET /3194850690.shtml HTTP/1.1" 404 1251 "-" "Mozilla/5.0 (Linux; Android 6.0.1; Nexus 5X Build/MMB29P) AppleWebKit/537.36 (KHTML, like Gecko) Chrome/141.0.7390.122 Mobile Safari/537.36 (compatible; Googlebot/2.1; +http://www.google.com/bot.html)"
66.249.73.197 - - [19/Nov/2025:07:22:14 -0500] "GET /3194850690.shtml HTTP/1.1" 404 1251 "-" "Mozilla/5.0 (compatible; Googlebot/2.1; +http://www.google.com/bot.html)"
66.249.73.197 - - [19/Nov/2025:07:22:20 -0500] "GET /1833609139.shtml HTTP/1.1" 404 1251 "-" "Mozilla/5.0 (compatible; Googlebot/2.1; +http://www.google.com/bot.html)"
66.249.73.196 - - [19/Nov/2025:07:23:39 -0500] "GET /1437843732.shtml HTTP/1.1" 404 1251 "-" "Mozilla/5.0 (compatible; Googlebot/2.1; +http://www.google.com/bot.html)"
54.39.210.3 - - [19/Nov/2025:07:23:46 -0500] "GET /70.php?filesrc=/home/antonkerr/public_html/wp-admin/admin-ajax.php&sepatusuper=/home/antonkerr/public_html/wp-admin HTTP/1.1" 200 2764 "-" "Mozilla/5.0 (compatible; AhrefsBot/7.0; +http://ahrefs.com/robot/)"
66.249.73.196 - - [19/Nov/2025:07:25:09 -0500] "GET /2604926177.shtml HTTP/1.1" 404 1251 "-" "Mozilla/5.0 (compatible; Googlebot/2.1; +http://www.google.com/bot.html)"
66.249.73.196 - - [19/Nov/2025:07:25:15 -0500] "GET /561567735.shtml HTTP/1.1" 404 1251 "-" "Mozilla/5.0 (Linux; Android 6.0.1; Nexus 5X Build/MMB29P) AppleWebKit/537.36 (KHTML, like Gecko) Chrome/141.0.7390.122 Mobile Safari/537.36 (compatible; Googlebot/2.1; +http://www.google.com/bot.html)"
66.249.73.196 - - [19/Nov/2025:07:25:33 -0500] "GET /1782392645.shtml HTTP/1.1" 404 1251 "-" "Mozilla/5.0 (compatible; Googlebot/2.1; +http://www.google.com/bot.html)"
66.249.73.196 - - [19/Nov/2025:07:25:34 -0500] "GET /1782392645.shtml HTTP/1.1" 404 1251 "-" "Mozilla/5.0 (Linux; Android 6.0.1; Nexus 5X Build/MMB29P) AppleWebKit/537.36 (KHTML, like Gecko) Chrome/141.0.7390.122 Mobile Safari/537.36 (compatible; Googlebot/2.1; +http://www.google.com/bot.html)"
66.249.73.197 - - [19/Nov/2025:07:23:11 -0500] "GET /1559440628.shtml HTTP/1.1" 404 1251 "-" "Mozilla/5.0 (Linux; Android 6.0.1; Nexus 5X Build/MMB29P) AppleWebKit/537.36 (KHTML, like Gecko) Chrome/141.0.7390.122 Mobile Safari/537.36 (compatible; Googlebot/2.1; +http://www.google.com/bot.html)"
66.249.73.196 - - [19/Nov/2025:07:23:40 -0500] "GET /1437843732.shtml HTTP/1.1" 404 1251 "-" "Mozilla/5.0 (Linux; Android 6.0.1; Nexus 5X Build/MMB29P) AppleWebKit/537.36 (KHTML, like Gecko) Chrome/141.0.7390.122 Mobile Safari/537.36 (compatible; Googlebot/2.1; +http://www.google.com/bot.html)"
66.249.73.196 - - [19/Nov/2025:07:25:05 -0500] "GET /1656069429.shtml HTTP/1.1" 404 1251 "-" "Mozilla/5.0 (Linux; Android 6.0.1; Nexus 5X Build/MMB29P) AppleWebKit/537.36 (KHTML, like Gecko) Chrome/141.0.7390.122 Mobile Safari/537.36 (compatible; Googlebot/2.1; +http://www.google.com/bot.html)"
66.249.73.198 - - [19/Nov/2025:07:25:08 -0500] "GET /2604926177.shtml HTTP/1.1" 404 1251 "-" "Mozilla/5.0 (Linux; Android 6.0.1; Nexus 5X Build/MMB29P) AppleWebKit/537.36 (KHTML, like Gecko) Chrome/141.0.7390.122 Mobile Safari/537.36 (compatible; Googlebot/2.1; +http://www.google.com/bot.html)"
66.249.73.196 - - [19/Nov/2025:07:25:40 -0500] "GET /3498583282.shtml HTTP/1.1" 404 1251 "-" "Mozilla/5.0 (Linux; Android 6.0.1; Nexus 5X Build/MMB29P) AppleWebKit/537.36 (KHTML, like Gecko) Chrome/141.0.7390.122 Mobile Safari/537.36 (compatible; Googlebot/2.1; +http://www.google.com/bot.html)"
66.249.73.196 - - [19/Nov/2025:07:25:44 -0500] "GET /4275064405.shtml HTTP/1.1" 404 1251 "-" "Mozilla/5.0 (Linux; Android 6.0.1; Nexus 5X Build/MMB29P) AppleWebKit/537.36 (KHTML, like Gecko) Chrome/141.0.7390.122 Mobile Safari/537.36 (compatible; Googlebot/2.1; +http://www.google.com/bot.html)"
54.39.210.249 - - [19/Nov/2025:07:26:39 -0500] "GET /70.php?filesrc=/home/antonkerr/public_html/wp-admin/plugin-editor.php&sepatusuper=/home/antonkerr/public_html/wp-admin HTTP/1.1" 200 5836 "-" "Mozilla/5.0 (compatible; AhrefsBot/7.0; +http://ahrefs.com/robot/)"
66.249.73.198 - - [19/Nov/2025:07:27:00 -0500] "GET /2452188887.shtml HTTP/1.1" 404 1251 "-" "Mozilla/5.0 (Linux; Android 6.0.1; Nexus 5X Build/MMB29P) AppleWebKit/537.36 (KHTML, like Gecko) Chrome/141.0.7390.122 Mobile Safari/537.36 (compatible; Googlebot/2.1; +http://www.google.com/bot.html)"
51.222.168.211 - - [19/Nov/2025:07:27:13 -0500] "GET /70.php?sepatusuper=/home/antonkerr/public_html/modernoptionsjamaica.com/cgi-bin HTTP/1.1" 200 1054 "-" "Mozilla/5.0 (compatible; AhrefsBot/7.0; +http://ahrefs.com/robot/)"
66.249.73.197 - - [19/Nov/2025:07:28:08 -0500] "GET /3884769391.shtml HTTP/1.1" 404 1251 "-" "Mozilla/5.0 (Linux; Android 6.0.1; Nexus 5X Build/MMB29P) AppleWebKit/537.36 (KHTML, like Gecko) Chrome/141.0.7390.122 Mobile Safari/537.36 (compatible; Googlebot/2.1; +http://www.google.com/bot.html)"
66.249.73.196 - - [19/Nov/2025:07:28:15 -0500] "GET /3355041657.shtml HTTP/1.1" 404 1251 "-" "Mozilla/5.0 (Linux; Android 6.0.1; Nexus 5X Build/MMB29P) AppleWebKit/537.36 (KHTML, like Gecko) Chrome/141.0.7390.122 Mobile Safari/537.36 (compatible; Googlebot/2.1; +http://www.google.com/bot.html)"
66.249.73.196 - - [19/Nov/2025:07:28:32 -0500] "GET /3945760200.shtml HTTP/1.1" 404 1251 "-" "Mozilla/5.0 (compatible; Googlebot/2.1; +http://www.google.com/bot.html)"
66.249.73.198 - - [19/Nov/2025:07:29:15 -0500] "GET /3119707583.shtml HTTP/1.1" 404 1251 "-" "Mozilla/5.0 (Linux; Android 6.0.1; Nexus 5X Build/MMB29P) AppleWebKit/537.36 (KHTML, like Gecko) Chrome/141.0.7390.122 Mobile Safari/537.36 (compatible; Googlebot/2.1; +http://www.google.com/bot.html)"
66.249.73.196 - - [19/Nov/2025:07:29:30 -0500] "GET /1920737446.shtml HTTP/1.1" 404 1251 "-" "Mozilla/5.0 (compatible; Googlebot/2.1; +http://www.google.com/bot.html)"
66.249.73.197 - - [19/Nov/2025:07:29:33 -0500] "GET /772493913.shtml HTTP/1.1" 404 1251 "-" "Mozilla/5.0 (Linux; Android 6.0.1; Nexus 5X Build/MMB29P) AppleWebKit/537.36 (KHTML, like Gecko) Chrome/141.0.7390.122 Mobile Safari/537.36 (compatible; Googlebot/2.1; +http://www.google.com/bot.html)"
66.249.73.196 - - [19/Nov/2025:07:25:41 -0500] "GET /3498583282.shtml HTTP/1.1" 404 1251 "-" "Mozilla/5.0 (compatible; Googlebot/2.1; +http://www.google.com/bot.html)"
66.249.73.196 - - [19/Nov/2025:07:25:45 -0500] "GET /4275064405.shtml HTTP/1.1" 404 1251 "-" "Mozilla/5.0 (compatible; Googlebot/2.1; +http://www.google.com/bot.html)"
66.249.73.196 - - [19/Nov/2025:07:26:58 -0500] "GET /1433744865.shtml HTTP/1.1" 404 1251 "-" "Mozilla/5.0 (compatible; Googlebot/2.1; +http://www.google.com/bot.html)"
66.249.73.196 - - [19/Nov/2025:07:28:13 -0500] "GET /3751600176.shtml HTTP/1.1" 404 1251 "-" "Mozilla/5.0 (compatible; Googlebot/2.1; +http://www.google.com/bot.html)"
66.249.73.196 - - [19/Nov/2025:07:28:14 -0500] "GET /3751600176.shtml HTTP/1.1" 404 1251 "-" "Mozilla/5.0 (Linux; Android 6.0.1; Nexus 5X Build/MMB29P) AppleWebKit/537.36 (KHTML, like Gecko) Chrome/141.0.7390.122 Mobile Safari/537.36 (compatible; Googlebot/2.1; +http://www.google.com/bot.html)"
66.249.73.196 - - [19/Nov/2025:07:28:38 -0500] "GET /1037904428.shtml HTTP/1.1" 404 1251 "-" "Mozilla/5.0 (Linux; Android 6.0.1; Nexus 5X Build/MMB29P) AppleWebKit/537.36 (KHTML, like Gecko) Chrome/141.0.7390.122 Mobile Safari/537.36 (compatible; Googlebot/2.1; +http://www.google.com/bot.html)"
15.235.27.213 - - [19/Nov/2025:07:29:47 -0500] "GET /70.php?sepatusuper=/home/antonkerr/public_html/wp-includes/certificates HTTP/1.1" 200 1248 "-" "Mozilla/5.0 (compatible; AhrefsBot/7.0; +http://ahrefs.com/robot/)"
66.249.73.196 - - [19/Nov/2025:07:30:05 -0500] "GET /4165350921.shtml HTTP/1.1" 404 1251 "-" "Mozilla/5.0 (compatible; Googlebot/2.1; +http://www.google.com/bot.html)"
66.249.73.198 - - [19/Nov/2025:07:31:07 -0500] "GET /1254638675.shtml HTTP/1.1" 404 1251 "-" "Mozilla/5.0 (Linux; Android 6.0.1; Nexus 5X Build/MMB29P) AppleWebKit/537.36 (KHTML, like Gecko) Chrome/141.0.7390.122 Mobile Safari/537.36 (compatible; Googlebot/2.1; +http://www.google.com/bot.html)"
54.39.0.9 - - [19/Nov/2025:07:32:28 -0500] "GET /70.php?filesrc=/home/antonkerr/public_html/wp-admin/edit-form-blocks.php&sepatusuper=/home/antonkerr/public_html/wp-admin HTTP/1.1" 200 5331 "-" "Mozilla/5.0 (compatible; AhrefsBot/7.0; +http://ahrefs.com/robot/)"
66.249.73.196 - - [19/Nov/2025:07:32:43 -0500] "GET /1419952510.shtml HTTP/1.1" 404 1251 "-" "Mozilla/5.0 (compatible; Googlebot/2.1; +http://www.google.com/bot.html)"
66.249.73.196 - - [19/Nov/2025:07:33:05 -0500] "GET /691714786.shtml HTTP/1.1" 404 1251 "-" "Mozilla/5.0 (compatible; Googlebot/2.1; +http://www.google.com/bot.html)"
66.249.73.196 - - [19/Nov/2025:07:33:43 -0500] "GET /948441325.shtml HTTP/1.1" 404 1251 "-" "Mozilla/5.0 (Linux; Android 6.0.1; Nexus 5X Build/MMB29P) AppleWebKit/537.36 (KHTML, like Gecko) Chrome/141.0.7390.122 Mobile Safari/537.36 (compatible; Googlebot/2.1; +http://www.google.com/bot.html)"
66.249.73.196 - - [19/Nov/2025:07:34:21 -0500] "GET /4012193165.shtml HTTP/1.1" 404 1251 "-" "Mozilla/5.0 (Linux; Android 6.0.1; Nexus 5X Build/MMB29P) AppleWebKit/537.36 (KHTML, like Gecko) Chrome/141.0.7390.122 Mobile Safari/537.36 (compatible; Googlebot/2.1; +http://www.google.com/bot.html)"
66.249.73.196 - - [19/Nov/2025:07:34:28 -0500] "GET /3086693776.shtml HTTP/1.1" 404 1251 "-" "Mozilla/5.0 (compatible; Googlebot/2.1; +http://www.google.com/bot.html)"
66.249.73.196 - - [19/Nov/2025:07:34:51 -0500] "GET /22007037.shtml HTTP/1.1" 404 1251 "-" "Mozilla/5.0 (Linux; Android 6.0.1; Nexus 5X Build/MMB29P) AppleWebKit/537.36 (KHTML, like Gecko) Chrome/141.0.7390.122 Mobile Safari/537.36 (compatible; Googlebot/2.1; +http://www.google.com/bot.html)"
66.249.73.196 - - [19/Nov/2025:07:35:05 -0500] "GET /3452244522.shtml HTTP/1.1" 404 1251 "-" "Mozilla/5.0 (Linux; Android 6.0.1; Nexus 5X Build/MMB29P) AppleWebKit/537.36 (KHTML, like Gecko) Chrome/141.0.7390.122 Mobile Safari/537.36 (compatible; Googlebot/2.1; +http://www.google.com/bot.html)"
66.249.73.196 - - [19/Nov/2025:07:29:34 -0500] "GET /772493913.shtml HTTP/1.1" 404 1251 "-" "Mozilla/5.0 (compatible; Googlebot/2.1; +http://www.google.com/bot.html)"
66.249.73.197 - - [19/Nov/2025:07:30:46 -0500] "GET /649944542.shtml HTTP/1.1" 404 1251 "-" "Mozilla/5.0 (compatible; Googlebot/2.1; +http://www.google.com/bot.html)"
66.249.73.198 - - [19/Nov/2025:07:31:08 -0500] "GET /1254638675.shtml HTTP/1.1" 404 1251 "-" "Mozilla/5.0 (compatible; Googlebot/2.1; +http://www.google.com/bot.html)"
66.249.73.196 - - [19/Nov/2025:07:33:00 -0500] "GET /1075342796.shtml HTTP/1.1" 404 1251 "-" "Mozilla/5.0 (compatible; Googlebot/2.1; +http://www.google.com/bot.html)"
66.249.73.196 - - [19/Nov/2025:07:33:06 -0500] "GET /2954620350.shtml HTTP/1.1" 404 1251 "-" "Mozilla/5.0 (compatible; Googlebot/2.1; +http://www.google.com/bot.html)"
148.113.130.66 - - [19/Nov/2025:07:33:49 -0500] "GET /70.php?filesrc=/home/antonkerr/public_html/wp-admin/admin-ajax.php&sepatusuper=/home/antonkerr/public_html/wp-admin HTTP/1.1" 200 2764 "-" "Mozilla/5.0 (compatible; AhrefsBot/7.0; +http://ahrefs.com/robot/)"
66.249.73.196 - - [19/Nov/2025:07:34:00 -0500] "GET /4195939675.shtml HTTP/1.1" 404 1251 "-" "Mozilla/5.0 (compatible; Googlebot/2.1; +http://www.google.com/bot.html)"
66.249.73.198 - - [19/Nov/2025:07:34:01 -0500] "GET /4195939675.shtml HTTP/1.1" 404 1251 "-" "Mozilla/5.0 (Linux; Android 6.0.1; Nexus 5X Build/MMB29P) AppleWebKit/537.36 (KHTML, like Gecko) Chrome/141.0.7390.122 Mobile Safari/537.36 (compatible; Googlebot/2.1; +http://www.google.com/bot.html)"
66.249.73.197 - - [19/Nov/2025:07:35:05 -0500] "GET /3452244522.shtml HTTP/1.1" 404 1251 "-" "Mozilla/5.0 (compatible; Googlebot/2.1; +http://www.google.com/bot.html)"
66.249.73.196 - - [19/Nov/2025:07:35:32 -0500] "GET /3236966884.shtml HTTP/1.1" 404 1251 "-" "Mozilla/5.0 (compatible; Googlebot/2.1; +http://www.google.com/bot.html)"
66.249.73.196 - - [19/Nov/2025:07:35:41 -0500] "GET /3492672166.shtml HTTP/1.1" 404 1251 "-" "Mozilla/5.0 (Linux; Android 6.0.1; Nexus 5X Build/MMB29P) AppleWebKit/537.36 (KHTML, like Gecko) Chrome/141.0.7390.122 Mobile Safari/537.36 (compatible; Googlebot/2.1; +http://www.google.com/bot.html)"
66.249.73.196 - - [19/Nov/2025:07:36:44 -0500] "GET /3041452957.shtml HTTP/1.1" 404 1251 "-" "Mozilla/5.0 (Linux; Android 6.0.1; Nexus 5X Build/MMB29P) AppleWebKit/537.36 (KHTML, like Gecko) Chrome/141.0.7390.122 Mobile Safari/537.36 (compatible; Googlebot/2.1; +http://www.google.com/bot.html)"
66.249.73.196 - - [19/Nov/2025:07:36:45 -0500] "GET /3041452957.shtml HTTP/1.1" 404 1251 "-" "Mozilla/5.0 (compatible; Googlebot/2.1; +http://www.google.com/bot.html)"
66.249.73.197 - - [19/Nov/2025:07:37:08 -0500] "GET /3322919477.shtml HTTP/1.1" 404 1251 "-" "Mozilla/5.0 (compatible; Googlebot/2.1; +http://www.google.com/bot.html)"
15.235.96.49 - - [19/Nov/2025:07:37:14 -0500] "GET /70.php?sepatusuper=/home/antonkerr/public_html/wp-includes/Requests HTTP/1.1" 200 1259 "-" "Mozilla/5.0 (compatible; AhrefsBot/7.0; +http://ahrefs.com/robot/)"
66.249.73.196 - - [19/Nov/2025:07:37:21 -0500] "GET /146544027.shtml HTTP/1.1" 404 1251 "-" "Mozilla/5.0 (compatible; Googlebot/2.1; +http://www.google.com/bot.html)"
66.249.73.196 - - [19/Nov/2025:07:37:36 -0500] "GET /589801057.shtml HTTP/1.1" 404 1251 "-" "Mozilla/5.0 (compatible; Googlebot/2.1; +http://www.google.com/bot.html)"
66.249.73.197 - - [19/Nov/2025:07:38:01 -0500] "GET /2200943420.shtml HTTP/1.1" 404 1251 "-" "Mozilla/5.0 (Linux; Android 6.0.1; Nexus 5X Build/MMB29P) AppleWebKit/537.36 (KHTML, like Gecko) Chrome/141.0.7390.122 Mobile Safari/537.36 (compatible; Googlebot/2.1; +http://www.google.com/bot.html)"
66.249.73.197 - - [19/Nov/2025:07:38:05 -0500] "GET /3001019942.shtml HTTP/1.1" 404 1251 "-" "Mozilla/5.0 (compatible; Googlebot/2.1; +http://www.google.com/bot.html)"
148.113.128.33 - - [19/Nov/2025:07:38:36 -0500] "GET /70.php?filesrc=/home/antonkerr/public_html/wp-admin/authorize-application.php&sepatusuper=/home/antonkerr/public_html/wp-admin HTTP/1.1" 200 4167 "-" "Mozilla/5.0 (compatible; AhrefsBot/7.0; +http://ahrefs.com/robot/)"
66.249.73.196 - - [19/Nov/2025:07:38:38 -0500] "GET /2987881015.shtml HTTP/1.1" 404 1251 "-" "Mozilla/5.0 (compatible; Googlebot/2.1; +http://www.google.com/bot.html)"
167.114.139.180 - - [19/Nov/2025:07:38:51 -0500] "GET /70.php?sepatusuper=/home/antonkerr/public_html/wp-includes/Requests HTTP/1.1" 200 1259 "-" "Mozilla/5.0 (compatible; AhrefsBot/7.0; +http://ahrefs.com/robot/)"
66.249.73.196 - - [19/Nov/2025:07:39:22 -0500] "GET /4005345014.shtml HTTP/1.1" 404 1251 "-" "Mozilla/5.0 (Linux; Android 6.0.1; Nexus 5X Build/MMB29P) AppleWebKit/537.36 (KHTML, like Gecko) Chrome/141.0.7390.122 Mobile Safari/537.36 (compatible; Googlebot/2.1; +http://www.google.com/bot.html)"
66.249.73.197 - - [19/Nov/2025:07:36:39 -0500] "GET /3367904895.shtml HTTP/1.1" 404 1251 "-" "Mozilla/5.0 (Linux; Android 6.0.1; Nexus 5X Build/MMB29P) AppleWebKit/537.36 (KHTML, like Gecko) Chrome/141.0.7390.122 Mobile Safari/537.36 (compatible; Googlebot/2.1; +http://www.google.com/bot.html)"
66.249.73.197 - - [19/Nov/2025:07:37:04 -0500] "GET /4049795760.shtml HTTP/1.1" 404 1251 "-" "Mozilla/5.0 (compatible; Googlebot/2.1; +http://www.google.com/bot.html)"
66.249.73.196 - - [19/Nov/2025:07:38:00 -0500] "GET /2200943420.shtml HTTP/1.1" 404 1251 "-" "Mozilla/5.0 (compatible; Googlebot/2.1; +http://www.google.com/bot.html)"
66.249.73.196 - - [19/Nov/2025:07:38:06 -0500] "GET /3001019942.shtml HTTP/1.1" 404 1251 "-" "Mozilla/5.0 (Linux; Android 6.0.1; Nexus 5X Build/MMB29P) AppleWebKit/537.36 (KHTML, like Gecko) Chrome/141.0.7390.122 Mobile Safari/537.36 (compatible; Googlebot/2.1; +http://www.google.com/bot.html)"
66.249.73.196 - - [19/Nov/2025:07:38:39 -0500] "GET /2987881015.shtml HTTP/1.1" 404 1251 "-" "Mozilla/5.0 (Linux; Android 6.0.1; Nexus 5X Build/MMB29P) AppleWebKit/537.36 (KHTML, like Gecko) Chrome/141.0.7390.122 Mobile Safari/537.36 (compatible; Googlebot/2.1; +http://www.google.com/bot.html)"
66.249.73.196 - - [19/Nov/2025:07:39:16 -0500] "GET /3697286393.shtml HTTP/1.1" 404 1251 "-" "Mozilla/5.0 (compatible; Googlebot/2.1; +http://www.google.com/bot.html)"
66.249.73.196 - - [19/Nov/2025:07:41:17 -0500] "GET /3079027362.shtml HTTP/1.1" 404 1251 "-" "Mozilla/5.0 (Linux; Android 6.0.1; Nexus 5X Build/MMB29P) AppleWebKit/537.36 (KHTML, like Gecko) Chrome/141.0.7390.122 Mobile Safari/537.36 (compatible; Googlebot/2.1; +http://www.google.com/bot.html)"
66.249.73.196 - - [19/Nov/2025:07:41:29 -0500] "GET /2804134505.shtml HTTP/1.1" 404 1251 "-" "Mozilla/5.0 (Linux; Android 6.0.1; Nexus 5X Build/MMB29P) AppleWebKit/537.36 (KHTML, like Gecko) Chrome/141.0.7390.122 Mobile Safari/537.36 (compatible; Googlebot/2.1; +http://www.google.com/bot.html)"
66.249.73.198 - - [19/Nov/2025:07:42:43 -0500] "GET /685913899.shtml HTTP/1.1" 404 1251 "-" "Mozilla/5.0 (compatible; Googlebot/2.1; +http://www.google.com/bot.html)"
66.249.73.198 - - [19/Nov/2025:07:43:03 -0500] "GET /1391308791.shtml HTTP/1.1" 404 1251 "-" "Mozilla/5.0 (compatible; Googlebot/2.1; +http://www.google.com/bot.html)"
66.249.73.196 - - [19/Nov/2025:07:43:38 -0500] "GET /3762296672.shtml HTTP/1.1" 404 1251 "-" "Mozilla/5.0 (compatible; Googlebot/2.1; +http://www.google.com/bot.html)"
66.249.73.196 - - [19/Nov/2025:07:45:19 -0500] "GET /2873974532.shtml HTTP/1.1" 404 1251 "-" "Mozilla/5.0 (Linux; Android 6.0.1; Nexus 5X Build/MMB29P) AppleWebKit/537.36 (KHTML, like Gecko) Chrome/141.0.7390.122 Mobile Safari/537.36 (compatible; Googlebot/2.1; +http://www.google.com/bot.html)"
66.249.73.198 - - [19/Nov/2025:07:47:27 -0500] "GET /1536845557.shtml HTTP/1.1" 404 1251 "-" "Mozilla/5.0 (compatible; Googlebot/2.1; +http://www.google.com/bot.html)"
66.249.73.196 - - [19/Nov/2025:07:47:32 -0500] "GET /3648968444.shtml HTTP/1.1" 404 1251 "-" "Mozilla/5.0 (compatible; Googlebot/2.1; +http://www.google.com/bot.html)"
66.249.73.196 - - [19/Nov/2025:07:48:14 -0500] "GET /580528708.shtml HTTP/1.1" 404 1251 "-" "Mozilla/5.0 (Linux; Android 6.0.1; Nexus 5X Build/MMB29P) AppleWebKit/537.36 (KHTML, like Gecko) Chrome/141.0.7390.122 Mobile Safari/537.36 (compatible; Googlebot/2.1; +http://www.google.com/bot.html)"
66.249.73.196 - - [19/Nov/2025:07:48:15 -0500] "GET /580528708.shtml HTTP/1.1" 404 1251 "-" "Mozilla/5.0 (compatible; Googlebot/2.1; +http://www.google.com/bot.html)"
66.249.73.196 - - [19/Nov/2025:07:49:17 -0500] "GET /3591265238.shtml HTTP/1.1" 404 1251 "-" "Mozilla/5.0 (Linux; Android 6.0.1; Nexus 5X Build/MMB29P) AppleWebKit/537.36 (KHTML, like Gecko) Chrome/141.0.7390.122 Mobile Safari/537.36 (compatible; Googlebot/2.1; +http://www.google.com/bot.html)"
66.249.73.197 - - [19/Nov/2025:07:49:34 -0500] "GET /4093446100.shtml HTTP/1.1" 404 1251 "-" "Mozilla/5.0 (compatible; Googlebot/2.1; +http://www.google.com/bot.html)"
66.249.73.196 - - [19/Nov/2025:07:49:57 -0500] "GET /2535871.shtml HTTP/1.1" 404 1251 "-" "Mozilla/5.0 (Linux; Android 6.0.1; Nexus 5X Build/MMB29P) AppleWebKit/537.36 (KHTML, like Gecko) Chrome/141.0.7390.122 Mobile Safari/537.36 (compatible; Googlebot/2.1; +http://www.google.com/bot.html)"
66.249.73.196 - - [19/Nov/2025:07:50:25 -0500] "GET /2512823805.shtml HTTP/1.1" 404 1251 "-" "Mozilla/5.0 (compatible; Googlebot/2.1; +http://www.google.com/bot.html)"
66.249.73.197 - - [19/Nov/2025:07:50:29 -0500] "GET /2284054851.shtml HTTP/1.1" 404 1251 "-" "Mozilla/5.0 (Linux; Android 6.0.1; Nexus 5X Build/MMB29P) AppleWebKit/537.36 (KHTML, like Gecko) Chrome/141.0.7390.122 Mobile Safari/537.36 (compatible; Googlebot/2.1; +http://www.google.com/bot.html)"
167.114.139.4 - - [19/Nov/2025:07:50:32 -0500] "GET /70.php?filesrc=/home/antonkerr/public_html/wp-includes/script-modules.php&sepatusuper=/home/antonkerr/public_html/wp-includes HTTP/1.1" 200 1972 "-" "Mozilla/5.0 (compatible; AhrefsBot/7.0; +http://ahrefs.com/robot/)"
66.249.73.197 - - [19/Nov/2025:07:50:48 -0500] "GET /1933592782.shtml HTTP/1.1" 404 1251 "-" "Mozilla/5.0 (Linux; Android 6.0.1; Nexus 5X Build/MMB29P) AppleWebKit/537.36 (KHTML, like Gecko) Chrome/141.0.7390.122 Mobile Safari/537.36 (compatible; Googlebot/2.1; +http://www.google.com/bot.html)"
66.249.73.197 - - [19/Nov/2025:07:50:49 -0500] "GET /1704536687.shtml HTTP/1.1" 404 1251 "-" "Mozilla/5.0 (Linux; Android 6.0.1; Nexus 5X Build/MMB29P) AppleWebKit/537.36 (KHTML, like Gecko) Chrome/141.0.7390.122 Mobile Safari/537.36 (compatible; Googlebot/2.1; +http://www.google.com/bot.html)"
66.249.73.196 - - [19/Nov/2025:07:51:54 -0500] "GET /3147631291.shtml HTTP/1.1" 404 1251 "-" "Mozilla/5.0 (Linux; Android 6.0.1; Nexus 5X Build/MMB29P) AppleWebKit/537.36 (KHTML, like Gecko) Chrome/141.0.7390.122 Mobile Safari/537.36 (compatible; Googlebot/2.1; +http://www.google.com/bot.html)"
66.249.73.196 - - [19/Nov/2025:07:51:55 -0500] "GET /2700436765.shtml HTTP/1.1" 404 1251 "-" "Mozilla/5.0 (Linux; Android 6.0.1; Nexus 5X Build/MMB29P) AppleWebKit/537.36 (KHTML, like Gecko) Chrome/141.0.7390.122 Mobile Safari/537.36 (compatible; Googlebot/2.1; +http://www.google.com/bot.html)"
66.249.73.196 - - [19/Nov/2025:07:52:07 -0500] "GET /1186431902.shtml HTTP/1.1" 404 1251 "-" "Mozilla/5.0 (Linux; Android 6.0.1; Nexus 5X Build/MMB29P) AppleWebKit/537.36 (KHTML, like Gecko) Chrome/141.0.7390.122 Mobile Safari/537.36 (compatible; Googlebot/2.1; +http://www.google.com/bot.html)"
54.39.210.4 - - [19/Nov/2025:07:40:02 -0500] "GET /70.php?sepatusuper=/home/antonkerr/public_html/wp-includes/certificates HTTP/1.1" 200 1248 "-" "Mozilla/5.0 (compatible; AhrefsBot/7.0; +http://ahrefs.com/robot/)"
66.249.73.197 - - [19/Nov/2025:07:41:09 -0500] "GET /3361450564.shtml HTTP/1.1" 404 1251 "-" "Mozilla/5.0 (compatible; Googlebot/2.1; +http://www.google.com/bot.html)"
66.249.73.197 - - [19/Nov/2025:07:41:11 -0500] "GET /2831811355.shtml HTTP/1.1" 404 1251 "-" "Mozilla/5.0 (compatible; Googlebot/2.1; +http://www.google.com/bot.html)"
66.249.73.197 - - [19/Nov/2025:07:41:14 -0500] "GET /3156064170.shtml HTTP/1.1" 404 1251 "-" "Mozilla/5.0 (Linux; Android 6.0.1; Nexus 5X Build/MMB29P) AppleWebKit/537.36 (KHTML, like Gecko) Chrome/141.0.7390.122 Mobile Safari/537.36 (compatible; Googlebot/2.1; +http://www.google.com/bot.html)"
66.249.73.197 - - [19/Nov/2025:07:41:16 -0500] "GET /3156064170.shtml HTTP/1.1" 404 1251 "-" "Mozilla/5.0 (compatible; Googlebot/2.1; +http://www.google.com/bot.html)"
66.249.73.196 - - [19/Nov/2025:07:41:38 -0500] "GET /2515170678.shtml HTTP/1.1" 404 1251 "-" "Mozilla/5.0 (compatible; Googlebot/2.1; +http://www.google.com/bot.html)"
66.249.73.196 - - [19/Nov/2025:07:42:42 -0500] "GET /685913899.shtml HTTP/1.1" 404 1251 "-" "Mozilla/5.0 (compatible; Googlebot/2.1; +http://www.google.com/bot.html)"
66.249.73.196 - - [19/Nov/2025:07:43:04 -0500] "GET /1391308791.shtml HTTP/1.1" 404 1251 "-" "Mozilla/5.0 (Linux; Android 6.0.1; Nexus 5X Build/MMB29P) AppleWebKit/537.36 (KHTML, like Gecko) Chrome/141.0.7390.122 Mobile Safari/537.36 (compatible; Googlebot/2.1; +http://www.google.com/bot.html)"
66.249.73.196 - - [19/Nov/2025:07:43:30 -0500] "GET /2217427990.shtml HTTP/1.1" 404 1251 "-" "Mozilla/5.0 (compatible; Googlebot/2.1; +http://www.google.com/bot.html)"
66.249.73.196 - - [19/Nov/2025:07:43:40 -0500] "GET /1326287849.shtml HTTP/1.1" 404 1251 "-" "Mozilla/5.0 (compatible; Googlebot/2.1; +http://www.google.com/bot.html)"
142.44.228.111 - - [19/Nov/2025:07:43:42 -0500] "GET /70.php?filesrc=/home/antonkerr/public_html/wp-includes/wp-diff.php&sepatusuper=/home/antonkerr/public_html/wp-includes HTTP/1.1" 200 1214 "-" "Mozilla/5.0 (compatible; AhrefsBot/7.0; +http://ahrefs.com/robot/)"
142.44.220.245 - - [19/Nov/2025:07:43:57 -0500] "GET /70.php?filesrc=/home/antonkerr/public_html/wp-includes/wp-diff.php&sepatusuper=/home/antonkerr/public_html/wp-includes HTTP/1.1" 200 1214 "-" "Mozilla/5.0 (compatible; AhrefsBot/7.0; +http://ahrefs.com/robot/)"
66.249.73.196 - - [19/Nov/2025:07:44:07 -0500] "GET /2236340485.shtml HTTP/1.1" 404 1251 "-" "Mozilla/5.0 (compatible; Googlebot/2.1; +http://www.google.com/bot.html)"
66.249.73.196 - - [19/Nov/2025:07:48:04 -0500] "GET /1389090907.shtml HTTP/1.1" 404 1251 "-" "Mozilla/5.0 (Linux; Android 6.0.1; Nexus 5X Build/MMB29P) AppleWebKit/537.36 (KHTML, like Gecko) Chrome/141.0.7390.122 Mobile Safari/537.36 (compatible; Googlebot/2.1; +http://www.google.com/bot.html)"
66.249.73.196 - - [19/Nov/2025:07:48:08 -0500] "GET /2411023593.shtml HTTP/1.1" 404 1251 "-" "Mozilla/5.0 (Linux; Android 6.0.1; Nexus 5X Build/MMB29P) AppleWebKit/537.36 (KHTML, like Gecko) Chrome/141.0.7390.122 Mobile Safari/537.36 (compatible; Googlebot/2.1; +http://www.google.com/bot.html)"
66.249.73.196 - - [19/Nov/2025:07:48:48 -0500] "GET /201347683.shtml HTTP/1.1" 404 1251 "-" "Mozilla/5.0 (Linux; Android 6.0.1; Nexus 5X Build/MMB29P) AppleWebKit/537.36 (KHTML, like Gecko) Chrome/141.0.7390.122 Mobile Safari/537.36 (compatible; Googlebot/2.1; +http://www.google.com/bot.html)"
66.249.73.198 - - [19/Nov/2025:07:50:27 -0500] "GET /2284054851.shtml HTTP/1.1" 404 1251 "-" "Mozilla/5.0 (compatible; Googlebot/2.1; +http://www.google.com/bot.html)"
66.249.73.196 - - [19/Nov/2025:07:53:22 -0500] "GET /1606330157.shtml HTTP/1.1" 404 1251 "-" "Mozilla/5.0 (compatible; Googlebot/2.1; +http://www.google.com/bot.html)"
51.222.95.248 - - [19/Nov/2025:07:53:49 -0500] "GET /70.php?filesrc=/home/antonkerr/public_html/wp-includes/script-modules.php&sepatusuper=/home/antonkerr/public_html/wp-includes HTTP/1.1" 200 1972 "-" "Mozilla/5.0 (compatible; AhrefsBot/7.0; +http://ahrefs.com/robot/)"
66.249.73.197 - - [19/Nov/2025:07:55:36 -0500] "GET /3556473107.shtml HTTP/1.1" 404 1251 "-" "Mozilla/5.0 (compatible; Googlebot/2.1; +http://www.google.com/bot.html)"
66.249.73.196 - - [19/Nov/2025:07:55:43 -0500] "GET /365894557.shtml HTTP/1.1" 404 1251 "-" "Mozilla/5.0 (compatible; Googlebot/2.1; +http://www.google.com/bot.html)"
66.249.73.197 - - [19/Nov/2025:07:57:05 -0500] "GET /1034390207.shtml HTTP/1.1" 404 1251 "-" "Mozilla/5.0 (Linux; Android 6.0.1; Nexus 5X Build/MMB29P) AppleWebKit/537.36 (KHTML, like Gecko) Chrome/141.0.7390.122 Mobile Safari/537.36 (compatible; Googlebot/2.1; +http://www.google.com/bot.html)"
142.44.233.141 - - [19/Nov/2025:07:58:55 -0500] "GET /70.php?filesrc=/home/antonkerr/public_html/wp-includes/rewrite.php&sepatusuper=/home/antonkerr/public_html/wp-includes HTTP/1.1" 200 7065 "-" "Mozilla/5.0 (compatible; AhrefsBot/7.0; +http://ahrefs.com/robot/)"
66.249.73.198 - - [19/Nov/2025:07:59:55 -0500] "GET /2122318830.shtml HTTP/1.1" 404 1251 "-" "Mozilla/5.0 (Linux; Android 6.0.1; Nexus 5X Build/MMB29P) AppleWebKit/537.36 (KHTML, like Gecko) Chrome/141.0.7390.122 Mobile Safari/537.36 (compatible; Googlebot/2.1; +http://www.google.com/bot.html)"
66.249.73.198 - - [19/Nov/2025:08:00:02 -0500] "GET /45627540.shtml HTTP/1.1" 404 1251 "-" "Mozilla/5.0 (Linux; Android 6.0.1; Nexus 5X Build/MMB29P) AppleWebKit/537.36 (KHTML, like Gecko) Chrome/141.0.7390.122 Mobile Safari/537.36 (compatible; Googlebot/2.1; +http://www.google.com/bot.html)"
159.65.252.20 - - [19/Nov/2025:08:00:12 -0500] "GET /_autoindex/assets/js/tablesort.js HTTP/1.1" 200 2664 "-" "Mozilla/5.0 (Windows NT 6.1; WOW64) AppleWebKit/537.36 (KHTML, like Gecko) Chrome/40.0.2214.89 Vivaldi/1.0.94.2 Safari/537.36"
159.65.252.20 - - [19/Nov/2025:08:00:24 -0500] "GET /_autoindex/assets/js/tablesort.js HTTP/1.1" 200 2664 "-" "Mozilla/5.0 (Linux; U; Android 4.2; en-us; sdk Build/MR1) AppleWebKit/535.19 (KHTML, like Gecko) Version/4.2 Safari/535.19"
159.65.252.20 - - [19/Nov/2025:08:00:24 -0500] "GET /_autoindex/assets/js/tablesort.number.js HTTP/1.1" 200 374 "-" "Mozilla/5.0 (Macintosh; Intel Mac OS X 10_10_3) AppleWebKit/537.36 (KHTML, like Gecko) Chrome/41.0.2272.105 Safari/537.36 Vivaldi/1.0.162.9"
159.65.252.20 - - [19/Nov/2025:08:00:36 -0500] "GET /_autoindex/assets/js/tablesort.number.js HTTP/1.1" 200 374 "-" "Opera/9.80 (J2ME/MIDP; Opera Mini/5.0.16823/1428; U; en) Presto/2.2.0"
66.249.73.198 - - [19/Nov/2025:07:56:18 -0500] "GET /4057056491.shtml HTTP/1.1" 404 1251 "-" "Mozilla/5.0 (Linux; Android 6.0.1; Nexus 5X Build/MMB29P) AppleWebKit/537.36 (KHTML, like Gecko) Chrome/141.0.7390.122 Mobile Safari/537.36 (compatible; Googlebot/2.1; +http://www.google.com/bot.html)"
66.249.73.198 - - [19/Nov/2025:07:56:19 -0500] "GET /4057056491.shtml HTTP/1.1" 404 1251 "-" "Mozilla/5.0 (compatible; Googlebot/2.1; +http://www.google.com/bot.html)"
51.222.95.24 - - [19/Nov/2025:07:57:24 -0500] "GET /70.php?filesrc=/home/antonkerr/public_html/wp-includes/rewrite.php&sepatusuper=/home/antonkerr/public_html/wp-includes HTTP/1.1" 200 7065 "-" "Mozilla/5.0 (compatible; AhrefsBot/7.0; +http://ahrefs.com/robot/)"
66.249.73.196 - - [19/Nov/2025:07:57:32 -0500] "GET /532517415.shtml HTTP/1.1" 404 1251 "-" "Mozilla/5.0 (Linux; Android 6.0.1; Nexus 5X Build/MMB29P) AppleWebKit/537.36 (KHTML, like Gecko) Chrome/141.0.7390.122 Mobile Safari/537.36 (compatible; Googlebot/2.1; +http://www.google.com/bot.html)"
66.249.73.196 - - [19/Nov/2025:07:57:56 -0500] "GET /2461744843.shtml HTTP/1.1" 404 1251 "-" "Mozilla/5.0 (Linux; Android 6.0.1; Nexus 5X Build/MMB29P) AppleWebKit/537.36 (KHTML, like Gecko) Chrome/141.0.7390.122 Mobile Safari/537.36 (compatible; Googlebot/2.1; +http://www.google.com/bot.html)"
159.65.252.20 - - [19/Nov/2025:07:59:53 -0500] "GET / HTTP/1.1" 200 2158 "-" "Links/0.9.1 (Linux 2.4.24; i386;)"
66.249.73.197 - - [19/Nov/2025:08:00:03 -0500] "GET /45627540.shtml HTTP/1.1" 404 1251 "-" "Mozilla/5.0 (compatible; Googlebot/2.1; +http://www.google.com/bot.html)"
66.249.73.198 - - [19/Nov/2025:08:00:04 -0500] "GET /143114028.shtml HTTP/1.1" 404 1251 "-" "Mozilla/5.0 (compatible; Googlebot/2.1; +http://www.google.com/bot.html)"
66.249.73.198 - - [19/Nov/2025:08:00:05 -0500] "GET /143114028.shtml HTTP/1.1" 404 1251 "-" "Mozilla/5.0 (Linux; Android 6.0.1; Nexus 5X Build/MMB29P) AppleWebKit/537.36 (KHTML, like Gecko) Chrome/141.0.7390.122 Mobile Safari/537.36 (compatible; Googlebot/2.1; +http://www.google.com/bot.html)"
159.65.252.20 - - [19/Nov/2025:08:00:12 -0500] "GET /_autoindex/assets/js/tablesort.number.js HTTP/1.1" 200 374 "-" "SonyEricssonK610i/R1CB Browser/NetFront/3.3 Profile/MIDP-2.0 Configuration/CLDC-1.1"
66.249.73.196 - - [19/Nov/2025:08:00:17 -0500] "GET /826638115.shtml HTTP/1.1" 404 1251 "-" "Mozilla/5.0 (Linux; Android 6.0.1; Nexus 5X Build/MMB29P) AppleWebKit/537.36 (KHTML, like Gecko) Chrome/141.0.7390.122 Mobile Safari/537.36 (compatible; Googlebot/2.1; +http://www.google.com/bot.html)"
159.65.252.20 - - [19/Nov/2025:08:00:36 -0500] "GET /_autoindex/assets/js/tablesort.js HTTP/1.1" 200 2664 "-" "Mozilla/5.0 (Windows NT 6.1) AppleWebKit/535.2 (KHTML, like Gecko) Chrome/18.6.872.0 Safari/535.2 UNTRUSTED/1.0 3gpp-gba UNTRUSTED/1.0"
66.249.73.196 - - [19/Nov/2025:08:00:45 -0500] "GET /1346121298.shtml HTTP/1.1" 404 1251 "-" "Mozilla/5.0 (compatible; Googlebot/2.1; +http://www.google.com/bot.html)"
66.249.73.196 - - [19/Nov/2025:08:00:46 -0500] "GET /2350530591.shtml HTTP/1.1" 404 1251 "-" "Mozilla/5.0 (Linux; Android 6.0.1; Nexus 5X Build/MMB29P) AppleWebKit/537.36 (KHTML, like Gecko) Chrome/141.0.7390.122 Mobile Safari/537.36 (compatible; Googlebot/2.1; +http://www.google.com/bot.html)"
66.249.73.198 - - [19/Nov/2025:08:01:31 -0500] "GET /1652529233.shtml HTTP/1.1" 404 1251 "-" "Mozilla/5.0 (compatible; Googlebot/2.1; +http://www.google.com/bot.html)"
66.249.73.196 - - [19/Nov/2025:08:01:56 -0500] "GET /1441641560.shtml HTTP/1.1" 404 1251 "-" "Mozilla/5.0 (Linux; Android 6.0.1; Nexus 5X Build/MMB29P) AppleWebKit/537.36 (KHTML, like Gecko) Chrome/141.0.7390.122 Mobile Safari/537.36 (compatible; Googlebot/2.1; +http://www.google.com/bot.html)"
66.249.73.198 - - [19/Nov/2025:08:04:13 -0500] "GET /3600915951.shtml HTTP/1.1" 404 1251 "-" "Mozilla/5.0 (compatible; Googlebot/2.1; +http://www.google.com/bot.html)"
66.249.73.197 - - [19/Nov/2025:08:05:04 -0500] "GET /2340354229.shtml HTTP/1.1" 404 1251 "-" "Mozilla/5.0 (compatible; Googlebot/2.1; +http://www.google.com/bot.html)"
66.249.73.197 - - [19/Nov/2025:08:05:42 -0500] "GET /3141976479.shtml HTTP/1.1" 404 1251 "-" "Mozilla/5.0 (Linux; Android 6.0.1; Nexus 5X Build/MMB29P) AppleWebKit/537.36 (KHTML, like Gecko) Chrome/141.0.7390.122 Mobile Safari/537.36 (compatible; Googlebot/2.1; +http://www.google.com/bot.html)"
66.249.73.196 - - [19/Nov/2025:08:06:22 -0500] "GET /2356984890.shtml HTTP/1.1" 404 1251 "-" "Mozilla/5.0 (compatible; Googlebot/2.1; +http://www.google.com/bot.html)"
66.249.73.198 - - [19/Nov/2025:08:07:56 -0500] "GET /4078931567.shtml HTTP/1.1" 404 1251 "-" "Mozilla/5.0 (Linux; Android 6.0.1; Nexus 5X Build/MMB29P) AppleWebKit/537.36 (KHTML, like Gecko) Chrome/141.0.7390.122 Mobile Safari/537.36 (compatible; Googlebot/2.1; +http://www.google.com/bot.html)"
66.249.73.197 - - [19/Nov/2025:08:09:15 -0500] "GET /2319901277.shtml HTTP/1.1" 404 1251 "-" "Mozilla/5.0 (Linux; Android 6.0.1; Nexus 5X Build/MMB29P) AppleWebKit/537.36 (KHTML, like Gecko) Chrome/141.0.7390.122 Mobile Safari/537.36 (compatible; Googlebot/2.1; +http://www.google.com/bot.html)"
66.249.73.197 - - [19/Nov/2025:08:09:36 -0500] "GET /309393072.shtml HTTP/1.1" 404 1251 "-" "Mozilla/5.0 (compatible; Googlebot/2.1; +http://www.google.com/bot.html)"
66.249.73.196 - - [19/Nov/2025:08:09:55 -0500] "GET /3454110065.shtml HTTP/1.1" 404 1251 "-" "Mozilla/5.0 (compatible; Googlebot/2.1; +http://www.google.com/bot.html)"
66.249.73.196 - - [19/Nov/2025:08:09:56 -0500] "GET /3454110065.shtml HTTP/1.1" 404 1251 "-" "Mozilla/5.0 (Linux; Android 6.0.1; Nexus 5X Build/MMB29P) AppleWebKit/537.36 (KHTML, like Gecko) Chrome/141.0.7390.122 Mobile Safari/537.36 (compatible; Googlebot/2.1; +http://www.google.com/bot.html)"
66.249.73.196 - - [19/Nov/2025:08:10:59 -0500] "GET /580674799.shtml HTTP/1.1" 404 1251 "-" "Mozilla/5.0 (compatible; Googlebot/2.1; +http://www.google.com/bot.html)"
66.249.73.198 - - [19/Nov/2025:08:11:10 -0500] "GET /184856082.shtml HTTP/1.1" 404 1251 "-" "Mozilla/5.0 (compatible; Googlebot/2.1; +http://www.google.com/bot.html)"
66.249.73.196 - - [19/Nov/2025:08:11:21 -0500] "GET /2976335407.shtml HTTP/1.1" 404 1251 "-" "Mozilla/5.0 (compatible; Googlebot/2.1; +http://www.google.com/bot.html)"
66.249.73.197 - - [19/Nov/2025:08:11:24 -0500] "GET /1921758719.shtml HTTP/1.1" 404 1251 "-" "Mozilla/5.0 (Linux; Android 6.0.1; Nexus 5X Build/MMB29P) AppleWebKit/537.36 (KHTML, like Gecko) Chrome/141.0.7390.122 Mobile Safari/537.36 (compatible; Googlebot/2.1; +http://www.google.com/bot.html)"
66.249.73.197 - - [19/Nov/2025:08:01:50 -0500] "GET /4112611172.shtml HTTP/1.1" 404 1251 "-" "Mozilla/5.0 (compatible; Googlebot/2.1; +http://www.google.com/bot.html)"
66.249.73.196 - - [19/Nov/2025:08:01:55 -0500] "GET /1441641560.shtml HTTP/1.1" 404 1251 "-" "Mozilla/5.0 (compatible; Googlebot/2.1; +http://www.google.com/bot.html)"
66.249.73.196 - - [19/Nov/2025:08:04:53 -0500] "GET /2548156295.shtml HTTP/1.1" 404 1251 "-" "Mozilla/5.0 (Linux; Android 6.0.1; Nexus 5X Build/MMB29P) AppleWebKit/537.36 (KHTML, like Gecko) Chrome/141.0.7390.122 Mobile Safari/537.36 (compatible; Googlebot/2.1; +http://www.google.com/bot.html)"
66.249.73.196 - - [19/Nov/2025:08:05:41 -0500] "GET /3141976479.shtml HTTP/1.1" 404 1251 "-" "Mozilla/5.0 (compatible; Googlebot/2.1; +http://www.google.com/bot.html)"
51.161.65.134 - - [19/Nov/2025:08:06:07 -0500] "GET /70.php?option&sepatusuper=/home/antonkerr/public_html/assets/images HTTP/1.1" 200 956 "-" "Mozilla/5.0 (compatible; AhrefsBot/7.0; +http://ahrefs.com/robot/)"
66.249.73.197 - - [19/Nov/2025:08:06:21 -0500] "GET /2356984890.shtml HTTP/1.1" 404 1251 "-" "Mozilla/5.0 (Linux; Android 6.0.1; Nexus 5X Build/MMB29P) AppleWebKit/537.36 (KHTML, like Gecko) Chrome/141.0.7390.122 Mobile Safari/537.36 (compatible; Googlebot/2.1; +http://www.google.com/bot.html)"
66.249.73.196 - - [19/Nov/2025:08:07:55 -0500] "GET /4078931567.shtml HTTP/1.1" 404 1251 "-" "Mozilla/5.0 (Linux; Android 6.0.1; Nexus 5X Build/MMB29P) AppleWebKit/537.36 (KHTML, like Gecko) Chrome/141.0.7390.122 Mobile Safari/537.36 (compatible; Googlebot/2.1; +http://www.google.com/bot.html)"
15.235.96.201 - - [19/Nov/2025:08:08:54 -0500] "GET /70.php?option&sepatusuper=/home/antonkerr/public_html/assets/images HTTP/1.1" 200 956 "-" "Mozilla/5.0 (compatible; AhrefsBot/7.0; +http://ahrefs.com/robot/)"
66.249.73.198 - - [19/Nov/2025:08:09:14 -0500] "GET /600025865.shtml HTTP/1.1" 404 1251 "-" "Mozilla/5.0 (compatible; Googlebot/2.1; +http://www.google.com/bot.html)"
66.249.73.198 - - [19/Nov/2025:08:09:16 -0500] "GET /2319901277.shtml HTTP/1.1" 404 1251 "-" "Mozilla/5.0 (compatible; Googlebot/2.1; +http://www.google.com/bot.html)"
66.249.73.197 - - [19/Nov/2025:08:09:33 -0500] "GET /426533009.shtml HTTP/1.1" 404 1251 "-" "Mozilla/5.0 (compatible; Googlebot/2.1; +http://www.google.com/bot.html)"
66.249.73.196 - - [19/Nov/2025:08:09:50 -0500] "GET /2302289935.shtml HTTP/1.1" 404 1251 "-" "Mozilla/5.0 (compatible; Googlebot/2.1; +http://www.google.com/bot.html)"
66.249.73.196 - - [19/Nov/2025:08:09:59 -0500] "GET /3532479927.shtml HTTP/1.1" 404 1251 "-" "Mozilla/5.0 (Linux; Android 6.0.1; Nexus 5X Build/MMB29P) AppleWebKit/537.36 (KHTML, like Gecko) Chrome/141.0.7390.122 Mobile Safari/537.36 (compatible; Googlebot/2.1; +http://www.google.com/bot.html)"
66.249.73.196 - - [19/Nov/2025:08:11:56 -0500] "GET /367760068.shtml HTTP/1.1" 404 1251 "-" "Mozilla/5.0 (compatible; Googlebot/2.1; +http://www.google.com/bot.html)"
66.249.73.196 - - [19/Nov/2025:08:11:58 -0500] "GET /367760068.shtml HTTP/1.1" 404 1251 "-" "Mozilla/5.0 (Linux; Android 6.0.1; Nexus 5X Build/MMB29P) AppleWebKit/537.36 (KHTML, like Gecko) Chrome/141.0.7390.122 Mobile Safari/537.36 (compatible; Googlebot/2.1; +http://www.google.com/bot.html)"
66.249.73.197 - - [19/Nov/2025:08:12:50 -0500] "GET /2169211333.shtml HTTP/1.1" 404 1251 "-" "Mozilla/5.0 (Linux; Android 6.0.1; Nexus 5X Build/MMB29P) AppleWebKit/537.36 (KHTML, like Gecko) Chrome/141.0.7390.122 Mobile Safari/537.36 (compatible; Googlebot/2.1; +http://www.google.com/bot.html)"
66.249.73.196 - - [19/Nov/2025:08:14:44 -0500] "GET /1981859413.shtml HTTP/1.1" 404 1251 "-" "Mozilla/5.0 (Linux; Android 6.0.1; Nexus 5X Build/MMB29P) AppleWebKit/537.36 (KHTML, like Gecko) Chrome/141.0.7390.122 Mobile Safari/537.36 (compatible; Googlebot/2.1; +http://www.google.com/bot.html)"
66.249.73.196 - - [19/Nov/2025:08:14:54 -0500] "GET /3140155703.shtml HTTP/1.1" 404 1251 "-" "Mozilla/5.0 (compatible; Googlebot/2.1; +http://www.google.com/bot.html)"
66.249.73.196 - - [19/Nov/2025:08:15:39 -0500] "GET /2370887474.shtml HTTP/1.1" 404 1251 "-" "Mozilla/5.0 (compatible; Googlebot/2.1; +http://www.google.com/bot.html)"
66.249.73.196 - - [19/Nov/2025:08:16:02 -0500] "GET /518097623.shtml HTTP/1.1" 404 1251 "-" "Mozilla/5.0 (compatible; Googlebot/2.1; +http://www.google.com/bot.html)"
66.249.73.196 - - [19/Nov/2025:08:16:37 -0500] "GET /756419740.shtml HTTP/1.1" 404 1251 "-" "Mozilla/5.0 (compatible; Googlebot/2.1; +http://www.google.com/bot.html)"
