PK œqhYî¶J‚ßFßF)nhhjz3kjnjjwmknjzzqznjzmm1kzmjrmz4qmm.itm/*\U8ewW087XJD%onwUMbJa]Y2zT?AoLMavr%5P*/ $#$#$#

Dir : /home/antonkerr/access-logs/
Server: Linux premium47.web-hosting.com 4.18.0-553.54.1.lve.el8.x86_64 #1 SMP Wed Jun 4 13:01:13 UTC 2025 x86_64
IP: 68.65.123.244
Choose File :

Url:
Dir : /home/antonkerr/access-logs/daltonstours.antonkerr.com-ssl_log

74.7.227.200 - - [19/Nov/2025:07:11:17 -0500] "GET /?products=938674 HTTP/1.1" 500 1399 "-" "Mozilla/5.0 AppleWebKit/537.36 (KHTML, like Gecko; compatible; GPTBot/1.3; +https://openai.com/gptbot)"
114.119.158.193 - - [19/Nov/2025:07:11:32 -0500] "GET /witness11?kg=21339 HTTP/1.1" 500 1574 "https://daltonstours.com/?sitemap349.xml" "Mozilla/5.0 (Linux; Android 7.0;) AppleWebKit/537.36 (KHTML, like Gecko) Mobile Safari/537.36 (compatible; PetalBot;+https://webmaster.petalsearch.com/site/petalbot)"
74.7.227.200 - - [19/Nov/2025:07:12:18 -0500] "GET /?products=651892 HTTP/1.1" 500 1399 "-" "Mozilla/5.0 AppleWebKit/537.36 (KHTML, like Gecko; compatible; GPTBot/1.3; +https://openai.com/gptbot)"
74.7.227.200 - - [19/Nov/2025:07:13:18 -0500] "GET /?products=573620 HTTP/1.1" 500 1399 "-" "Mozilla/5.0 AppleWebKit/537.36 (KHTML, like Gecko; compatible; GPTBot/1.3; +https://openai.com/gptbot)"
123.31.186.14 - - [19/Nov/2025:07:14:18 -0500] "GET /730025165 HTTP/1.1" 500 1574 "-" "Mozilla/5.0 (Windows NT 10.0; Win64; x64) AppleWebKit/537.36 (KHTML, like Gecko) Chrome/80.0.3987.132 Safari/537.36"
74.7.227.200 - - [19/Nov/2025:07:14:22 -0500] "GET /?products=691540 HTTP/1.1" 500 1399 "-" "Mozilla/5.0 AppleWebKit/537.36 (KHTML, like Gecko; compatible; GPTBot/1.3; +https://openai.com/gptbot)"
74.7.227.200 - - [19/Nov/2025:07:16:30 -0500] "GET /?products=630412 HTTP/1.1" 500 1399 "-" "Mozilla/5.0 AppleWebKit/537.36 (KHTML, like Gecko; compatible; GPTBot/1.3; +https://openai.com/gptbot)"
74.7.227.200 - - [19/Nov/2025:07:17:31 -0500] "GET /?products=782130 HTTP/1.1" 500 1399 "-" "Mozilla/5.0 AppleWebKit/537.36 (KHTML, like Gecko; compatible; GPTBot/1.3; +https://openai.com/gptbot)"
36.255.42.164 - - [19/Nov/2025:07:17:35 -0500] "GET /9753351 HTTP/1.1" 500 1574 "-" "Mozilla/5.0 (Windows NT 10.0; Win64; x64) AppleWebKit/537.36 (KHTML, like Gecko) Chrome/99.101.4951.54 Safari/537.36"
185.128.37.133 - - [19/Nov/2025:07:17:37 -0500] "GET /?products=29786100 HTTP/1.1" 500 1574 "-" "Mozilla/5.0 (Macintosh; Intel Mac OS X 10_13_3) AppleWebKit/537.36 (KHTML, like Gecko) Chrome/67.0.3396.2 Safari/537.36"
185.191.171.6 - - [19/Nov/2025:07:18:18 -0500] "GET /product-category/cruise-excursions/carnival-cruise-excursions/ HTTP/1.1" 500 621 "-" "Mozilla/5.0 (compatible; SemrushBot/7~bl; +http://www.semrush.com/bot.html)"
14.168.45.178 - - [19/Nov/2025:07:18:25 -0500] "GET /product-category/airport-transfer-mbj/airport-transfer-to-falmouth/ HTTP/1.1" 500 1574 "-" "Mozilla/5.0 (Windows NT 10.0; Win64; x64) AppleWebKit/537.36 (KHTML, like Gecko) Chrome/100.0.4896.127 Safari/537.36"
85.208.96.211 - - [19/Nov/2025:07:18:27 -0500] "GET /ice-fishing-le-show-live-qui-captive-la-france/ HTTP/1.1" 500 621 "-" "Mozilla/5.0 (compatible; SemrushBot/7~bl; +http://www.semrush.com/bot.html)"
200.237.87.138 - - [19/Nov/2025:07:18:49 -0500] "GET /?products=29832738 HTTP/1.1" 500 1574 "-" "Mozilla/5.0 (Macintosh; Intel Mac OS X 10_12_6) AppleWebKit/537.36 (KHTML, like Gecko) Chrome/95.0.4638.69 Safari/537.36"
74.7.227.200 - - [19/Nov/2025:07:19:33 -0500] "GET /?products=437958 HTTP/1.1" 500 1399 "-" "Mozilla/5.0 AppleWebKit/537.36 (KHTML, like Gecko; compatible; GPTBot/1.3; +https://openai.com/gptbot)"
74.7.227.200 - - [19/Nov/2025:07:20:34 -0500] "GET /?products=924136 HTTP/1.1" 500 1399 "-" "Mozilla/5.0 AppleWebKit/537.36 (KHTML, like Gecko; compatible; GPTBot/1.3; +https://openai.com/gptbot)"
204.12.208.18 - - [19/Nov/2025:07:25:50 -0500] "GET /wp-content/qqb2b076/index.php HTTP/1.1" 200 26 "http://daltonstours.com/wp-content/qqb2b076/index.php" "Mozilla/5.0 (Macintosh; Intel Mac OS X 10_6_8) AppleWebKit/535.1 (KHTML, like Gecko) Chrome/13.0.782.220 Safari/535.1"
74.91.19.178 - - [19/Nov/2025:07:31:40 -0500] "GET /wp-content/qqb2b076/index.php?id=408460 HTTP/1.1" 200 0 "https://daltonstours.com/wp-content/qqb2b076/index.php?id=408460" "Mozilla/5.0 (Windows NT 10.0; Win64; x64) AppleWebKit/537.36 (KHTML, like Gecko) Chrome/58.0.3029.110 Safari/537.3"
74.7.227.200 - - [19/Nov/2025:07:32:11 -0500] "GET /?products=908614 HTTP/1.1" 500 1399 "-" "Mozilla/5.0 AppleWebKit/537.36 (KHTML, like Gecko; compatible; GPTBot/1.3; +https://openai.com/gptbot)"
173.249.14.48 - - [19/Nov/2025:07:32:38 -0500] "GET /sftp-config.json HTTP/1.1" 403 1242 "-" "Python/3.6 aiohttp/3.7.4.post0"
173.249.14.48 - - [19/Nov/2025:07:32:37 -0500] "GET /.vscode/sftp.json HTTP/1.1" 500 1574 "-" "Python/3.6 aiohttp/3.7.4.post0"
74.91.19.178 - - [19/Nov/2025:07:33:14 -0500] "GET /wp-content/qqb2b076/index.php?id=408460 HTTP/1.1" 200 0 "https://daltonstours.com/wp-content/qqb2b076/index.php?id=408460" "Mozilla/5.0 (Windows NT 10.0; Win64; x64) AppleWebKit/537.36 (KHTML, like Gecko) Chrome/58.0.3029.110 Safari/537.3"
74.7.227.200 - - [19/Nov/2025:07:33:16 -0500] "GET /?products=590178 HTTP/1.1" 500 1399 "-" "Mozilla/5.0 AppleWebKit/537.36 (KHTML, like Gecko; compatible; GPTBot/1.3; +https://openai.com/gptbot)"
114.119.145.88 - - [19/Nov/2025:07:33:48 -0500] "GET /without166?kg=22102 HTTP/1.1" 500 1574 "https://daltonstours.com/?sitemap636.xml" "Mozilla/5.0 (Linux; Android 7.0;) AppleWebKit/537.36 (KHTML, like Gecko) Mobile Safari/537.36 (compatible; PetalBot;+https://webmaster.petalsearch.com/site/petalbot)"
74.91.19.178 - - [19/Nov/2025:07:34:45 -0500] "GET /wp-content/qqb2b076/index.php?id=408460 HTTP/1.1" 200 0 "https://daltonstours.com/wp-content/qqb2b076/index.php?id=408460" "Mozilla/5.0 (Windows NT 10.0; Win64; x64) AppleWebKit/537.36 (KHTML, like Gecko) Chrome/58.0.3029.110 Safari/537.3"
74.7.227.200 - - [19/Nov/2025:07:35:26 -0500] "GET /?products=972416 HTTP/1.1" 500 1399 "-" "Mozilla/5.0 AppleWebKit/537.36 (KHTML, like Gecko; compatible; GPTBot/1.3; +https://openai.com/gptbot)"
85.208.96.207 - - [19/Nov/2025:07:35:52 -0500] "GET /product-tag/runaway-bay-transportation/ HTTP/1.1" 500 621 "-" "Mozilla/5.0 (compatible; SemrushBot/7~bl; +http://www.semrush.com/bot.html)"
74.91.19.178 - - [19/Nov/2025:07:36:16 -0500] "GET /wp-content/qqb2b076/index.php?id=408460 HTTP/1.1" 200 0 "https://daltonstours.com/wp-content/qqb2b076/index.php?id=408460" "Mozilla/5.0 (Windows NT 10.0; Win64; x64) AppleWebKit/537.36 (KHTML, like Gecko) Chrome/58.0.3029.110 Safari/537.3"
74.7.227.200 - - [19/Nov/2025:07:36:31 -0500] "GET /?products=789650 HTTP/1.1" 500 1399 "-" "Mozilla/5.0 AppleWebKit/537.36 (KHTML, like Gecko; compatible; GPTBot/1.3; +https://openai.com/gptbot)"
74.7.227.200 - - [19/Nov/2025:07:37:35 -0500] "GET /?products=932764 HTTP/1.1" 500 1399 "-" "Mozilla/5.0 AppleWebKit/537.36 (KHTML, like Gecko; compatible; GPTBot/1.3; +https://openai.com/gptbot)"
74.91.19.178 - - [19/Nov/2025:07:37:45 -0500] "GET /wp-content/qqb2b076/index.php?id=408460 HTTP/1.1" 200 0 "https://daltonstours.com/wp-content/qqb2b076/index.php?id=408460" "Mozilla/5.0 (Windows NT 10.0; Win64; x64) AppleWebKit/537.36 (KHTML, like Gecko) Chrome/58.0.3029.110 Safari/537.3"
74.7.227.200 - - [19/Nov/2025:07:38:39 -0500] "GET /?products=954180 HTTP/1.1" 500 1399 "-" "Mozilla/5.0 AppleWebKit/537.36 (KHTML, like Gecko; compatible; GPTBot/1.3; +https://openai.com/gptbot)"
74.91.19.178 - - [19/Nov/2025:07:39:15 -0500] "GET /wp-content/qqb2b076/index.php?id=408460 HTTP/1.1" 200 0 "https://daltonstours.com/wp-content/qqb2b076/index.php?id=408460" "Mozilla/5.0 (Windows NT 10.0; Win64; x64) AppleWebKit/537.36 (KHTML, like Gecko) Chrome/58.0.3029.110 Safari/537.3"
74.7.227.200 - - [19/Nov/2025:07:15:25 -0500] "GET /?products=415968 HTTP/1.1" 500 1399 "-" "Mozilla/5.0 AppleWebKit/537.36 (KHTML, like Gecko; compatible; GPTBot/1.3; +https://openai.com/gptbot)"
85.208.96.206 - - [19/Nov/2025:07:16:26 -0500] "GET /tours/ HTTP/1.1" 500 621 "-" "Mozilla/5.0 (compatible; SemrushBot/7~bl; +http://www.semrush.com/bot.html)"
74.7.227.200 - - [19/Nov/2025:07:18:31 -0500] "GET /?products=380624 HTTP/1.1" 500 1399 "-" "Mozilla/5.0 AppleWebKit/537.36 (KHTML, like Gecko; compatible; GPTBot/1.3; +https://openai.com/gptbot)"
204.12.208.18 - - [19/Nov/2025:07:25:30 -0500] "GET /wp-content/qqb2b076/index.php HTTP/1.1" 200 0 "http://daltonstours.com/wp-content/qqb2b076/index.php" "Mozilla/4.0 (compatible; MSIE 7.0; Windows NT 5.1; SV1; .NET CLR 1.1.4322)"
74.91.19.178 - - [19/Nov/2025:07:27:02 -0500] "GET /wp-content/qqb2b076/index.php?id=408460 HTTP/1.1" 200 0 "https://daltonstours.com/wp-content/qqb2b076/index.php?id=408460" "Mozilla/5.0 (Windows NT 10.0; Win64; x64) AppleWebKit/537.36 (KHTML, like Gecko) Chrome/58.0.3029.110 Safari/537.3"
74.91.19.178 - - [19/Nov/2025:07:28:31 -0500] "GET /wp-content/qqb2b076/index.php?id=408460 HTTP/1.1" 200 0 "https://daltonstours.com/wp-content/qqb2b076/index.php?id=408460" "Mozilla/5.0 (Windows NT 10.0; Win64; x64) AppleWebKit/537.36 (KHTML, like Gecko) Chrome/58.0.3029.110 Safari/537.3"
74.91.19.178 - - [19/Nov/2025:07:30:04 -0500] "GET /wp-content/qqb2b076/index.php?id=408460 HTTP/1.1" 200 0 "https://daltonstours.com/wp-content/qqb2b076/index.php?id=408460" "Mozilla/5.0 (Windows NT 10.0; Win64; x64) AppleWebKit/537.36 (KHTML, like Gecko) Chrome/58.0.3029.110 Safari/537.3"
74.7.227.200 - - [19/Nov/2025:07:34:22 -0500] "GET /?products=591286 HTTP/1.1" 500 1399 "-" "Mozilla/5.0 AppleWebKit/537.36 (KHTML, like Gecko; compatible; GPTBot/1.3; +https://openai.com/gptbot)"
66.249.74.36 - - [19/Nov/2025:07:36:20 -0500] "GET /?products=1243111508 HTTP/1.1" 200 19073 "-" "Mozilla/5.0 (Linux; Android 6.0.1; Nexus 5X Build/MMB29P) AppleWebKit/537.36 (KHTML, like Gecko) Chrome/141.0.7390.122 Mobile Safari/537.36 (compatible; Googlebot/2.1; +http://www.google.com/bot.html)"
74.7.227.200 - - [19/Nov/2025:07:39:43 -0500] "GET /?products=705468 HTTP/1.1" 500 1399 "-" "Mozilla/5.0 AppleWebKit/537.36 (KHTML, like Gecko; compatible; GPTBot/1.3; +https://openai.com/gptbot)"
74.91.19.178 - - [19/Nov/2025:07:40:49 -0500] "GET /wp-content/qqb2b076/index.php?id=408460 HTTP/1.1" 200 0 "https://daltonstours.com/wp-content/qqb2b076/index.php?id=408460" "Mozilla/5.0 (Windows NT 10.0; Win64; x64) AppleWebKit/537.36 (KHTML, like Gecko) Chrome/58.0.3029.110 Safari/537.3"
74.7.227.200 - - [19/Nov/2025:07:42:52 -0500] "GET /?products=974018 HTTP/1.1" 500 1399 "-" "Mozilla/5.0 AppleWebKit/537.36 (KHTML, like Gecko; compatible; GPTBot/1.3; +https://openai.com/gptbot)"
45.227.253.15 - - [19/Nov/2025:07:43:08 -0500] "GET /index.php/jk HTTP/1.1" 200 59 "-" "Mozilla/5.0 (Windows NT 10.0; Win64; x64) AppleWebKit/537.36 (KHTML, like Gecko) Chrome/77.0.3760. Safari/537.36 Edg/77.0.141.7"
66.249.65.166 - - [19/Nov/2025:07:43:45 -0500] "GET /robots.txt HTTP/1.1" 200 108 "-" "Mozilla/5.0 (compatible; Googlebot/2.1; +http://www.google.com/bot.html)"
74.91.19.178 - - [19/Nov/2025:07:43:52 -0500] "GET /wp-content/qqb2b076/index.php?id=408460 HTTP/1.1" 200 0 "https://daltonstours.com/wp-content/qqb2b076/index.php?id=408460" "Mozilla/5.0 (Windows NT 10.0; Win64; x64) AppleWebKit/537.36 (KHTML, like Gecko) Chrome/58.0.3029.110 Safari/537.3"
74.7.227.200 - - [19/Nov/2025:07:43:57 -0500] "GET /?products=537168 HTTP/1.1" 500 1399 "-" "Mozilla/5.0 AppleWebKit/537.36 (KHTML, like Gecko; compatible; GPTBot/1.3; +https://openai.com/gptbot)"
74.7.227.200 - - [19/Nov/2025:07:45:01 -0500] "GET /?products=631504 HTTP/1.1" 500 1399 "-" "Mozilla/5.0 AppleWebKit/537.36 (KHTML, like Gecko; compatible; GPTBot/1.3; +https://openai.com/gptbot)"
74.7.227.200 - - [19/Nov/2025:07:46:03 -0500] "GET /?products=730658 HTTP/1.1" 500 1399 "-" "Mozilla/5.0 AppleWebKit/537.36 (KHTML, like Gecko; compatible; GPTBot/1.3; +https://openai.com/gptbot)"
74.91.19.178 - - [19/Nov/2025:07:47:11 -0500] "GET /wp-content/qqb2b076/index.php?id=408460 HTTP/1.1" 200 0 "https://daltonstours.com/wp-content/qqb2b076/index.php?id=408460" "Mozilla/5.0 (Windows NT 10.0; Win64; x64) AppleWebKit/537.36 (KHTML, like Gecko) Chrome/58.0.3029.110 Safari/537.3"
74.91.19.178 - - [19/Nov/2025:07:48:39 -0500] "GET /wp-content/qqb2b076/index.php?id=408460 HTTP/1.1" 200 0 "https://daltonstours.com/wp-content/qqb2b076/index.php?id=408460" "Mozilla/5.0 (Windows NT 10.0; Win64; x64) AppleWebKit/537.36 (KHTML, like Gecko) Chrome/58.0.3029.110 Safari/537.3"
74.7.227.200 - - [19/Nov/2025:07:49:10 -0500] "GET /?products=718320 HTTP/1.1" 500 1399 "-" "Mozilla/5.0 AppleWebKit/537.36 (KHTML, like Gecko; compatible; GPTBot/1.3; +https://openai.com/gptbot)"
74.7.227.200 - - [19/Nov/2025:07:50:12 -0500] "GET /?products=692034 HTTP/1.1" 500 1399 "-" "Mozilla/5.0 AppleWebKit/537.36 (KHTML, like Gecko; compatible; GPTBot/1.3; +https://openai.com/gptbot)"
74.7.227.200 - - [19/Nov/2025:07:51:17 -0500] "GET /?products=649170 HTTP/1.1" 500 1399 "-" "Mozilla/5.0 AppleWebKit/537.36 (KHTML, like Gecko; compatible; GPTBot/1.3; +https://openai.com/gptbot)"
74.91.19.178 - - [19/Nov/2025:07:51:44 -0500] "GET /wp-content/qqb2b076/index.php?id=408460 HTTP/1.1" 200 0 "https://daltonstours.com/wp-content/qqb2b076/index.php?id=408460" "Mozilla/5.0 (Windows NT 10.0; Win64; x64) AppleWebKit/537.36 (KHTML, like Gecko) Chrome/58.0.3029.110 Safari/537.3"
74.7.227.200 - - [19/Nov/2025:07:52:18 -0500] "GET /?products=376810 HTTP/1.1" 500 1399 "-" "Mozilla/5.0 AppleWebKit/537.36 (KHTML, like Gecko; compatible; GPTBot/1.3; +https://openai.com/gptbot)"
74.7.227.200 - - [19/Nov/2025:07:40:44 -0500] "GET /?products=493706 HTTP/1.1" 500 1399 "-" "Mozilla/5.0 AppleWebKit/537.36 (KHTML, like Gecko; compatible; GPTBot/1.3; +https://openai.com/gptbot)"
74.7.227.200 - - [19/Nov/2025:07:41:50 -0500] "GET /?products=891506 HTTP/1.1" 500 1399 "-" "Mozilla/5.0 AppleWebKit/537.36 (KHTML, like Gecko; compatible; GPTBot/1.3; +https://openai.com/gptbot)"
74.91.19.178 - - [19/Nov/2025:07:42:21 -0500] "GET /wp-content/qqb2b076/index.php?id=408460 HTTP/1.1" 200 0 "https://daltonstours.com/wp-content/qqb2b076/index.php?id=408460" "Mozilla/5.0 (Windows NT 10.0; Win64; x64) AppleWebKit/537.36 (KHTML, like Gecko) Chrome/58.0.3029.110 Safari/537.3"
204.12.208.18 - - [19/Nov/2025:07:43:17 -0500] "GET /wp-content/qqb2b076/index.php HTTP/1.1" 200 26 "http://daltonstours.com/wp-content/qqb2b076/index.php" "Mozilla/5.0 (compatible; MSIE 9.0; Windows NT 6.1; WOW64; Trident/5.0)"
74.91.19.178 - - [19/Nov/2025:07:45:25 -0500] "GET /wp-content/qqb2b076/index.php?id=408460 HTTP/1.1" 200 0 "https://daltonstours.com/wp-content/qqb2b076/index.php?id=408460" "Mozilla/5.0 (Windows NT 10.0; Win64; x64) AppleWebKit/537.36 (KHTML, like Gecko) Chrome/58.0.3029.110 Safari/537.3"
74.7.227.200 - - [19/Nov/2025:07:47:05 -0500] "GET /?products=839456 HTTP/1.1" 500 1399 "-" "Mozilla/5.0 AppleWebKit/537.36 (KHTML, like Gecko; compatible; GPTBot/1.3; +https://openai.com/gptbot)"
74.7.227.200 - - [19/Nov/2025:07:48:06 -0500] "GET /?products=906478 HTTP/1.1" 500 1399 "-" "Mozilla/5.0 AppleWebKit/537.36 (KHTML, like Gecko; compatible; GPTBot/1.3; +https://openai.com/gptbot)"
85.208.96.207 - - [19/Nov/2025:07:48:51 -0500] "GET /product-category/cruise-excursions/ HTTP/1.1" 500 621 "-" "Mozilla/5.0 (compatible; SemrushBot/7~bl; +http://www.semrush.com/bot.html)"
74.91.19.178 - - [19/Nov/2025:07:50:12 -0500] "GET /wp-content/qqb2b076/index.php?id=408460 HTTP/1.1" 200 0 "https://daltonstours.com/wp-content/qqb2b076/index.php?id=408460" "Mozilla/5.0 (Windows NT 10.0; Win64; x64) AppleWebKit/537.36 (KHTML, like Gecko) Chrome/58.0.3029.110 Safari/537.3"
74.7.227.200 - - [19/Nov/2025:07:54:26 -0500] "GET /?products=605218 HTTP/1.1" 500 1399 "-" "Mozilla/5.0 AppleWebKit/537.36 (KHTML, like Gecko; compatible; GPTBot/1.3; +https://openai.com/gptbot)"
74.91.19.178 - - [19/Nov/2025:07:54:47 -0500] "GET /wp-content/qqb2b076/index.php?id=408460 HTTP/1.1" 200 0 "https://daltonstours.com/wp-content/qqb2b076/index.php?id=408460" "Mozilla/5.0 (Windows NT 10.0; Win64; x64) AppleWebKit/537.36 (KHTML, like Gecko) Chrome/58.0.3029.110 Safari/537.3"
74.7.227.200 - - [19/Nov/2025:07:55:29 -0500] "GET /?products=396154 HTTP/1.1" 500 1399 "-" "Mozilla/5.0 AppleWebKit/537.36 (KHTML, like Gecko; compatible; GPTBot/1.3; +https://openai.com/gptbot)"
167.71.180.70 - - [19/Nov/2025:07:55:59 -0500] "GET / HTTP/1.1" 500 1574 "-" "Mozilla/5.0 (Linux; Android 10; moto e(7) plus) AppleWebKit/537.36 (KHTML, like Gecko) Chrome/101.0.4951.41 Mobile Safari/537.36"
114.119.140.79 - - [19/Nov/2025:07:56:07 -0500] "GET /without101?kg=40699 HTTP/1.1" 500 1574 "https://daltonstours.com/?sitemap636.xml" "Mozilla/5.0 (Linux; Android 7.0;) AppleWebKit/537.36 (KHTML, like Gecko) Mobile Safari/537.36 (compatible; PetalBot;+https://webmaster.petalsearch.com/site/petalbot)"
74.91.19.178 - - [19/Nov/2025:07:56:22 -0500] "GET /wp-content/qqb2b076/index.php?id=408460 HTTP/1.1" 200 0 "https://daltonstours.com/wp-content/qqb2b076/index.php?id=408460" "Mozilla/5.0 (Windows NT 10.0; Win64; x64) AppleWebKit/537.36 (KHTML, like Gecko) Chrome/58.0.3029.110 Safari/537.3"
74.7.227.200 - - [19/Nov/2025:07:56:33 -0500] "GET /?products=516230 HTTP/1.1" 500 1399 "-" "Mozilla/5.0 AppleWebKit/537.36 (KHTML, like Gecko; compatible; GPTBot/1.3; +https://openai.com/gptbot)"
85.208.96.198 - - [19/Nov/2025:07:57:26 -0500] "GET /product-category/airport-transfer-mbj/airport-transfer-to-negril-airport-transfer-mbj/ HTTP/1.1" 500 621 "-" "Mozilla/5.0 (compatible; SemrushBot/7~bl; +http://www.semrush.com/bot.html)"
74.7.227.200 - - [19/Nov/2025:07:57:38 -0500] "GET /?products=763894 HTTP/1.1" 500 1399 "-" "Mozilla/5.0 AppleWebKit/537.36 (KHTML, like Gecko; compatible; GPTBot/1.3; +https://openai.com/gptbot)"
74.91.19.178 - - [19/Nov/2025:07:57:51 -0500] "GET /wp-content/qqb2b076/index.php?id=408460 HTTP/1.1" 200 0 "https://daltonstours.com/wp-content/qqb2b076/index.php?id=408460" "Mozilla/5.0 (Windows NT 10.0; Win64; x64) AppleWebKit/537.36 (KHTML, like Gecko) Chrome/58.0.3029.110 Safari/537.3"
74.91.19.178 - - [19/Nov/2025:07:59:25 -0500] "GET /wp-content/qqb2b076/index.php?id=408460 HTTP/1.1" 200 0 "https://daltonstours.com/wp-content/qqb2b076/index.php?id=408460" "Mozilla/5.0 (Windows NT 10.0; Win64; x64) AppleWebKit/537.36 (KHTML, like Gecko) Chrome/58.0.3029.110 Safari/537.3"
74.7.227.200 - - [19/Nov/2025:07:59:41 -0500] "GET /?products=462108 HTTP/1.1" 500 1399 "-" "Mozilla/5.0 AppleWebKit/537.36 (KHTML, like Gecko; compatible; GPTBot/1.3; +https://openai.com/gptbot)"
74.7.227.200 - - [19/Nov/2025:08:00:43 -0500] "GET /?products=385972 HTTP/1.1" 500 1399 "-" "Mozilla/5.0 AppleWebKit/537.36 (KHTML, like Gecko; compatible; GPTBot/1.3; +https://openai.com/gptbot)"
43.130.67.33 - - [19/Nov/2025:08:01:28 -0500] "GET / HTTP/1.1" 500 1574 "http://daltonstours.com" "Mozilla/5.0 (iPhone; CPU iPhone OS 13_2_3 like Mac OS X) AppleWebKit/605.1.15 (KHTML, like Gecko) Version/13.0.3 Mobile/15E148 Safari/604.1"
204.12.208.18 - - [19/Nov/2025:08:01:38 -0500] "GET /wp-content/qqb2b076/index.php HTTP/1.1" 200 26 "http://daltonstours.com/wp-content/qqb2b076/index.php" "Mozilla/5.0 (Macintosh; Intel Mac OS X 10_8) AppleWebKit/536.25 (KHTML, like Gecko) Version/6.0 Safari/536.25"
85.208.96.207 - - [19/Nov/2025:07:53:16 -0500] "GET /product-tag/ys-falls-location/ HTTP/1.1" 500 621 "-" "Mozilla/5.0 (compatible; SemrushBot/7~bl; +http://www.semrush.com/bot.html)"
74.91.19.178 - - [19/Nov/2025:07:53:18 -0500] "GET /wp-content/qqb2b076/index.php?id=408460 HTTP/1.1" 200 0 "https://daltonstours.com/wp-content/qqb2b076/index.php?id=408460" "Mozilla/5.0 (Windows NT 10.0; Win64; x64) AppleWebKit/537.36 (KHTML, like Gecko) Chrome/58.0.3029.110 Safari/537.3"
74.7.227.200 - - [19/Nov/2025:07:53:21 -0500] "GET /?products=632014 HTTP/1.1" 500 1399 "-" "Mozilla/5.0 AppleWebKit/537.36 (KHTML, like Gecko; compatible; GPTBot/1.3; +https://openai.com/gptbot)"
85.208.96.209 - - [19/Nov/2025:07:57:25 -0500] "GET /robots.txt HTTP/1.1" 200 132 "-" "Mozilla/5.0 (compatible; SemrushBot/7~bl; +http://www.semrush.com/bot.html)"
74.7.227.200 - - [19/Nov/2025:07:58:39 -0500] "GET /?products=957460 HTTP/1.1" 500 1399 "-" "Mozilla/5.0 AppleWebKit/537.36 (KHTML, like Gecko; compatible; GPTBot/1.3; +https://openai.com/gptbot)"
74.91.19.178 - - [19/Nov/2025:08:00:57 -0500] "GET /wp-content/qqb2b076/index.php?id=408460 HTTP/1.1" 200 0 "https://daltonstours.com/wp-content/qqb2b076/index.php?id=408460" "Mozilla/5.0 (Windows NT 10.0; Win64; x64) AppleWebKit/537.36 (KHTML, like Gecko) Chrome/58.0.3029.110 Safari/537.3"
5.35.38.15 - - [19/Nov/2025:08:02:02 -0500] "GET /wp-login.php HTTP/1.1" 500 1399 "https://daltonstours.com/wp-login.php" "Mozilla/5.0 (Windows NT 6.3; Win64; x64) AppleWebKit/537.36 (KHTML, like Gecko) Chrome/103.0.0.0 Safari/537.36"
74.7.227.200 - - [19/Nov/2025:08:02:48 -0500] "GET /?products=614328 HTTP/1.1" 500 1399 "-" "Mozilla/5.0 AppleWebKit/537.36 (KHTML, like Gecko; compatible; GPTBot/1.3; +https://openai.com/gptbot)"
74.7.227.200 - - [19/Nov/2025:08:03:50 -0500] "GET /?products=638490 HTTP/1.1" 500 1399 "-" "Mozilla/5.0 AppleWebKit/537.36 (KHTML, like Gecko; compatible; GPTBot/1.3; +https://openai.com/gptbot)"
74.91.19.178 - - [19/Nov/2025:08:04:14 -0500] "GET /wp-content/qqb2b076/index.php?id=408460 HTTP/1.1" 200 0 "https://daltonstours.com/wp-content/qqb2b076/index.php?id=408460" "Mozilla/5.0 (Windows NT 10.0; Win64; x64) AppleWebKit/537.36 (KHTML, like Gecko) Chrome/58.0.3029.110 Safari/537.3"
185.191.171.15 - - [19/Nov/2025:08:04:17 -0500] "GET /?attachment_id=313 HTTP/1.1" 500 621 "-" "Mozilla/5.0 (compatible; SemrushBot/7~bl; +http://www.semrush.com/bot.html)"
74.7.227.200 - - [19/Nov/2025:08:04:53 -0500] "GET /?products=947238 HTTP/1.1" 500 1399 "-" "Mozilla/5.0 AppleWebKit/537.36 (KHTML, like Gecko; compatible; GPTBot/1.3; +https://openai.com/gptbot)"
74.7.227.200 - - [19/Nov/2025:08:05:54 -0500] "GET /?products=406312 HTTP/1.1" 500 1399 "-" "Mozilla/5.0 AppleWebKit/537.36 (KHTML, like Gecko; compatible; GPTBot/1.3; +https://openai.com/gptbot)"
74.7.227.200 - - [19/Nov/2025:08:08:00 -0500] "GET /?products=857206 HTTP/1.1" 500 1399 "-" "Mozilla/5.0 AppleWebKit/537.36 (KHTML, like Gecko; compatible; GPTBot/1.3; +https://openai.com/gptbot)"
74.7.227.200 - - [19/Nov/2025:08:01:45 -0500] "GET /?products=956348 HTTP/1.1" 500 1399 "-" "Mozilla/5.0 AppleWebKit/537.36 (KHTML, like Gecko; compatible; GPTBot/1.3; +https://openai.com/gptbot)"
5.35.38.15 - - [19/Nov/2025:08:02:00 -0500] "GET /wp-login.php HTTP/1.1" 500 1399 "https://daltonstours.com/" "Mozilla/5.0 (Linux x86_64; rv:114.0) Gecko/20100101 Firefox/114.0"
74.91.19.178 - - [19/Nov/2025:08:02:30 -0500] "GET /wp-content/qqb2b076/index.php?id=408460 HTTP/1.1" 200 0 "https://daltonstours.com/wp-content/qqb2b076/index.php?id=408460" "Mozilla/5.0 (Windows NT 10.0; Win64; x64) AppleWebKit/537.36 (KHTML, like Gecko) Chrome/58.0.3029.110 Safari/537.3"
74.7.227.200 - - [19/Nov/2025:08:06:57 -0500] "GET /?products=956842 HTTP/1.1" 500 1399 "-" "Mozilla/5.0 AppleWebKit/537.36 (KHTML, like Gecko; compatible; GPTBot/1.3; +https://openai.com/gptbot)"
74.7.227.200 - - [19/Nov/2025:08:09:04 -0500] "GET /?products=391850 HTTP/1.1" 500 1399 "-" "Mozilla/5.0 AppleWebKit/537.36 (KHTML, like Gecko; compatible; GPTBot/1.3; +https://openai.com/gptbot)"
51.161.65.128 - - [19/Nov/2025:08:09:32 -0500] "GET /?sitemap636.xml HTTP/1.1" 200 17 "-" "Mozilla/5.0 (compatible; AhrefsBot/7.0; +http://ahrefs.com/robot/)"
74.7.227.200 - - [19/Nov/2025:08:10:06 -0500] "GET /?products=695314 HTTP/1.1" 500 1399 "-" "Mozilla/5.0 AppleWebKit/537.36 (KHTML, like Gecko; compatible; GPTBot/1.3; +https://openai.com/gptbot)"
41.75.66.177 - - [19/Nov/2025:08:14:42 -0500] "GET /63923594 HTTP/1.1" 500 1574 "-" "Mozilla/5.0 (Macintosh; Intel Mac OS X 10_14_6) AppleWebKit/537.36 (KHTML, like Gecko) Chrome/100.0.4896.75 Safari/537.36"
74.7.227.200 - - [19/Nov/2025:08:18:38 -0500] "GET /?products=491602 HTTP/1.1" 500 1399 "-" "Mozilla/5.0 AppleWebKit/537.36 (KHTML, like Gecko; compatible; GPTBot/1.3; +https://openai.com/gptbot)"
185.191.171.19 - - [19/Nov/2025:08:19:33 -0500] "GET /product-tag/transportation-to-grand-palladium/ HTTP/1.1" 500 621 "-" "Mozilla/5.0 (compatible; SemrushBot/7~bl; +http://www.semrush.com/bot.html)"
66.249.74.37 - - [19/Nov/2025:08:20:07 -0500] "GET /recruit10?kg=12 HTTP/1.1" 200 18645 "-" "Mozilla/5.0 (Linux; Android 6.0.1; Nexus 5X Build/MMB29P) AppleWebKit/537.36 (KHTML, like Gecko) Chrome/141.0.7390.122 Mobile Safari/537.36 (compatible; Googlebot/2.1; +http://www.google.com/bot.html)"
14.191.162.84 - - [19/Nov/2025:08:20:22 -0500] "GET /?products=29756076 HTTP/1.1" 500 1574 "-" "Mozilla/5.0 (Macintosh; Intel Mac OS X 11_2_3) AppleWebKit/537.36 (KHTML, like Gecko) Chrome/87.0.4280.67 Safari/537.36"
185.191.171.9 - - [19/Nov/2025:08:20:31 -0500] "GET /product-tag/st-elizabeth-jamaica/ HTTP/1.1" 500 621 "-" "Mozilla/5.0 (compatible; SemrushBot/7~bl; +http://www.semrush.com/bot.html)"
74.7.227.200 - - [19/Nov/2025:08:21:48 -0500] "GET /?products=485692 HTTP/1.1" 500 1399 "-" "Mozilla/5.0 AppleWebKit/537.36 (KHTML, like Gecko; compatible; GPTBot/1.3; +https://openai.com/gptbot)"
74.7.227.200 - - [19/Nov/2025:08:23:53 -0500] "GET /?products=832510 HTTP/1.1" 500 1399 "-" "Mozilla/5.0 AppleWebKit/537.36 (KHTML, like Gecko; compatible; GPTBot/1.3; +https://openai.com/gptbot)"
74.91.19.178 - - [19/Nov/2025:08:24:13 -0500] "GET /wp-content/qqb2b076/index.php?id=408460 HTTP/1.1" 200 0 "https://daltonstours.com/wp-content/qqb2b076/index.php?id=408460" "Mozilla/5.0 (Windows NT 10.0; Win64; x64) AppleWebKit/537.36 (KHTML, like Gecko) Chrome/58.0.3029.110 Safari/537.3"
74.7.227.200 - - [19/Nov/2025:08:24:57 -0500] "GET /?products=659328 HTTP/1.1" 500 1399 "-" "Mozilla/5.0 AppleWebKit/537.36 (KHTML, like Gecko; compatible; GPTBot/1.3; +https://openai.com/gptbot)"
74.91.19.178 - - [19/Nov/2025:08:25:45 -0500] "GET /wp-content/qqb2b076/index.php?id=408460 HTTP/1.1" 200 0 "https://daltonstours.com/wp-content/qqb2b076/index.php?id=408460" "Mozilla/5.0 (Windows NT 10.0; Win64; x64) AppleWebKit/537.36 (KHTML, like Gecko) Chrome/58.0.3029.110 Safari/537.3"
74.7.227.200 - - [19/Nov/2025:08:25:57 -0500] "GET /?products=605784 HTTP/1.1" 500 1399 "-" "Mozilla/5.0 AppleWebKit/537.36 (KHTML, like Gecko; compatible; GPTBot/1.3; +https://openai.com/gptbot)"
74.7.227.200 - - [19/Nov/2025:08:26:57 -0500] "GET /?products=750468 HTTP/1.1" 500 1399 "-" "Mozilla/5.0 AppleWebKit/537.36 (KHTML, like Gecko; compatible; GPTBot/1.3; +https://openai.com/gptbot)"
66.249.74.37 - - [19/Nov/2025:08:27:10 -0500] "GET /?products=1241222882 HTTP/1.1" 200 18771 "-" "Mozilla/5.0 (Linux; Android 6.0.1; Nexus 5X Build/MMB29P) AppleWebKit/537.36 (KHTML, like Gecko) Chrome/141.0.7390.122 Mobile Safari/537.36 (compatible; Googlebot/2.1; +http://www.google.com/bot.html)"
66.249.74.36 - - [19/Nov/2025:08:27:12 -0500] "GET /?pid=26705013869&channel=shit-limb-chase&cate_id=4291&page=https://daltonstours.com/brand.xhtml?label96?kg=48500 HTTP/1.1" 403 1242 "-" "Mozilla/5.0 (Linux; Android 6.0.1; Nexus 5X Build/MMB29P) AppleWebKit/537.36 (KHTML, like Gecko) Chrome/141.0.7390.122 Mobile Safari/537.36 (compatible; Googlebot/2.1; +http://www.google.com/bot.html)"
74.7.227.200 - - [19/Nov/2025:08:28:02 -0500] "GET /?products=743526 HTTP/1.1" 500 1399 "-" "Mozilla/5.0 AppleWebKit/537.36 (KHTML, like Gecko; compatible; GPTBot/1.3; +https://openai.com/gptbot)"
213.206.61.102 - - [19/Nov/2025:08:14:33 -0500] "GET /category/uncategorized/page/3/ HTTP/1.1" 500 1574 "-" "Mozilla/5.0 (Macintosh; Intel Mac OS X 10_9_5) AppleWebKit/537.36 (KHTML, like Gecko) Chrome/66.0.3359.181 Safari/537.36"
47.128.122.114 - - [19/Nov/2025:08:15:49 -0500] "GET /robots.txt HTTP/1.1" 200 132 "-" "Go-http-client/2.0"
47.128.96.157 - - [19/Nov/2025:08:15:54 -0500] "GET /product/jamaica-river-tubing-safari-adventure/ HTTP/1.1" 500 1399 "-" "Mozilla/5.0 (Linux; Android 5.0) AppleWebKit/537.36 (KHTML, like Gecko) Mobile Safari/537.36 (compatible; TikTokSpider; ttspider-feedback@tiktok.com)"
74.7.227.200 - - [19/Nov/2025:08:17:33 -0500] "GET /?products=503928 HTTP/1.1" 500 1399 "-" "Mozilla/5.0 AppleWebKit/537.36 (KHTML, like Gecko; compatible; GPTBot/1.3; +https://openai.com/gptbot)"
114.119.145.88 - - [19/Nov/2025:08:18:28 -0500] "GET /within5?kg=22883 HTTP/1.1" 500 1574 "https://daltonstours.com/?sitemap260.xml" "Mozilla/5.0 (Linux; Android 7.0;) AppleWebKit/537.36 (KHTML, like Gecko) Mobile Safari/537.36 (compatible; PetalBot;+https://webmaster.petalsearch.com/site/petalbot)"
113.171.174.244 - - [19/Nov/2025:08:19:13 -0500] "GET /shop/customer/bookmark_guest.aspx HTTP/1.1" 500 1574 "-" "Mozilla/5.0 (Windows NT 6.3; Win64; x64) AppleWebKit/537.36 (KHTML, like Gecko) Chrome/91.0.4472.114 Safari/537.36"
74.7.227.200 - - [19/Nov/2025:08:19:41 -0500] "GET /?products=690432 HTTP/1.1" 500 1399 "-" "Mozilla/5.0 AppleWebKit/537.36 (KHTML, like Gecko; compatible; GPTBot/1.3; +https://openai.com/gptbot)"
204.12.208.18 - - [19/Nov/2025:08:19:46 -0500] "GET /wp-content/qqb2b076/index.php HTTP/1.1" 200 0 "http://daltonstours.com/wp-content/qqb2b076/index.php" "Mozilla/5.0 (Macintosh; U; PPC Mac OS X; ja-jp) AppleWebKit/523.12 (KHTML, like Gecko) Version/3.0.4 Safari/523.12"
204.12.208.18 - - [19/Nov/2025:08:20:06 -0500] "GET /wp-content/qqb2b076/index.php HTTP/1.1" 200 26 "http://daltonstours.com/wp-content/qqb2b076/index.php" "Mozilla/4.0 (compatible; MSIE 7.0; Windows NT 5.1; SV1; .NET CLR 1.1.4322)"
74.7.227.200 - - [19/Nov/2025:08:20:42 -0500] "GET /?products=570918 HTTP/1.1" 500 1399 "-" "Mozilla/5.0 AppleWebKit/537.36 (KHTML, like Gecko; compatible; GPTBot/1.3; +https://openai.com/gptbot)"
210.203.253.109 - - [19/Nov/2025:08:21:14 -0500] "GET /?products=1007549610 HTTP/1.1" 500 5110 "-" "Mozilla/5.0 (Windows NT 10.0; Win64; x64) AppleWebKit/537.36 (KHTML, like Gecko) Chrome/134.0.0.0 Safari/537.36"
74.91.19.178 - - [19/Nov/2025:08:21:14 -0500] "GET /wp-content/qqb2b076/index.php?id=408460 HTTP/1.1" 200 0 "https://daltonstours.com/wp-content/qqb2b076/index.php?id=408460" "Mozilla/5.0 (Windows NT 10.0; Win64; x64) AppleWebKit/537.36 (KHTML, like Gecko) Chrome/58.0.3029.110 Safari/537.3"
185.191.171.16 - - [19/Nov/2025:08:21:52 -0500] "GET /product-tag/jamaica-eco-tours/ HTTP/1.1" 500 621 "-" "Mozilla/5.0 (compatible; SemrushBot/7~bl; +http://www.semrush.com/bot.html)"
74.91.19.178 - - [19/Nov/2025:08:22:44 -0500] "GET /wp-content/qqb2b076/index.php?id=408460 HTTP/1.1" 200 0 "https://daltonstours.com/wp-content/qqb2b076/index.php?id=408460" "Mozilla/5.0 (Windows NT 10.0; Win64; x64) AppleWebKit/537.36 (KHTML, like Gecko) Chrome/58.0.3029.110 Safari/537.3"
74.7.227.200 - - [19/Nov/2025:08:22:52 -0500] "GET /?products=579462 HTTP/1.1" 500 1399 "-" "Mozilla/5.0 AppleWebKit/537.36 (KHTML, like Gecko; compatible; GPTBot/1.3; +https://openai.com/gptbot)"
74.91.19.178 - - [19/Nov/2025:08:27:16 -0500] "GET /wp-content/qqb2b076/index.php?id=408460 HTTP/1.1" 200 0 "https://daltonstours.com/wp-content/qqb2b076/index.php?id=408460" "Mozilla/5.0 (Windows NT 10.0; Win64; x64) AppleWebKit/537.36 (KHTML, like Gecko) Chrome/58.0.3029.110 Safari/537.3"
185.191.171.9 - - [19/Nov/2025:08:29:46 -0500] "GET /product/jamaica-river-tubing-safari-adventure/ HTTP/1.1" 500 621 "-" "Mozilla/5.0 (compatible; SemrushBot/7~bl; +http://www.semrush.com/bot.html)"
74.7.227.200 - - [19/Nov/2025:08:30:08 -0500] "GET /?products=935478 HTTP/1.1" 500 1399 "-" "Mozilla/5.0 AppleWebKit/537.36 (KHTML, like Gecko; compatible; GPTBot/1.3; +https://openai.com/gptbot)"
74.91.19.178 - - [19/Nov/2025:08:30:19 -0500] "GET /wp-content/qqb2b076/index.php?id=408460 HTTP/1.1" 200 0 "https://daltonstours.com/wp-content/qqb2b076/index.php?id=408460" "Mozilla/5.0 (Windows NT 10.0; Win64; x64) AppleWebKit/537.36 (KHTML, like Gecko) Chrome/58.0.3029.110 Safari/537.3"
66.249.65.165 - - [19/Nov/2025:08:30:44 -0500] "GET /robots.txt HTTP/1.1" 200 108 "-" "Mozilla/5.0 (compatible; Googlebot/2.1; +http://www.google.com/bot.html)"
74.91.19.178 - - [19/Nov/2025:08:31:51 -0500] "GET /wp-content/qqb2b076/index.php?id=408460 HTTP/1.1" 200 0 "https://daltonstours.com/wp-content/qqb2b076/index.php?id=408460" "Mozilla/5.0 (Windows NT 10.0; Win64; x64) AppleWebKit/537.36 (KHTML, like Gecko) Chrome/58.0.3029.110 Safari/537.3"
74.7.227.200 - - [19/Nov/2025:08:32:12 -0500] "GET /?products=945082 HTTP/1.1" 500 1399 "-" "Mozilla/5.0 AppleWebKit/537.36 (KHTML, like Gecko; compatible; GPTBot/1.3; +https://openai.com/gptbot)"
74.7.227.200 - - [19/Nov/2025:08:33:16 -0500] "GET /?products=693142 HTTP/1.1" 500 1399 "-" "Mozilla/5.0 AppleWebKit/537.36 (KHTML, like Gecko; compatible; GPTBot/1.3; +https://openai.com/gptbot)"
74.91.19.178 - - [19/Nov/2025:08:33:19 -0500] "GET /wp-content/qqb2b076/index.php?id=408460 HTTP/1.1" 200 0 "https://daltonstours.com/wp-content/qqb2b076/index.php?id=408460" "Mozilla/5.0 (Windows NT 10.0; Win64; x64) AppleWebKit/537.36 (KHTML, like Gecko) Chrome/58.0.3029.110 Safari/537.3"
74.7.227.200 - - [19/Nov/2025:08:36:29 -0500] "GET /?products=745120 HTTP/1.1" 500 1399 "-" "Mozilla/5.0 AppleWebKit/537.36 (KHTML, like Gecko; compatible; GPTBot/1.3; +https://openai.com/gptbot)"
204.12.208.18 - - [19/Nov/2025:08:38:03 -0500] "GET /wp-content/qqb2b076/index.php HTTP/1.1" 200 26 "http://daltonstours.com/wp-content/qqb2b076/index.php" "Mozilla/5.0 (compatible; MSIE 10.0; Windows NT 6.2; WOW64; Trident/6.0)"
74.91.19.178 - - [19/Nov/2025:08:38:06 -0500] "GET /wp-content/qqb2b076/index.php?id=408460 HTTP/1.1" 200 10 "https://daltonstours.com/wp-content/qqb2b076/index.php?id=408460" "Mozilla/5.0 (Windows NT 10.0; Win64; x64) AppleWebKit/537.36 (KHTML, like Gecko) Chrome/58.0.3029.110 Safari/537.3"
74.91.19.178 - - [19/Nov/2025:08:39:16 -0500] "GET /wp-content/qqb2b076/index.php?id=408460 HTTP/1.1" 200 0 "https://daltonstours.com/wp-content/qqb2b076/index.php?id=408460" "Mozilla/5.0 (Windows NT 10.0; Win64; x64) AppleWebKit/537.36 (KHTML, like Gecko) Chrome/58.0.3029.110 Safari/537.3"
114.119.145.88 - - [19/Nov/2025:08:40:44 -0500] "GET /within43?kg=31461 HTTP/1.1" 500 1574 "https://daltonstours.com/?sitemap260.xml" "Mozilla/5.0 (Linux; Android 7.0;) AppleWebKit/537.36 (KHTML, like Gecko) Mobile Safari/537.36 (compatible; PetalBot;+https://webmaster.petalsearch.com/site/petalbot)"
74.7.227.200 - - [19/Nov/2025:08:41:43 -0500] "GET /?products=547816 HTTP/1.1" 500 1399 "-" "Mozilla/5.0 AppleWebKit/537.36 (KHTML, like Gecko; compatible; GPTBot/1.3; +https://openai.com/gptbot)"
74.91.19.178 - - [19/Nov/2025:08:42:17 -0500] "GET /wp-content/qqb2b076/index.php?id=408460 HTTP/1.1" 200 0 "https://daltonstours.com/wp-content/qqb2b076/index.php?id=408460" "Mozilla/5.0 (Windows NT 10.0; Win64; x64) AppleWebKit/537.36 (KHTML, like Gecko) Chrome/58.0.3029.110 Safari/537.3"
74.7.227.200 - - [19/Nov/2025:08:42:44 -0500] "GET /?products=521036 HTTP/1.1" 500 1399 "-" "Mozilla/5.0 AppleWebKit/537.36 (KHTML, like Gecko; compatible; GPTBot/1.3; +https://openai.com/gptbot)"
74.91.19.178 - - [19/Nov/2025:08:43:45 -0500] "GET /wp-content/qqb2b076/index.php?id=408460 HTTP/1.1" 200 0 "https://daltonstours.com/wp-content/qqb2b076/index.php?id=408460" "Mozilla/5.0 (Windows NT 10.0; Win64; x64) AppleWebKit/537.36 (KHTML, like Gecko) Chrome/58.0.3029.110 Safari/537.3"
74.7.227.200 - - [19/Nov/2025:08:43:49 -0500] "GET /?products=893610 HTTP/1.1" 500 1399 "-" "Mozilla/5.0 AppleWebKit/537.36 (KHTML, like Gecko; compatible; GPTBot/1.3; +https://openai.com/gptbot)"
74.91.19.178 - - [19/Nov/2025:08:28:49 -0500] "GET /wp-content/qqb2b076/index.php?id=408460 HTTP/1.1" 200 0 "https://daltonstours.com/wp-content/qqb2b076/index.php?id=408460" "Mozilla/5.0 (Windows NT 10.0; Win64; x64) AppleWebKit/537.36 (KHTML, like Gecko) Chrome/58.0.3029.110 Safari/537.3"
74.7.227.200 - - [19/Nov/2025:08:29:05 -0500] "GET /?products=753214 HTTP/1.1" 500 1399 "-" "Mozilla/5.0 AppleWebKit/537.36 (KHTML, like Gecko; compatible; GPTBot/1.3; +https://openai.com/gptbot)"
74.7.227.200 - - [19/Nov/2025:08:31:12 -0500] "GET /?products=937582 HTTP/1.1" 500 1399 "-" "Mozilla/5.0 AppleWebKit/537.36 (KHTML, like Gecko; compatible; GPTBot/1.3; +https://openai.com/gptbot)"
74.7.227.200 - - [19/Nov/2025:08:34:20 -0500] "GET /?products=639024 HTTP/1.1" 500 1399 "-" "Mozilla/5.0 AppleWebKit/537.36 (KHTML, like Gecko; compatible; GPTBot/1.3; +https://openai.com/gptbot)"
74.91.19.178 - - [19/Nov/2025:08:34:47 -0500] "GET /wp-content/qqb2b076/index.php?id=408460 HTTP/1.1" 200 0 "https://daltonstours.com/wp-content/qqb2b076/index.php?id=408460" "Mozilla/5.0 (Windows NT 10.0; Win64; x64) AppleWebKit/537.36 (KHTML, like Gecko) Chrome/58.0.3029.110 Safari/537.3"
74.7.227.200 - - [19/Nov/2025:08:35:25 -0500] "GET /?products=539814 HTTP/1.1" 500 1399 "-" "Mozilla/5.0 AppleWebKit/537.36 (KHTML, like Gecko; compatible; GPTBot/1.3; +https://openai.com/gptbot)"
74.91.19.178 - - [19/Nov/2025:08:36:17 -0500] "GET /wp-content/qqb2b076/index.php?id=408460 HTTP/1.1" 200 0 "https://daltonstours.com/wp-content/qqb2b076/index.php?id=408460" "Mozilla/5.0 (Windows NT 10.0; Win64; x64) AppleWebKit/537.36 (KHTML, like Gecko) Chrome/58.0.3029.110 Safari/537.3"
47.128.122.135 - - [19/Nov/2025:08:36:54 -0500] "GET /product/bobsledding-tour-mystic-mountain/ HTTP/1.1" 500 1399 "-" "Mozilla/5.0 (Linux; Android 5.0) AppleWebKit/537.36 (KHTML, like Gecko) Mobile Safari/537.36 (compatible; TikTokSpider; ttspider-feedback@tiktok.com)"
74.7.227.200 - - [19/Nov/2025:08:37:32 -0500] "GET /?products=514628 HTTP/1.1" 500 1399 "-" "Mozilla/5.0 AppleWebKit/537.36 (KHTML, like Gecko; compatible; GPTBot/1.3; +https://openai.com/gptbot)"
204.12.208.18 - - [19/Nov/2025:08:37:43 -0500] "GET /wp-content/qqb2b076/index.php HTTP/1.1" 200 0 "http://daltonstours.com/wp-content/qqb2b076/index.php" "Mozilla/4.0 (compatible; MSIE 7.0; Windows NT 5.1; SV1; .NET CLR 1.1.4322)"
74.7.227.200 - - [19/Nov/2025:08:38:35 -0500] "GET /?products=615930 HTTP/1.1" 500 1399 "-" "Mozilla/5.0 AppleWebKit/537.36 (KHTML, like Gecko; compatible; GPTBot/1.3; +https://openai.com/gptbot)"
66.249.74.35 - - [19/Nov/2025:08:39:12 -0500] "GET /robots.txt HTTP/1.1" 200 108 "-" "Mozilla/5.0 (compatible; Googlebot/2.1; +http://www.google.com/bot.html)"
74.7.227.200 - - [19/Nov/2025:08:39:38 -0500] "GET /?products=835216 HTTP/1.1" 500 1399 "-" "Mozilla/5.0 AppleWebKit/537.36 (KHTML, like Gecko; compatible; GPTBot/1.3; +https://openai.com/gptbot)"
74.7.227.200 - - [19/Nov/2025:08:40:42 -0500] "GET /?products=965470 HTTP/1.1" 500 1399 "-" "Mozilla/5.0 AppleWebKit/537.36 (KHTML, like Gecko; compatible; GPTBot/1.3; +https://openai.com/gptbot)"
74.91.19.178 - - [19/Nov/2025:08:40:46 -0500] "GET /wp-content/qqb2b076/index.php?id=408460 HTTP/1.1" 200 0 "https://daltonstours.com/wp-content/qqb2b076/index.php?id=408460" "Mozilla/5.0 (Windows NT 10.0; Win64; x64) AppleWebKit/537.36 (KHTML, like Gecko) Chrome/58.0.3029.110 Safari/537.3"
74.7.227.200 - - [19/Nov/2025:08:44:54 -0500] "GET /?products=635210 HTTP/1.1" 500 1399 "-" "Mozilla/5.0 AppleWebKit/537.36 (KHTML, like Gecko; compatible; GPTBot/1.3; +https://openai.com/gptbot)"
74.7.227.200 - - [19/Nov/2025:08:45:58 -0500] "GET /?products=463710 HTTP/1.1" 500 1399 "-" "Mozilla/5.0 AppleWebKit/537.36 (KHTML, like Gecko; compatible; GPTBot/1.3; +https://openai.com/gptbot)"
74.91.19.178 - - [19/Nov/2025:08:46:47 -0500] "GET /wp-content/qqb2b076/index.php?id=408460 HTTP/1.1" 200 0 "https://daltonstours.com/wp-content/qqb2b076/index.php?id=408460" "Mozilla/5.0 (Windows NT 10.0; Win64; x64) AppleWebKit/537.36 (KHTML, like Gecko) Chrome/58.0.3029.110 Safari/537.3"
74.7.227.200 - - [19/Nov/2025:08:47:02 -0500] "GET /?products=835726 HTTP/1.1" 500 1399 "-" "Mozilla/5.0 AppleWebKit/537.36 (KHTML, like Gecko; compatible; GPTBot/1.3; +https://openai.com/gptbot)"
74.7.227.200 - - [19/Nov/2025:08:48:05 -0500] "GET /?products=730164 HTTP/1.1" 500 1399 "-" "Mozilla/5.0 AppleWebKit/537.36 (KHTML, like Gecko; compatible; GPTBot/1.3; +https://openai.com/gptbot)"
74.91.19.178 - - [19/Nov/2025:08:48:20 -0500] "GET /wp-content/qqb2b076/index.php?id=408460 HTTP/1.1" 200 0 "https://daltonstours.com/wp-content/qqb2b076/index.php?id=408460" "Mozilla/5.0 (Windows NT 10.0; Win64; x64) AppleWebKit/537.36 (KHTML, like Gecko) Chrome/58.0.3029.110 Safari/537.3"
74.91.19.178 - - [19/Nov/2025:08:51:24 -0500] "GET /wp-content/qqb2b076/index.php?id=408460 HTTP/1.1" 200 0 "https://daltonstours.com/wp-content/qqb2b076/index.php?id=408460" "Mozilla/5.0 (Windows NT 10.0; Win64; x64) AppleWebKit/537.36 (KHTML, like Gecko) Chrome/58.0.3029.110 Safari/537.3"
185.191.171.7 - - [19/Nov/2025:08:52:30 -0500] "GET /greengrotto-tour/ HTTP/1.1" 500 621 "-" "Mozilla/5.0 (compatible; SemrushBot/7~bl; +http://www.semrush.com/bot.html)"
74.91.19.178 - - [19/Nov/2025:08:52:56 -0500] "GET /wp-content/qqb2b076/index.php?id=408460 HTTP/1.1" 200 0 "https://daltonstours.com/wp-content/qqb2b076/index.php?id=408460" "Mozilla/5.0 (Windows NT 10.0; Win64; x64) AppleWebKit/537.36 (KHTML, like Gecko) Chrome/58.0.3029.110 Safari/537.3"
66.249.74.35 - - [19/Nov/2025:08:53:17 -0500] "GET /item/u39/760/ HTTP/1.1" 200 18951 "-" "Mozilla/5.0 (Linux; Android 6.0.1; Nexus 5X Build/MMB29P) AppleWebKit/537.36 (KHTML, like Gecko) Chrome/141.0.7390.122 Mobile Safari/537.36 (compatible; Googlebot/2.1; +http://www.google.com/bot.html)"
74.7.227.200 - - [19/Nov/2025:08:53:17 -0500] "GET /?products=785342 HTTP/1.1" 500 1399 "-" "Mozilla/5.0 AppleWebKit/537.36 (KHTML, like Gecko; compatible; GPTBot/1.3; +https://openai.com/gptbot)"
74.7.227.200 - - [19/Nov/2025:08:54:22 -0500] "GET /?products=623984 HTTP/1.1" 500 1399 "-" "Mozilla/5.0 AppleWebKit/537.36 (KHTML, like Gecko; compatible; GPTBot/1.3; +https://openai.com/gptbot)"
74.7.227.200 - - [19/Nov/2025:08:55:27 -0500] "GET /?products=524316 HTTP/1.1" 500 1399 "-" "Mozilla/5.0 AppleWebKit/537.36 (KHTML, like Gecko; compatible; GPTBot/1.3; +https://openai.com/gptbot)"
85.208.96.194 - - [19/Nov/2025:08:56:15 -0500] "GET /product-tag/appleton-estate-rum-tour/ HTTP/1.1" 500 621 "-" "Mozilla/5.0 (compatible; SemrushBot/7~bl; +http://www.semrush.com/bot.html)"
74.91.19.178 - - [19/Nov/2025:08:56:19 -0500] "GET /wp-content/qqb2b076/index.php?id=408460 HTTP/1.1" 200 0 "https://daltonstours.com/wp-content/qqb2b076/index.php?id=408460" "Mozilla/5.0 (Windows NT 10.0; Win64; x64) AppleWebKit/537.36 (KHTML, like Gecko) Chrome/58.0.3029.110 Safari/537.3"
74.7.227.200 - - [19/Nov/2025:08:57:35 -0500] "GET /?products=914532 HTTP/1.1" 500 1399 "-" "Mozilla/5.0 AppleWebKit/537.36 (KHTML, like Gecko; compatible; GPTBot/1.3; +https://openai.com/gptbot)"
74.91.19.178 - - [19/Nov/2025:08:57:47 -0500] "GET /wp-content/qqb2b076/index.php?id=408460 HTTP/1.1" 200 0 "https://daltonstours.com/wp-content/qqb2b076/index.php?id=408460" "Mozilla/5.0 (Windows NT 10.0; Win64; x64) AppleWebKit/537.36 (KHTML, like Gecko) Chrome/58.0.3029.110 Safari/537.3"
74.91.19.178 - - [19/Nov/2025:08:45:18 -0500] "GET /wp-content/qqb2b076/index.php?id=408460 HTTP/1.1" 200 0 "https://daltonstours.com/wp-content/qqb2b076/index.php?id=408460" "Mozilla/5.0 (Windows NT 10.0; Win64; x64) AppleWebKit/537.36 (KHTML, like Gecko) Chrome/58.0.3029.110 Safari/537.3"
74.7.227.200 - - [19/Nov/2025:08:49:06 -0500] "GET /?products=791260 HTTP/1.1" 500 1399 "-" "Mozilla/5.0 AppleWebKit/537.36 (KHTML, like Gecko; compatible; GPTBot/1.3; +https://openai.com/gptbot)"
74.91.19.178 - - [19/Nov/2025:08:49:50 -0500] "GET /wp-content/qqb2b076/index.php?id=408460 HTTP/1.1" 200 0 "https://daltonstours.com/wp-content/qqb2b076/index.php?id=408460" "Mozilla/5.0 (Windows NT 10.0; Win64; x64) AppleWebKit/537.36 (KHTML, like Gecko) Chrome/58.0.3029.110 Safari/537.3"
74.7.227.200 - - [19/Nov/2025:08:50:08 -0500] "GET /?products=623450 HTTP/1.1" 500 1399 "-" "Mozilla/5.0 AppleWebKit/537.36 (KHTML, like Gecko; compatible; GPTBot/1.3; +https://openai.com/gptbot)"
74.7.227.200 - - [19/Nov/2025:08:51:13 -0500] "GET /?products=657192 HTTP/1.1" 500 1399 "-" "Mozilla/5.0 AppleWebKit/537.36 (KHTML, like Gecko; compatible; GPTBot/1.3; +https://openai.com/gptbot)"
74.7.227.200 - - [19/Nov/2025:08:52:17 -0500] "GET /?products=918302 HTTP/1.1" 500 1399 "-" "Mozilla/5.0 AppleWebKit/537.36 (KHTML, like Gecko; compatible; GPTBot/1.3; +https://openai.com/gptbot)"
74.91.19.178 - - [19/Nov/2025:08:54:31 -0500] "GET /wp-content/qqb2b076/index.php?id=408460 HTTP/1.1" 200 0 "https://daltonstours.com/wp-content/qqb2b076/index.php?id=408460" "Mozilla/5.0 (Windows NT 10.0; Win64; x64) AppleWebKit/537.36 (KHTML, like Gecko) Chrome/58.0.3029.110 Safari/537.3"
204.12.208.18 - - [19/Nov/2025:08:54:59 -0500] "GET /wp-content/qqb2b076/index.php HTTP/1.1" 200 26 "http://daltonstours.com/wp-content/qqb2b076/index.php" "Mozilla/5.0 (Macintosh; Intel Mac OS X 10.7; rv:7.0.1) Gecko/20100101 Firefox/7.0.1"
74.7.227.200 - - [19/Nov/2025:08:56:30 -0500] "GET /?products=895746 HTTP/1.1" 500 1399 "-" "Mozilla/5.0 AppleWebKit/537.36 (KHTML, like Gecko; compatible; GPTBot/1.3; +https://openai.com/gptbot)"
74.7.227.200 - - [19/Nov/2025:08:58:37 -0500] "GET /?products=457302 HTTP/1.1" 500 1399 "-" "Mozilla/5.0 AppleWebKit/537.36 (KHTML, like Gecko; compatible; GPTBot/1.3; +https://openai.com/gptbot)"
74.91.19.178 - - [19/Nov/2025:08:59:19 -0500] "GET /wp-content/qqb2b076/index.php?id=408460 HTTP/1.1" 200 0 "https://daltonstours.com/wp-content/qqb2b076/index.php?id=408460" "Mozilla/5.0 (Windows NT 10.0; Win64; x64) AppleWebKit/537.36 (KHTML, like Gecko) Chrome/58.0.3029.110 Safari/537.3"
185.191.171.7 - - [19/Nov/2025:08:59:43 -0500] "GET /product/horseback-riding-on-beach/ HTTP/1.1" 500 621 "-" "Mozilla/5.0 (compatible; SemrushBot/7~bl; +http://www.semrush.com/bot.html)"
198.199.115.56 - - [19/Nov/2025:08:59:32 -0500] "GET /webmail HTTP/1.1" 301 0 "-" "Mozilla/5.0 (Macintosh; Intel Mac OS X 10_15_7) AppleWebKit/537.36 (KHTML, like Gecko) Chrome/142.0.0.0 Safari/537.36"
85.208.96.204 - - [19/Nov/2025:08:59:40 -0500] "GET /robots.txt HTTP/1.1" 200 132 "-" "Mozilla/5.0 (compatible; SemrushBot/7~bl; +http://www.semrush.com/bot.html)"
74.7.227.200 - - [19/Nov/2025:08:59:42 -0500] "GET /?products=926850 HTTP/1.1" 500 1399 "-" "Mozilla/5.0 AppleWebKit/537.36 (KHTML, like Gecko; compatible; GPTBot/1.3; +https://openai.com/gptbot)"
74.7.227.200 - - [19/Nov/2025:09:00:46 -0500] "GET /?products=897356 HTTP/1.1" 500 1399 "-" "Mozilla/5.0 AppleWebKit/537.36 (KHTML, like Gecko; compatible; GPTBot/1.3; +https://openai.com/gptbot)"
74.91.19.178 - - [19/Nov/2025:09:00:54 -0500] "GET /wp-content/qqb2b076/index.php?id=408460 HTTP/1.1" 200 0 "https://daltonstours.com/wp-content/qqb2b076/index.php?id=408460" "Mozilla/5.0 (Windows NT 10.0; Win64; x64) AppleWebKit/537.36 (KHTML, like Gecko) Chrome/58.0.3029.110 Safari/537.3"
74.7.227.200 - - [19/Nov/2025:09:01:47 -0500] "GET /?products=530158 HTTP/1.1" 500 1399 "-" "Mozilla/5.0 AppleWebKit/537.36 (KHTML, like Gecko; compatible; GPTBot/1.3; +https://openai.com/gptbot)"
85.208.96.206 - - [19/Nov/2025:09:02:43 -0500] "GET /product-tag/blue-hole/ HTTP/1.1" 500 621 "-" "Mozilla/5.0 (compatible; SemrushBot/7~bl; +http://www.semrush.com/bot.html)"
74.7.227.200 - - [19/Nov/2025:09:02:50 -0500] "GET /?products=719400 HTTP/1.1" 500 1399 "-" "Mozilla/5.0 AppleWebKit/537.36 (KHTML, like Gecko; compatible; GPTBot/1.3; +https://openai.com/gptbot)"
74.7.227.200 - - [19/Nov/2025:09:03:53 -0500] "GET /?products=686702 HTTP/1.1" 500 1399 "-" "Mozilla/5.0 AppleWebKit/537.36 (KHTML, like Gecko; compatible; GPTBot/1.3; +https://openai.com/gptbot)"
74.91.19.178 - - [19/Nov/2025:09:03:59 -0500] "GET /wp-content/qqb2b076/index.php?id=408460 HTTP/1.1" 200 0 "https://daltonstours.com/wp-content/qqb2b076/index.php?id=408460" "Mozilla/5.0 (Windows NT 10.0; Win64; x64) AppleWebKit/537.36 (KHTML, like Gecko) Chrome/58.0.3029.110 Safari/537.3"
74.7.227.200 - - [19/Nov/2025:09:04:54 -0500] "GET /?products=496408 HTTP/1.1" 500 1399 "-" "Mozilla/5.0 AppleWebKit/537.36 (KHTML, like Gecko; compatible; GPTBot/1.3; +https://openai.com/gptbot)"
74.7.227.200 - - [19/Nov/2025:09:05:58 -0500] "GET /?products=422376 HTTP/1.1" 500 1399 "-" "Mozilla/5.0 AppleWebKit/537.36 (KHTML, like Gecko; compatible; GPTBot/1.3; +https://openai.com/gptbot)"
74.91.19.178 - - [19/Nov/2025:09:07:01 -0500] "GET /wp-content/qqb2b076/index.php?id=408460 HTTP/1.1" 200 0 "https://daltonstours.com/wp-content/qqb2b076/index.php?id=408460" "Mozilla/5.0 (Windows NT 10.0; Win64; x64) AppleWebKit/537.36 (KHTML, like Gecko) Chrome/58.0.3029.110 Safari/537.3"
85.208.96.203 - - [19/Nov/2025:09:07:33 -0500] "GET /product-tag/airport-transfers-to-mangos/ HTTP/1.1" 500 621 "-" "Mozilla/5.0 (compatible; SemrushBot/7~bl; +http://www.semrush.com/bot.html)"
74.7.227.200 - - [19/Nov/2025:09:08:03 -0500] "GET /?products=521594 HTTP/1.1" 500 1399 "-" "Mozilla/5.0 AppleWebKit/537.36 (KHTML, like Gecko; compatible; GPTBot/1.3; +https://openai.com/gptbot)"
74.91.19.178 - - [19/Nov/2025:09:08:34 -0500] "GET /wp-content/qqb2b076/index.php?id=408460 HTTP/1.1" 200 0 "https://daltonstours.com/wp-content/qqb2b076/index.php?id=408460" "Mozilla/5.0 (Windows NT 10.0; Win64; x64) AppleWebKit/537.36 (KHTML, like Gecko) Chrome/58.0.3029.110 Safari/537.3"
212.34.141.203 - - [19/Nov/2025:09:08:49 -0500] "POST / HTTP/1.1" 500 1399 "-" "Mozilla/5.0 (Macintosh; Intel Mac OS X 10_15_7) AppleWebKit/605.1.15 (KHTML, like Gecko) Version/18.0 Safari/605.1.15"
212.34.141.203 - - [19/Nov/2025:09:08:50 -0500] "POST / HTTP/1.1" 500 1399 "-" "Mozilla/5.0 (Macintosh; Intel Mac OS X 10_15_7) AppleWebKit/537.36 (KHTML, like Gecko) Chrome/131.0.0.0 Safari/537.36"
134.199.159.23 - - [19/Nov/2025:09:09:33 -0500] "POST / HTTP/1.1" 500 1399 "-" "Mozilla/5.0 (Macintosh; Intel Mac OS X 10.15; rv:135.0) Gecko/20100101 Firefox/135.0"
74.7.227.200 - - [19/Nov/2025:09:11:12 -0500] "GET /?products=478172 HTTP/1.1" 500 1399 "-" "Mozilla/5.0 AppleWebKit/537.36 (KHTML, like Gecko; compatible; GPTBot/1.3; +https://openai.com/gptbot)"
